115
CXUS54 KLZK 011130
CF6LLQ
PRELIMINARY LOCAL CLIMATOLOGICAL DATA (WS FORM: F-6)
STATION: Monticello
MONTH: OCTOBER
YEAR: 2020
LATITUDE: 33 37 N
LONGITUDE: 91 45 W
TEMPERATURE IN F: :PCPN: SNOW: WIND :SUNSHINE: SKY :PK WND
================================================================================
1 2 3 4 5 6A 6B 7 8 9 10 11 12 13 14 15 16 17 18
12Z AVG MX 2MIN
DY MAX MIN AVG DEP HDD CDD WTR SNW DPTH SPD SPD DIR MIN PSBL S-S WX SPD DR
================================================================================
1 77 56 67 -2 0 2 0.00 0.0 0 4.3 8 340 M M 0 M M
2 72 49 61 -8 4 0 0.00 0.0 0 3.3 10 50 M M 0 15 50
3 73 47 60 -9 5 0 0.00 0.0 0 3.2 12 150 M M 1 16 130
4 75 52 64 -4 1 0 0.00 0.0 0 3.7 9 320 M M 1 14 20
5 72 48 60 -8 5 0 0.00 0.0 0 3.0 14 70 M M 0 18 60
6 79 45 62 -6 3 0 0.00 0.0 0 0.5 6 50 M M 0 8 310
7 84 50 67 0 0 2 0.00 0.0 0 0.1 6 70 M M 0 8 80
8 78 57 68 1 0 3 0.02 0.0 0 2.2 10 130 M M 4 14 120
9 71 67 69 3 0 4 0.64 0.0 0 6.5 20 60 M M 5 1 25 60
10 71 65 68 2 0 3 2.20 0.0 0 11.5 33 50 M M 10 1 47 60
11 80 67 74 8 0 9 0.00 0.0 0 4.5 7 99 M M 7 1 M M
12 83 54 69 3 0 4 0.00 0.0 0 5.9 16 240 M M 4 1 24 260
13 77 49 63 -2 2 0 0.00 0.0 0 2.1 10 70 M M 0 14 70
14 81 47 64 -1 1 0 0.00 0.0 0 3.6 12 200 M M 0 8 18 190
15 67 56 62 -3 3 0 0.16 0.0 0 6.0 15 40 M M 7 1 23 30
16 67 44 56 -8 9 0 0.00 M 0 5.1 14 50 M M 3 20 40
17 72 42 57 -7 8 0 0.00 0.0 0 5.5 17 150 M M 3 23 130
18 81 61 71 7 0 6 T 0.0 0 6.5 15 190 M M 6 21 200
19 83 68 76 13 0 11 0.00 0.0 0 6.5 15 190 M M 4 19 220
20 85 64 75 12 0 10 0.00 0.0 0 2.8 14 200 M M 2 18 17 180
21 86 62 74 11 0 9 0.00 0.0 0 1.7 9 150 M M 3 12 150
22 85 64 75 13 0 10 0.00 0.0 0 3.0 10 180 M M 1 16 180
23 80 53 67 5 0 2 0.84 0.0 0 5.5 15 20 M M 5 13 24 10
24 54 50 52 -10 13 0 0.00 0.0 0 5.2 12 50 M M 10 1 21 20
25 57 50 54 -8 11 0 0.00 0.0 0 2.0 8 40 M M 10 1 11 40
26 63 53 58 -3 7 0 0.00 0.0 0 7.0 13 50 M M 10 17 40
27 57 52 55 -6 10 0 0.00 0.0 0 6.2 15 50 M M 10 1 18 50
28 59 51 55 -6 10 0 1.88 0.0 0 7.4 14 290 M M 10 12 21 280
29 55 43 49 -11 16 0 0.01 M 0 9.7 23 260 M M 10 1 31 270
30 59 41 50 -10 15 0 0.00 0.0 M 4.3 15 60 M M 1 20 50
31 67 38 53 -7 12 0 0.00 0.0 0 1.8 7 190 M M 0 10 290
================================================================================
SM 2250 1645 135 75 5.75 0.0 140.6 M 127
================================================================================
AV 72.6 53.1 4.5 FASTST M M 4 MAX(MPH)
MISC ----> # 33 50 # 47 60
================================================================================
NOTES:
# LAST OF SEVERAL OCCURRENCES
COLUMN 17 PEAK WIND IN M.P.H.
PRELIMINARY LOCAL CLIMATOLOGICAL DATA (WS FORM: F-6) , PAGE 2
STATION: Monticello
MONTH: OCTOBER
YEAR: 2020
LATITUDE: 33 37 N
LONGITUDE: 91 45 W
[TEMPERATURE DATA] [PRECIPITATION DATA] SYMBOLS USED IN COLUMN 16
AVERAGE MONTHLY: 62.8 TOTAL FOR MONTH: 5.75 1 = FOG OR MIST
DPTR FM NORMAL: -1.6 DPTR FM NORMAL: 1.12 2 = FOG REDUCING VISIBILITY
HIGHEST: 86 ON 21 GRTST 24HR 2.20 ON 10-10 TO 1/4 MILE OR LESS
LOWEST: 38 ON 31 3 = THUNDER
SNOW, ICE PELLETS, HAIL 4 = ICE PELLETS
TOTAL MONTH: 0.0 INCH 5 = HAIL
GRTST 24HR 0.0 6 = FREEZING RAIN OR DRIZZLE
GRTST DEPTH: 0 7 = DUSTSTORM OR SANDSTORM:
VSBY 1/2 MILE OR LESS
8 = SMOKE OR HAZE
[NO. OF DAYS WITH] [WEATHER - DAYS WITH] 9 = BLOWING SNOW
X = TORNADO
MAX 32 OR BELOW: 0 0.01 INCH OR MORE: 7
MAX 90 OR ABOVE: 0 0.10 INCH OR MORE: 5
MIN 32 OR BELOW: 0 0.50 INCH OR MORE: 4
MIN 0 OR BELOW: 0 1.00 INCH OR MORE: 2
[HDD (BASE 65) ]
TOTAL THIS MO. 135 CLEAR (SCALE 0-3) 16
DPTR FM NORMAL 20 PTCLDY (SCALE 4-7) 8
TOTAL FM JUL 1 138 CLOUDY (SCALE 8-10) 7
DPTR FM NORMAL 9
[CDD (BASE 65) ]
TOTAL THIS MO. 75
DPTR FM NORMAL -23 [PRESSURE DATA]
TOTAL FM JAN 1 2179 HIGHEST SLP 30.37 ON 16
DPTR FM NORMAL -17 LOWEST SLP 29.52 ON 10
[REMARKS]
ALL SNOWFALL DATA IS FROM THE UNIVERSITY OF ARKANSAS AT MONTICELLO COOPERATIVE OBSERVER SITE
#FINAL-10-20#