000
CXUS54 KLZK 011537
CF6LLQ
PRELIMINARY LOCAL CLIMATOLOGICAL DATA (WS FORM: F-6)
STATION: MONTICELLO
MONTH: DECEMBER
YEAR: 2023
LATITUDE: 33 37 N
LONGITUDE: 91 45 W
TEMPERATURE IN F: :PCPN: SNOW: WIND :SUNSHINE: SKY :PK WND
================================================================================
1 2 3 4 5 6A 6B 7 8 9 10 11 12 13 14 15 16 17 18
12Z AVG MX 2MIN
DY MAX MIN AVG DEP HDD CDD WTR SNW DPTH SPD SPD DIR MIN PSBL S-S WX SPD DR
================================================================================
1 73 54 64 15 1 0 0.05 0.0 0 4.6 13 250 M M 6 1 21 170
2 66 47 57 8 8 0 0.00 0.0 0 3.5 12 80 M M 3 19 20
3 67 45 56 7 9 0 0.00 0.0 0 4.5 10 220 M M 1 1 17 230
4 61 37 49 0 16 0 0.00 0.0 0 4.8 16 300 M M 0 30 300
5 67 36 52 4 13 0 0.00 0.0 0 5.8 16 260 M M 0 26 270
6 56 34 45 -3 20 0 0.00 0.0 0 2.3 12 60 M M 0 M M
7 64 38 51 3 14 0 0.00 0.0 0 6.1 15 200 M M 0 21 210
8 65 48 57 9 8 0 0.03 0.0 0 8.1 14 170 M M 9 1 22 180
9 82 54 68 21 0 3 T 0.0 0 6.8 20 330 M M 6 3 32 310
10 56 31 44 -3 21 0 0.00 0.0 0 4.7 14 320 M M 0 21 30
11 60 29 45 -2 20 0 0.00 0.0 0 2.8 10 150 M M 0 14 150
12 64 32 48 1 17 0 0.00 0.0 0 1.6 8 140 M M 0 12 150
13 62 34 48 1 17 0 0.00 0.0 0 3.7 12 90 M M 0 16 80
14 66 44 55 9 10 0 0.00 0.0 0 6.9 13 90 M M 0 22 120
15 65 42 54 8 11 0 0.01 0.0 0 5.2 14 130 M M 1 8 23 110
16 57 42 50 4 15 0 0.32 0.0 0 4.3 12 320 M M 9 1 20 340
17 59 33 46 0 19 0 0.00 0.0 0 4.6 12 270 M M 0 1 16 300
18 61 37 49 3 16 0 0.00 0.0 0 4.8 12 320 M M 0 23 350
19 52 28 40 -6 25 0 0.00 0.0 0 3.2 13 90 M M 0 8 18 90
20 60 30 45 0 20 0 0.00 0.0 0 3.6 9 130 M M 0 16 100
21 60 35 48 3 17 0 0.00 0.0 0 2.3 8 150 M M 1 11 160
22 66 47 57 12 8 0 T 0.0 0 3.2 8 170 M M 9 12 160
23 69 56 63 18 2 0 0.00 0.0 0 3.9 12 140 M M 8 16 180
24 64 58 61 16 4 0 0.87 0.0 0 8.0 18 120 M M 9 1 31 150
25 60 35 48 3 17 0 0.17 0.0 0 8.0 16 270 M M 9 1 25 290
26 54 29 42 -2 23 0 0.00 0.0 0 3.2 9 130 M M 0 13 130
27 57 35 46 2 19 0 0.00 0.0 0 8.0 17 250 M M 3 26 270
28 46 29 38 -6 27 0 0.00 0.0 0 6.2 13 260 M M 6 19 260
29 50 30 40 -4 25 0 0.00 0.0 0 5.8 15 280 M M 4 24 290
30 56 29 43 -1 22 0 0.00 0.0 0 5.3 12 260 M M 0 17 260
31 68 39 54 10 11 0 0.00 0.0 0 6.3 15 40 M M 0 27 50
================================================================================
SM 1913 1197 455 3 1.45 0.0 152.1 M 84
================================================================================
AV 61.7 38.6 4.9 FASTST M M 3 MAX(MPH)
MISC ----> 20 330 32 310
================================================================================
NOTES:
# LAST OF SEVERAL OCCURRENCES
COLUMN 17 PEAK WIND IN M.P.H.
PRELIMINARY LOCAL CLIMATOLOGICAL DATA (WS FORM: F-6) , PAGE 2
STATION: MONTICELLO
MONTH: DECEMBER
YEAR: 2023
LATITUDE: 33 37 N
LONGITUDE: 91 45 W
[TEMPERATURE DATA] [PRECIPITATION DATA] SYMBOLS USED IN COLUMN 16
AVERAGE MONTHLY: 50.2 TOTAL FOR MONTH: 1.45 1 = FOG OR MIST
DPTR FM NORMAL: 4.0 DPTR FM NORMAL: -4.40 2 = FOG REDUCING VISIBILITY
HIGHEST: 82 ON 9 GRTST 24HR 1.04 ON 24-25 TO 1/4 MILE OR LESS
LOWEST: 28 ON 19 3 = THUNDER
SNOW, ICE PELLETS, HAIL 4 = ICE PELLETS
TOTAL MONTH: 0.0 INCH 5 = HAIL
GRTST 24HR 0.0 6 = FREEZING RAIN OR DRIZZLE
GRTST DEPTH: 0 7 = DUSTSTORM OR SANDSTORM:
VSBY 1/2 MILE OR LESS
8 = SMOKE OR HAZE
[NO. OF DAYS WITH] [WEATHER - DAYS WITH] 9 = BLOWING SNOW
X = TORNADO
MAX 32 OR BELOW: 0 0.01 INCH OR MORE: 6
MAX 90 OR ABOVE: 0 0.10 INCH OR MORE: 3
MIN 32 OR BELOW: 9 0.50 INCH OR MORE: 1
MIN 0 OR BELOW: 0 1.00 INCH OR MORE: 0
[HDD (BASE 65) ]
TOTAL THIS MO. 455 CLEAR (SCALE 0-3) 21
DPTR FM NORMAL -130 PTCLDY (SCALE 4-7) 5
TOTAL FM JUL 1 844 CLOUDY (SCALE 8-10) 5
DPTR FM NORMAL -205
[CDD (BASE 65) ]
TOTAL THIS MO. 3
DPTR FM NORMAL -1 [PRESSURE DATA]
TOTAL FM JAN 1 2633 HIGHEST SLP 30.63 ON 13
DPTR FM NORMAL 311 LOWEST SLP 29.74 ON 25
[REMARKS]
#FINAL-12-23#