000
CXUS55 KRIW 011010
CF6LND
PRELIMINARY LOCAL CLIMATOLOGICAL DATA (WS FORM: F-6)
STATION: LANDER WY
MONTH: AUGUST
YEAR: 2023
LATITUDE: 42 49 N
LONGITUDE: 108 44 W
TEMPERATURE IN F: :PCPN: SNOW: WIND :SUNSHINE: SKY :PK WND
================================================================================
1 2 3 4 5 6A 6B 7 8 9 10 11 12 13 14 15 16 17 18
12Z AVG MX 2MIN
DY MAX MIN AVG DEP HDD CDD WTR SNW DPTH SPD SPD DIR MIN PSBL S-S WX SPD DR
================================================================================
1 87 56 72 -1 0 7 T 0.0 M 4.7 15 330 M M 2 19 320
2 74 59 67 -6 0 2 0.11 0.0 M 5.1 15 20 M M 9 1 19 70
3 73 58 66 -6 0 1 0.25 0.0 0 4.7 16 200 M M 7 13 20 190
4 69 58 64 -8 1 0 0.27 0.0 0 6.1 15 340 M M 8 1 20 350
5 74 49 62 -10 3 0 0.60 0.0 0 5.0 29 300 M M 3 3 41 290
6 75 50 63 -9 2 0 0.11 0.0 0 6.1 37 320 M M 3 13 53 320
7 74 48 61 -11 4 0 0.01 0.0 0 5.4 24 330 M M 2 3 39 330
8 71 51 61 -11 4 0 0.10 0.0 0 5.2 12 250 M M 3 3 32 240
9 81 49 65 -7 0 0 0.00 0.0 0 3.9 14 240 M M 0 16 240
10 86 56 71 0 0 6 0.00 0.0 0 10.3 30 300 M M 0 40 290
11 87 55 71 0 0 6 0.00 0.0 0 4.5 12 240 M M 0 18 30
12 90 55 73 2 0 8 0.00 0.0 0 6.6 18 280 M M 0 31 310
13 71 53 62 -9 3 0 0.00 0.0 0 5.8 14 90 M M 4 19 30
14 83 49 66 -5 0 1 0.00 0.0 0 4.8 12 260 M M 0 17 80
15 93 53 73 3 0 8 0.00 0.0 0 5.9 15 250 M M 0 20 240
16 95 57 76 6 0 11 0.00 0.0 0 6.0 18 250 M M 1 23 310
17 94 57 76 6 0 11 0.00 0.0 M 6.3 23 220 M M 0 32 220
18 91 65 78 8 0 13 0.00 0.0 0 10.3 23 290 M M 0 35 280
19 88 58 73 4 0 8 0.05 0.0 0 7.0 18 230 M M 1 3 26 220
20 80 56 68 -1 0 3 T 0.0 0 5.2 13 250 M M 1 17 350
21 94 57 76 7 0 11 0.00 0.0 0 9.2 33 180 M M 0 52 220
22 89 58 74 6 0 9 T 0.0 0 10.4 32 260 M M 1 3 47 250
23 88 57 73 5 0 8 0.00 0.0 M 10.8 31 220 M M 0 43 220
24 84 60 72 4 0 7 0.00 0.0 0 5.1 17 120 M M 1 22 120
25 75 55 65 -3 0 0 0.00 0.0 0 6.1 13 240 M M 6 16 240
26 88 52 70 3 0 5 0.00 0.0 0 4.6 13 250 M M 1 16 240
27 79 59 69 2 0 4 0.08 0.0 0 5.7 21 310 M M 3 3 29 310
28 81 53 67 0 0 2 0.00 0.0 0 5.5 15 240 M M 0 18 250
29 90 54 72 6 0 7 0.00 0.0 0 5.5 24 180 M M 0 33 180
30 87 58 73 7 0 8 0.00 0.0 0 9.0 31 280 M M 0 48 270
31 88 48 68 2 0 3 0.00 0.0 0 5.3 17 270 M M 0 26 250
================================================================================
SM 2579 1703 17 149 1.58 0.0 196.1 M 56
================================================================================
AV 83.2 54.9 6.3 FASTST M M 2 MAX(MPH)
MISC ----> 37 320 53 320
================================================================================
NOTES:
# LAST OF SEVERAL OCCURRENCES
COLUMN 17 PEAK WIND IN M.P.H.
PRELIMINARY LOCAL CLIMATOLOGICAL DATA (WS FORM: F-6) , PAGE 2
STATION: LANDER WY
MONTH: AUGUST
YEAR: 2023
LATITUDE: 42 49 N
LONGITUDE: 108 44 W
[TEMPERATURE DATA] [PRECIPITATION DATA] SYMBOLS USED IN COLUMN 16
AVERAGE MONTHLY: 69.1 TOTAL FOR MONTH: 1.58 1 = FOG OR MIST
DPTR FM NORMAL: -0.7 DPTR FM NORMAL: 1.06 2 = FOG REDUCING VISIBILITY
HIGHEST: 95 ON 16 GRTST 24HR 0.65 ON 5- 6 TO 1/4 MILE OR LESS
LOWEST: 48 ON 31, 7 3 = THUNDER
SNOW, ICE PELLETS, HAIL 4 = ICE PELLETS
TOTAL MONTH: 0.0 INCH 5 = HAIL
GRTST 24HR 0.0 6 = FREEZING RAIN OR DRIZZLE
GRTST DEPTH: 0 7 = DUSTSTORM OR SANDSTORM:
VSBY 1/2 MILE OR LESS
8 = SMOKE OR HAZE
[NO. OF DAYS WITH] [WEATHER - DAYS WITH] 9 = BLOWING SNOW
X = TORNADO
MAX 32 OR BELOW: 0 0.01 INCH OR MORE: 9
MAX 90 OR ABOVE: 7 0.10 INCH OR MORE: 6
MIN 32 OR BELOW: 0 0.50 INCH OR MORE: 1
MIN 0 OR BELOW: 0 1.00 INCH OR MORE: 0
[HDD (BASE 65) ]
TOTAL THIS MO. 17 CLEAR (SCALE 0-3) 25
DPTR FM NORMAL -8 PTCLDY (SCALE 4-7) 5
TOTAL FM JUL 1 46 CLOUDY (SCALE 8-10) 1
DPTR FM NORMAL 9
[CDD (BASE 65) ]
TOTAL THIS MO. 149
DPTR FM NORMAL -25 [PRESSURE DATA]
TOTAL FM JAN 1 332 HIGHEST SLP 30.30 ON 14
DPTR FM NORMAL -120 LOWEST SLP 29.68 ON 18
[REMARKS]
#FINAL-08-23#