000
CXUS53 KMKX 010810
CF6LNR
PRELIMINARY LOCAL CLIMATOLOGICAL DATA (WS FORM: F-6)
STATION: LONE ROCK WI
MONTH: APRIL
YEAR: 2023
LATITUDE: 43 12 N
LONGITUDE: 90 11 W
TEMPERATURE IN F: :PCPN: SNOW: WIND :SUNSHINE: SKY :PK WND
================================================================================
1 2 3 4 5 6A 6B 7 8 9 10 11 12 13 14 15 16 17 18
12Z AVG MX 2MIN
DY MAX MIN AVG DEP HDD CDD WTR SNW DPTH SPD SPD DIR MIN PSBL S-S WX SPD DR
================================================================================
1 46 26 36 -6 29 0 0.02 M M 9.3 25 330 M M 6 1 39 330
2 60 26 43 1 22 0 0.00 M M 10.4 23 150 M M 3 37 120
3 56 36 46 3 19 0 0.07 M M 2.3 12 330 M M 9 1 20 340
4 50 41 46 3 19 0 0.14 M M 13.0 29 290 M M 10 13 36 290
5 50 32 41 -2 24 0 0.11 M M 15.0 29 270 M M 8 13 42 280
6 50 27 39 -5 26 0 0.00 M M 12.9 25 280 M M 0 38 260
7 58 23 41 -3 24 0 0.00 M M 8.1 20 120 M M 4 27 110
8 67 34 51 7 14 0 0.00 M M 7.4 15 190 M M 3 20 200
9 71 36 54 9 11 0 0.00 M M 8.8 23 210 M M 0 34 220
10 75 46 61 16 4 0 0.00 M M 5.1 13 270 M M 0 19 180
11 79 41 60 14 5 0 0.00 M M 6.7 18 210 M M 0 35 230
12 86 59 73 27 0 8 0.00 M M 12.1 25 230 M M 0 39 220
13 84 47 66 20 0 1 0.00 M M 7.7 22 190 M M 0 32 180
14 84 46 65 18 0 0 0.00 M M 6.3 20 160 M M 0 28 160
15 80 50 65 18 0 0 0.26 M M 8.1 23 200 M M 2 13 32 180
16 50 31 41 -6 24 0 1.26 M M 12.5 21 300 M M 10 12 33 300
17 39 29 34 -14 31 0 0.03 M M 12.9 25 290 M M 9 128 40 300
18 55 28 42 -6 23 0 0.00 M M 4.5 12 300 M M 0 16 310
19 44 35 40 -8 25 0 0.27 M M 15.7 32 100 M M 9 13 40 90
20 71 41 56 7 9 0 0.44 M M 13.6 28 210 M M 7 13 43 200
21 53 34 44 -5 21 0 T M M 10.2 24 250 M M 5 36 220
22 47 33 40 -10 25 0 0.03 M M 9.4 22 300 M M 8 1 31 310
23 45 28 37 -13 28 0 0.00 M M 7.9 16 300 M M 9 20 310
24 53 23 38 -12 27 0 T M M 4.6 17 290 M M 6 30 280
25 50 35 43 -8 22 0 0.00 M M 5.2 12 50 M M 9 1 17 50
26 56 26 41 -10 24 0 0.00 M M 2.9 12 180 M M 2 16 260
27 69 34 52 0 13 0 0.00 M M 6.4 17 200 M M 1 27 230
28 72 36 54 2 11 0 0.00 M M 4.2 13 110 M M 0 17 110
29 54 40 47 -5 18 0 0.10 M M 11.4 23 320 M M 10 1 32 320
30 44 38 41 -12 24 0 0.19 M M 13.7 23 320 M M 9 1 33 330
================================================================================
SM 1798 1061 522 9 2.92 M 268.3 M 139
================================================================================
AV 59.9 35.4 8.9 FASTST M M 5 MAX(MPH)
MISC ----> 32 100 43 200
================================================================================
NOTES:
# LAST OF SEVERAL OCCURRENCES
COLUMN 17 PEAK WIND IN M.P.H.
PRELIMINARY LOCAL CLIMATOLOGICAL DATA (WS FORM: F-6) , PAGE 2
STATION: LONE ROCK WI
MONTH: APRIL
YEAR: 2023
LATITUDE: 43 12 N
LONGITUDE: 90 11 W
[TEMPERATURE DATA] [PRECIPITATION DATA] SYMBOLS USED IN COLUMN 16
AVERAGE MONTHLY: 47.7 TOTAL FOR MONTH: 2.92 1 = FOG OR MIST
DPTR FM NORMAL: 0.4 DPTR FM NORMAL: -0.77 2 = FOG REDUCING VISIBILITY
HIGHEST: 86 ON 12 GRTST 24HR 1.52 ON 15-16 TO 1/4 MILE OR LESS
LOWEST: 23 ON 24, 7 3 = THUNDER
SNOW, ICE PELLETS, HAIL 4 = ICE PELLETS
TOTAL MONTH: M 5 = HAIL
GRTST 24HR M ON M 6 = FREEZING RAIN OR DRIZZLE
GRTST DEPTH: M ON M 7 = DUSTSTORM OR SANDSTORM:
VSBY 1/2 MILE OR LESS
8 = SMOKE OR HAZE
[NO. OF DAYS WITH] [WEATHER - DAYS WITH] 9 = BLOWING SNOW
X = TORNADO
MAX 32 OR BELOW: 0 0.01 INCH OR MORE: 12
MAX 90 OR ABOVE: 0 0.10 INCH OR MORE: 8
MIN 32 OR BELOW: 11 0.50 INCH OR MORE: 1
MIN 0 OR BELOW: 0 1.00 INCH OR MORE: 1
[HDD (BASE 65) ]
TOTAL THIS MO. 522 CLEAR (SCALE 0-3) 14
DPTR FM NORMAL -11 PTCLDY (SCALE 4-7) 6
TOTAL FM JUL 1 6191 CLOUDY (SCALE 8-10) 10
DPTR FM NORMAL -617
[CDD (BASE 65) ]
TOTAL THIS MO. 9
DPTR FM NORMAL 7 [PRESSURE DATA]
TOTAL FM JAN 1 9 HIGHEST SLP M ON M
DPTR FM NORMAL 6 LOWEST SLP 29.29 ON 1
[REMARKS]
#FINAL-04-23#