000
CXUS53 KMKX 010810
CF6LNR
PRELIMINARY LOCAL CLIMATOLOGICAL DATA (WS FORM: F-6)
STATION: LONE ROCK WI
MONTH: JUNE
YEAR: 2022
LATITUDE: 43 12 N
LONGITUDE: 90 11 W
TEMPERATURE IN F: :PCPN: SNOW: WIND :SUNSHINE: SKY :PK WND
================================================================================
1 2 3 4 5 6A 6B 7 8 9 10 11 12 13 14 15 16 17 18
12Z AVG MX 2MIN
DY MAX MIN AVG DEP HDD CDD WTR SNW DPTH SPD SPD DIR MIN PSBL S-S WX SPD DR
================================================================================
1 73 53 63 -2 2 0 0.00 M M 7.1 16 300 M M 0 24 340
2 78 46 62 -3 3 0 0.00 M M 6.6 21 280 M M 1 28 280
3 76 44 60 -6 5 0 0.00 M M 7.1 23 290 M M 0 30 280
4 63 47 55 -11 10 0 0.15 M M 2.6 9 180 M M 8 1 12 140
5 73 56 65 -1 0 0 0.80 M M 6.3 13 90 M M 9 1 17 100
6 67 52 60 -6 5 0 0.14 M M 5.2 15 10 M M 8 1 20 350
7 77 50 64 -3 1 0 0.00 M M 4.5 14 320 M M 4 12 19 290
8 71 52 62 -5 3 0 0.91 M M 6.5 17 60 M M 6 13 24 70
9 77 51 64 -3 1 0 0.00 M M 5.8 17 290 M M 4 12 23 320
10 79 54 67 -1 0 2 T M M 5.0 23 110 M M 3 3 31 100
11 69 55 62 -6 3 0 0.20 M M 3.6 13 210 M M 7 12 16 200
12 73 60 67 -1 0 2 0.00 M M 6.9 14 80 M M 9 12 19 100
13 78 57 68 0 0 3 0.17 M M 8.6 23 30 M M 4 13 31 10
14 95 66 81 13 0 16 0.00 M M 11.4 23 180 M M 0 1 30 200
15 92 61 77 8 0 12 1.31 M M 9.0 39 280 M M 2 13 50 290
16 87 57 72 3 0 7 0.00 M M 9.9 33 270 M M 1 128 43 280
17 82 57 70 1 0 5 0.00 0.0 0 6.4 16 330 M M 0 25 310
18 77 54 66 -3 0 1 0.00 0.0 0 6.4 13 100 M M 0 21 140
19 85 50 68 -2 0 3 0.00 M M 6.0 16 200 M M 0 21 200
20 93 59 76 6 0 11 0.00 M M 6.5 17 190 M M 0 24 220
21 95 64 80 10 0 15 0.00 M M 7.4 18 310 M M 1 26 300
22 85 59 72 2 0 7 0.00 M M 7.6 17 280 M M 0 25 290
23 88 55 72 2 0 7 0.00 M M 4.1 12 200 M M 0 1 18 220
24 91 59 75 5 0 10 0.00 M M 5.6 17 200 M M 0 24 210
25 72 63 68 -3 0 3 0.50 M M 3.6 21 110 M M 7 1 29 100
26 75 53 64 -7 1 0 0.00 M M 10.5 24 280 M M 1 1 34 280
27 79 47 63 -8 2 0 0.00 M M 6.0 17 290 M M 0 23 270
28 85 52 69 -2 0 4 0.01 M M 7.7 21 200 M M 2 29 200
29 88 54 71 0 0 6 0.00 M M 4.7 16 180 M M 3 12 22 190
30 90 71 81 10 0 16 0.00 M M 8.3 22 200 M M 1 32 200
================================================================================
SM 2413 1658 36 130 4.19 0.0 196.9 M 81
================================================================================
AV 80.4 55.3 6.6 FASTST M M 3 MAX(MPH)
MISC ----> 39 280 50 290
================================================================================
NOTES:
# LAST OF SEVERAL OCCURRENCES
COLUMN 17 PEAK WIND IN M.P.H.
PRELIMINARY LOCAL CLIMATOLOGICAL DATA (WS FORM: F-6) , PAGE 2
STATION: LONE ROCK WI
MONTH: JUNE
YEAR: 2022
LATITUDE: 43 12 N
LONGITUDE: 90 11 W
[TEMPERATURE DATA] [PRECIPITATION DATA] SYMBOLS USED IN COLUMN 16
AVERAGE MONTHLY: 67.9 TOTAL FOR MONTH: 4.19 1 = FOG OR MIST
DPTR FM NORMAL: -0.7 DPTR FM NORMAL: -1.09 2 = FOG REDUCING VISIBILITY
HIGHEST: 95 ON 21,14 GRTST 24HR 1.31 ON 15-15 TO 1/4 MILE OR LESS
LOWEST: 44 ON 3 3 = THUNDER
SNOW, ICE PELLETS, HAIL 4 = ICE PELLETS
TOTAL MONTH: 0.0 INCH 5 = HAIL
GRTST 24HR 0.0 6 = FREEZING RAIN OR DRIZZLE
GRTST DEPTH: 0 7 = DUSTSTORM OR SANDSTORM:
VSBY 1/2 MILE OR LESS
8 = SMOKE OR HAZE
[NO. OF DAYS WITH] [WEATHER - DAYS WITH] 9 = BLOWING SNOW
X = TORNADO
MAX 32 OR BELOW: 0 0.01 INCH OR MORE: 9
MAX 90 OR ABOVE: 6 0.10 INCH OR MORE: 8
MIN 32 OR BELOW: 0 0.50 INCH OR MORE: 4
MIN 0 OR BELOW: 0 1.00 INCH OR MORE: 1
[HDD (BASE 65) ]
TOTAL THIS MO. 36 CLEAR (SCALE 0-3) 19
DPTR FM NORMAL 1 PTCLDY (SCALE 4-7) 9
TOTAL FM JUL 1 7058 CLOUDY (SCALE 8-10) 2
DPTR FM NORMAL -6
[CDD (BASE 65) ]
TOTAL THIS MO. 130
DPTR FM NORMAL -13 [PRESSURE DATA]
TOTAL FM JAN 1 231 HIGHEST SLP M ON M
DPTR FM NORMAL 43 LOWEST SLP 29.57 ON 15
[REMARKS]
#FINAL-06-22#