000
CXUS54 KCRP 011210
CF6LRD
PRELIMINARY LOCAL CLIMATOLOGICAL DATA (WS FORM: F-6)
STATION: LAREDO
MONTH: JULY
YEAR: 2023
LATITUDE: 27 31 N
LONGITUDE: 99 28 W
TEMPERATURE IN F: :PCPN: SNOW: WIND :SUNSHINE: SKY :PK WND
================================================================================
1 2 3 4 5 6A 6B 7 8 9 10 11 12 13 14 15 16 17 18
12Z AVG MX 2MIN
DY MAX MIN AVG DEP HDD CDD WTR SNW DPTH SPD SPD DIR MIN PSBL S-S WX SPD DR
================================================================================
1 106 82 94 7 0 29 0.00 0.0 0 M M M M M 4 M M
2 101 81 91 4 0 26 0.00 0.0 0 M M M M M 2 M M
3 101 79 90 3 0 25 0.00 0.0 0 M M M M M 3 M M
4 104 81 93 6 0 28 0.00 0.0 0 M M M M M 1 M M
5 103 80 92 5 0 27 0.00 0.0 0 M M M M M 2 8 M M
6 97 79 88 1 0 23 T 0.0 0 M M M M M 6 8 M M
7 102 79 91 4 0 26 0.00 0.0 0 M M M M M 6 8 M M
8 105 79 92 5 0 27 0.00 0.0 0 M M M M M 3 M M
9 107 80 94 7 0 29 0.00 0.0 0 M M M M M 0 8 M M
10 108 81 95 8 0 30 0.00 0.0 0 M M M M M 0 M M
11 109 82 96 9 0 31 0.00 0.0 0 M M M M M 0 M M
12 109 82 96 9 0 31 0.00 0.0 0 M M M M M 0 M M
13 109 81 95 7 0 30 0.00 0.0 0 M M M M M 0 M M
14 109 81 95 7 0 30 0.00 0.0 0 M M M M M 0 M M
15 107 81 94 6 0 29 0.00 0.0 0 M M M M M 0 M M
16 109 80 95 7 0 30 0.00 0.0 0 M M M M M 1 M M
17 109 77 93 5 0 28 0.00 0.0 0 M M M M M 0 M M
18 108 80 94 6 0 29 0.00 0.0 0 M M M M M 0 M M
19 109 81 95 7 0 30 0.00 0.0 0 M M M M M 0 M M
20 108 80 94 6 0 29 0.00 0.0 0 M M M M M 0 M M
21 107 77 92 3 0 27 0.00 0.0 0 M M M M M 0 M M
22 106 79 93 4 0 28 0.00 0.0 0 M M M M M 1 M M
23 107 81 94 5 0 29 0.00 0.0 0 M M M M M 0 M M
24 106 80 93 4 0 28 T 0.0 0 M M M M M 2 3 M M
25 105 79 92 3 0 27 0.00 0.0 0 M M M M M 0 M M
26 106 80 93 4 0 28 0.00 0.0 0 M M M M M 0 M M
27 105 79 92 3 0 27 0.00 0.0 0 M M M M M 1 M M
28 105 78 92 2 0 27 0.00 0.0 0 M M M M M 0 M M
29 103 78 91 1 0 26 0.00 0.0 0 M M M M M 1 M M
30 103 79 91 1 0 26 0.00 0.0 0 M M M M M 0 M M
31 107 81 94 4 0 29 0.00 0.0 0 M M M M M 0 M M
================================================================================
SM 3280 2477 0 869 T 0.0 M M 33
================================================================================
AV105.8 79.9 M FASTST M M 1 MAX(MPH)
MISC ----> M M M M
================================================================================
NOTES:
# LAST OF SEVERAL OCCURRENCES
COLUMN 17 PEAK WIND IN M.P.H.
PRELIMINARY LOCAL CLIMATOLOGICAL DATA (WS FORM: F-6) , PAGE 2
STATION: LAREDO
MONTH: JULY
YEAR: 2023
LATITUDE: 27 31 N
LONGITUDE: 99 28 W
[TEMPERATURE DATA] [PRECIPITATION DATA] SYMBOLS USED IN COLUMN 16
AVERAGE MONTHLY: 92.9 TOTAL FOR MONTH: T 1 = FOG OR MIST
DPTR FM NORMAL: 4.8 DPTR FM NORMAL: -2.11 2 = FOG REDUCING VISIBILITY
HIGHEST: 109 ON 19,17 GRTST 24HR T ON 6- 6 TO 1/4 MILE OR LESS
LOWEST: 77 ON 21,17 3 = THUNDER
SNOW, ICE PELLETS, HAIL 4 = ICE PELLETS
TOTAL MONTH: 0.0 INCH 5 = HAIL
GRTST 24HR 0.0 6 = FREEZING RAIN OR DRIZZLE
GRTST DEPTH: 0 7 = DUSTSTORM OR SANDSTORM:
VSBY 1/2 MILE OR LESS
8 = SMOKE OR HAZE
[NO. OF DAYS WITH] [WEATHER - DAYS WITH] 9 = BLOWING SNOW
X = TORNADO
MAX 32 OR BELOW: 0 0.01 INCH OR MORE: 0
MAX 90 OR ABOVE: 31 0.10 INCH OR MORE: 0
MIN 32 OR BELOW: 0 0.50 INCH OR MORE: 0
MIN 0 OR BELOW: 0 1.00 INCH OR MORE: 0
[HDD (BASE 65) ]
TOTAL THIS MO. 0 CLEAR (SCALE 0-3) 27
DPTR FM NORMAL 0 PTCLDY (SCALE 4-7) 4
TOTAL FM JUL 1 0 CLOUDY (SCALE 8-10) 0
DPTR FM NORMAL 0
[CDD (BASE 65) ]
TOTAL THIS MO. 869
DPTR FM NORMAL 153 [PRESSURE DATA]
TOTAL FM JAN 1 3054 HIGHEST SLP 30.11 ON 25
DPTR FM NORMAL 521 LOWEST SLP 29.71 ON 14
[REMARKS]
#FINAL-07-23#