000
CXUS54 KCRP 040216
CF6LRD
PRELIMINARY LOCAL CLIMATOLOGICAL DATA (WS FORM: F-6)
STATION: LAREDO
MONTH: JUNE
YEAR: 2020
LATITUDE: 27 31 N
LONGITUDE: 99 28 W
TEMPERATURE IN F: :PCPN: SNOW: WIND :SUNSHINE: SKY :PK WND
================================================================================
1 2 3 4 5 6A 6B 7 8 9 10 11 12 13 14 15 16 17 18
12Z AVG MX 2MIN
DY MAX MIN AVG DEP HDD CDD WTR SNW DPTH SPD SPD DIR MIN PSBL S-S WX SPD DR
================================================================================
1 86 71 79 -7 0 14 0.00 0.0 0 M M M M M 7 1 M M
2 92 72 82 -4 0 17 T 0.0 0 M M M M M 6 M M
3 93 74 84 -2 0 19 0.00 0.0 0 M M M M M 2 M M
4 95 74 85 -1 0 20 0.00 0.0 0 M M M M M 2 M M
5 96 75 86 0 0 21 0.00 0.0 0 M M M M M 3 M M
6 96 72 84 -2 0 19 0.00 0.0 0 M M M M M 1 M M
7 98 75 87 1 0 22 0.00 0.0 0 M M M M M 0 M M
8 102 77 90 3 0 25 0.00 0.0 0 M M M M M 0 M M
9 100 78 89 2 0 24 0.00 0.0 0 M M M M M 2 M M
10 95 71 83 -4 0 18 1.51 0.0 0 M M M M M 3 13 M M
11 97 74 86 -1 0 21 0.00 0.0 0 M M M M M 2 M M
12 94 71 83 -4 0 18 0.00 0.0 0 M M M M M 0 M M
13 94 69 82 -5 0 17 0.00 0.0 0 M M M M M 1 M M
14 93 67 80 -7 0 15 0.00 0.0 0 M M M M M 2 M M
15 96 71 84 -3 0 19 0.00 0.0 0 M M M M M 2 8 M M
16 97 76 87 0 0 22 0.00 0.0 0 M M M M M 5 M M
17 99 76 88 1 0 23 0.00 0.0 0 M M M M M 4 M M
18 99 77 88 1 0 23 T 0.0 0 M M M M M 4 38 M M
19 97 77 87 0 0 22 T 0.0 0 M M M M M 4 3 M M
20 99 78 89 1 0 24 0.00 0.0 0 M M M M M 3 M M
21 101 78 90 2 0 25 0.00 0.0 0 M M M M M 2 M M
22 103 79 91 3 0 26 0.00 0.0 0 M M M M M 2 M M
23 95 81 88 0 0 23 0.00 0.0 0 M M M M M 2 8 M M
24 100 77 89 1 0 24 0.00 0.0 0 M M M M M 1 3 M M
25 97 73 85 -3 0 20 0.00 0.0 0 M M M M M 1 M M
26 91 75 83 -5 0 18 0.27 0.0 0 M M M M M 6 1 M M
27 91 78 85 -3 0 20 T 0.0 0 M M M M M 7 18 M M
28 97 76 87 -1 0 22 0.14 0.0 0 M M M M M 1 M M
29 100 79 90 2 0 25 0.00 0.0 0 M M M M M 0 M M
30 100 79 90 2 0 25 0.00 0.0 0 M M M M M 3 M M
================================================================================
SM 2893 2250 0 631 1.92 0.0 M M 78
================================================================================
AV 96.4 75.0 M FASTST M M 3 MAX(MPH)
MISC ----> M M M M
================================================================================
NOTES:
# LAST OF SEVERAL OCCURRENCES
COLUMN 17 PEAK WIND IN M.P.H.
PRELIMINARY LOCAL CLIMATOLOGICAL DATA (WS FORM: F-6) , PAGE 2
STATION: LAREDO
MONTH: JUNE
YEAR: 2020
LATITUDE: 27 31 N
LONGITUDE: 99 28 W
[TEMPERATURE DATA] [PRECIPITATION DATA] SYMBOLS USED IN COLUMN 16
AVERAGE MONTHLY: 85.7 TOTAL FOR MONTH: 1.92 1 = FOG OR MIST
DPTR FM NORMAL: -1.3 DPTR FM NORMAL: -0.31 2 = FOG REDUCING VISIBILITY
HIGHEST: 103 ON 22 GRTST 24HR 1.51 ON 10-10 TO 1/4 MILE OR LESS
LOWEST: 67 ON 14 3 = THUNDER
SNOW, ICE PELLETS, HAIL 4 = ICE PELLETS
TOTAL MONTH: 0.0 INCH 5 = HAIL
GRTST 24HR 0.0 6 = FREEZING RAIN OR DRIZZLE
GRTST DEPTH: 0 7 = DUSTSTORM OR SANDSTORM:
VSBY 1/2 MILE OR LESS
8 = SMOKE OR HAZE
[NO. OF DAYS WITH] [WEATHER - DAYS WITH] 9 = BLOWING SNOW
X = TORNADO
MAX 32 OR BELOW: 0 0.01 INCH OR MORE: 3
MAX 90 OR ABOVE: 29 0.10 INCH OR MORE: 3
MIN 32 OR BELOW: 0 0.50 INCH OR MORE: 1
MIN 0 OR BELOW: 0 1.00 INCH OR MORE: 1
[HDD (BASE 65) ]
TOTAL THIS MO. 0 CLEAR (SCALE 0-3) 21
DPTR FM NORMAL 0 PTCLDY (SCALE 4-7) 9
TOTAL FM JUL 1 610 CLOUDY (SCALE 8-10) 0
DPTR FM NORMAL -316
[CDD (BASE 65) ]
TOTAL THIS MO. 631
DPTR FM NORMAL -29 [PRESSURE DATA]
TOTAL FM JAN 1 2032 HIGHEST SLP M ON M
DPTR FM NORMAL 229 LOWEST SLP M ON M
[REMARKS]
#FINAL-06-20#