000
CXUS54 KLZK 011525
CF6LRF
PRELIMINARY LOCAL CLIMATOLOGICAL DATA (WS FORM: F-6)
STATION: JACKSONVILLE/LITTLE ROCK AFB
MONTH: DECEMBER
YEAR: 2023
LATITUDE: 34 55 N
LONGITUDE: 92 9 W
TEMPERATURE IN F: :PCPN: SNOW: WIND :SUNSHINE: SKY :PK WND
================================================================================
1 2 3 4 5 6A 6B 7 8 9 10 11 12 13 14 15 16 17 18
12Z AVG MX 2MIN
DY MAX MIN AVG DEP HDD CDD WTR SNW DPTH SPD SPD DIR MIN PSBL S-S WX SPD DR
================================================================================
1 68 43 56 9 9 0 0.04 0.0 0 4.6 12 220 M M 6 12 M M
2 58 36 47 0 18 0 0.00 0.0 0 2.1 9 50 M M 2 M M
3 62 35 49 3 16 0 0.00 0.0 0 4.0 10 140 M M 0 12 M M
4 58 35 47 1 18 0 0.00 0.0 0 7.3 14 310 M M 0 22 290
5 63 30 47 1 18 0 0.00 0.0 0 6.2 20 280 M M 0 25 270
6 55 28 42 -3 23 0 0.00 0.0 0 1.2 6 190 M M 0 M M
7 62 32 47 2 18 0 0.00 0.0 0 5.4 13 220 M M 0 M M
8 66 43 55 10 10 0 0.00 0.0 0 6.2 14 200 M M 10 20 200
9 67 50 59 14 6 0 0.03 0.0 0 6.6 18 150 M M 9 3 24 330
10 52 30 41 -3 24 0 0.00 0.0 0 5.5 10 310 M M 2 M M
11 57 24 41 -3 24 0 0.00 0.0 0 2.7 9 180 M M 0 M M
12 62 27 45 1 20 0 0.00 0.0 0 0.4 6 150 M M 0 8 M M
13 61 31 46 2 19 0 0.00 0.0 0 3.9 12 80 M M 2 M M
14 65 34 50 7 15 0 0.00 0.0 0 6.2 10 150 M M 0 M M
15 61 31 46 3 19 0 T 0.0 0 5.0 13 130 M M 5 18 130
16 55 35 45 2 20 0 0.14 0.0 0 5.9 16 280 M M 8 1 22 280
17 57 29 43 0 22 0 0.00 0.0 0 3.2 10 300 M M 0 1 M M
18 57 29 43 1 22 0 0.00 0.0 0 6.3 13 320 M M 0 21 310
19 50 21 36 -6 29 0 0.00 0.0 0 3.0 8 130 M M 0 M M
20 59 26 43 1 22 0 0.00 0.0 0 1.7 7 120 M M 2 M M
21 59 30 45 3 20 0 0.00 0.0 0 1.3 7 150 M M 6 M M
22 61 40 51 9 14 0 T 0.0 0 1.9 8 190 M M 9 1 M M
23 66 48 57 16 8 0 0.00 0.0 0 2.2 7 170 M M 9 12 M M
24 63 55 59 18 6 0 0.90 0.0 0 8.0 16 120 M M 10 1 33 130
25 59 44 52 11 13 0 0.29 0.0 0 12.7 17 270 M M 10 1 29 280
26 52 25 39 -2 26 0 0.00 0.0 0 3.2 10 230 M M 1 M M
27 52 30 41 0 24 0 0.00 0.0 0 8.3 21 260 M M 6 25 260
28 49 27 38 -3 27 0 0.00 0.0 0 6.7 13 290 M M 6 22 290
29 46 33 40 -1 25 0 0.00 0.0 0 8.5 12 290 M M 8 M M
30 58 24 41 1 24 0 0.00 0.0 0 3.9 8 240 M M 1 M M
31 62 27 45 5 20 0 0.00 0.0 0 4.2 15 30 M M 1 23 30
================================================================================
SM 1822 1032 579 0 1.40 0.0 148.3 M 113
================================================================================
AV 58.8 33.3 4.8 FASTST M M 4 MAX(MPH)
MISC ----> 21 260 33 130
================================================================================
NOTES:
# LAST OF SEVERAL OCCURRENCES
COLUMN 17 PEAK WIND IN M.P.H.
PRELIMINARY LOCAL CLIMATOLOGICAL DATA (WS FORM: F-6) , PAGE 2
STATION: JACKSONVILLE/LITTLE ROCK AFB
MONTH: DECEMBER
YEAR: 2023
LATITUDE: 34 55 N
LONGITUDE: 92 9 W
[TEMPERATURE DATA] [PRECIPITATION DATA] SYMBOLS USED IN COLUMN 16
AVERAGE MONTHLY: 46.0 TOTAL FOR MONTH: 1.40 1 = FOG OR MIST
DPTR FM NORMAL: 2.9 DPTR FM NORMAL: M 2 = FOG REDUCING VISIBILITY
HIGHEST: 68 ON 1 GRTST 24HR 0.90 ON 24-24 TO 1/4 MILE OR LESS
LOWEST: 21 ON 19 3 = THUNDER
SNOW, ICE PELLETS, HAIL 4 = ICE PELLETS
TOTAL MONTH: 0.0 INCH 5 = HAIL
GRTST 24HR 0.0 6 = FREEZING RAIN OR DRIZZLE
GRTST DEPTH: 0 7 = DUSTSTORM OR SANDSTORM:
VSBY 1/2 MILE OR LESS
8 = SMOKE OR HAZE
[NO. OF DAYS WITH] [WEATHER - DAYS WITH] 9 = BLOWING SNOW
X = TORNADO
MAX 32 OR BELOW: 0 0.01 INCH OR MORE: 5
MAX 90 OR ABOVE: 0 0.10 INCH OR MORE: 3
MIN 32 OR BELOW: 18 0.50 INCH OR MORE: 1
MIN 0 OR BELOW: 0 1.00 INCH OR MORE: 0
[HDD (BASE 65) ]
TOTAL THIS MO. 579 CLEAR (SCALE 0-3) 18
DPTR FM NORMAL -117 PTCLDY (SCALE 4-7) 6
TOTAL FM JUL 1 1111 CLOUDY (SCALE 8-10) 7
DPTR FM NORMAL -150
[CDD (BASE 65) ]
TOTAL THIS MO. 0
DPTR FM NORMAL -2 [PRESSURE DATA]
TOTAL FM JAN 1 2205 HIGHEST SLP M ON M
DPTR FM NORMAL 168 LOWEST SLP M ON M
[REMARKS]
#FINAL-12-23#