418
CXUS54 KEPZ 011030
CF6LRU
PRELIMINARY LOCAL CLIMATOLOGICAL DATA (WS FORM: F-6)
STATION: LAS CRUCES
MONTH: SEPTEMBER
YEAR: 2020
LATITUDE: 32 17 N
LONGITUDE: 106 46 W
TEMPERATURE IN F: :PCPN: SNOW: WIND :SUNSHINE: SKY :PK WND
================================================================================
1 2 3 4 5 6A 6B 7 8 9 10 11 12 13 14 15 16 17 18
12Z AVG MX 2MIN
DY MAX MIN AVG DEP HDD CDD WTR SNW DPTH SPD SPD DIR MIN PSBL S-S WX SPD DR
================================================================================
1 93 67 80 M 0 15 0.00 M M 12.8 28 270 M M 2 36 320
2 94 62 78 M 0 13 0.00 M M 6.3 13 330 M M 0 17 320
3 99 61 80 M 0 15 0.00 M M 3.8 10 130 M M 0 M M
4 98 73 86 M 0 21 0.00 M M 9.8 15 130 M M 0 30 130
5 95 69 82 M 0 17 0.00 M M 8.2 17 120 M M 0 24 120
6 94 62 78 M 0 13 0.00 M M 4.7 10 120 M M 0 M M
7 100 62 81 M 0 16 0.00 M M 6.1 14 200 M M 0 17 220
8 96 63 80 M 0 15 0.01 M M 17.3 28 250 M M 2 35 260
9 61 50 56 M 9 0 0.77 M M 8.5 21 130 M M 9 3 27 130
10 64 49 57 M 8 0 0.00 M M 4.1 13 140 M M 8 22 140
11 73 52 63 M 2 0 0.00 M M 2.8 8 10 M M 2 M M
12 79 56 68 M 0 3 0.00 M M 4.7 M M M M 0 M M
13 M M M M M M M M M M M M M M M M M
14 81 64 73 M 0 8 0.00 M M 8.0 14 110 M M 6 18 110
15 82 55 69 M 0 4 0.00 M M 3.6 8 10 M M 0 M M
16 89 56 73 M 0 8 0.00 M M 3.4 9 20 M M 1 24 80
17 86 59 73 M 0 8 0.00 M M 5.3 9 110 M M 0 16 50
18 85 56 71 M 0 6 0.00 M M 5.6 12 120 M M 1 17 140
19 84 55 70 M 0 5 0.00 M M 5.5 10 130 M M 0 18 140
20 87 54 71 M 0 6 0.00 M M 4.7 9 80 M M 0 17 100
21 88 53 71 M 0 6 0.00 M M 4.4 8 130 M M 0 M M
22 91 54 73 M 0 8 0.00 M M 4.4 10 220 M M 0 22 240
23 93 60 77 M 0 12 0.00 M M 9.9 16 300 M M 1 29 260
24 92 56 74 M 0 9 0.00 M M 4.4 9 280 M M 0 16 320
25 96 57 77 M 0 12 0.00 M M 4.4 14 270 M M 0 M M
26 96 64 80 M 0 15 0.00 M M 11.0 20 250 M M 0 29 250
27 95 60 78 M 0 13 0.00 M M 8.1 15 260 M M 0 25 270
28 75 56 66 M 0 1 0.00 M M 8.2 15 120 M M 3 22 290
29 79 50 65 M 0 0 0.00 M M 5.1 10 130 M M 0 17 130
30 88 46 67 M 0 2 0.00 M M 2.7 7 210 M M 0 M M
================================================================================
SM 2533 1681 19 251 0.78 M 187.8 M 35
================================================================================
AV 87.3 58.0 6.5 FASTST M M 1 MAX(MPH)
MISC ----> 28 270 36 320
================================================================================
NOTES:
# LAST OF SEVERAL OCCURRENCES
COLUMN 17 PEAK WIND IN M.P.H.
PRELIMINARY LOCAL CLIMATOLOGICAL DATA (WS FORM: F-6) , PAGE 2
STATION: LAS CRUCES
MONTH: SEPTEMBER
YEAR: 2020
LATITUDE: 32 17 N
LONGITUDE: 106 46 W
[TEMPERATURE DATA] [PRECIPITATION DATA] SYMBOLS USED IN COLUMN 16
AVERAGE MONTHLY: 72.7 TOTAL FOR MONTH: 0.78 1 = FOG OR MIST
DPTR FM NORMAL: 0.0 DPTR FM NORMAL: M 2 = FOG REDUCING VISIBILITY
HIGHEST: 100 ON 7 GRTST 24HR 0.77 ON 9- 9 TO 1/4 MILE OR LESS
LOWEST: 46 ON 30 3 = THUNDER
SNOW, ICE PELLETS, HAIL 4 = ICE PELLETS
TOTAL MONTH: M 5 = HAIL
GRTST 24HR M ON M 6 = FREEZING RAIN OR DRIZZLE
GRTST DEPTH: M ON M 7 = DUSTSTORM OR SANDSTORM:
VSBY 1/2 MILE OR LESS
8 = SMOKE OR HAZE
[NO. OF DAYS WITH] [WEATHER - DAYS WITH] 9 = BLOWING SNOW
X = TORNADO
MAX 32 OR BELOW: 0 0.01 INCH OR MORE: 2
MAX 90 OR ABOVE: 14 0.10 INCH OR MORE: 1
MIN 32 OR BELOW: 0 0.50 INCH OR MORE: 1
MIN 0 OR BELOW: 0 1.00 INCH OR MORE: 0
[HDD (BASE 65) ]
TOTAL THIS MO. 19 CLEAR (SCALE 0-3) 26
DPTR FM NORMAL M PTCLDY (SCALE 4-7) 2
TOTAL FM JUL 1 19 CLOUDY (SCALE 8-10) 2
DPTR FM NORMAL M
[CDD (BASE 65) ]
TOTAL THIS MO. 251
DPTR FM NORMAL M [PRESSURE DATA]
TOTAL FM JAN 1 2287 HIGHEST SLP M ON M
DPTR FM NORMAL M LOWEST SLP M ON M
[REMARKS]
#FINAL-09-20#