000
CXUS53 KARX 010900
CF6LSE
PRELIMINARY LOCAL CLIMATOLOGICAL DATA (WS FORM: F-6)
STATION: LA CROSSE WI
MONTH: APRIL
YEAR: 2021
LATITUDE: 43 52 N
LONGITUDE: 91 15 W
TEMPERATURE IN F: :PCPN: SNOW: WIND :SUNSHINE: SKY :PK WND
================================================================================
1 2 3 4 5 6A 6B 7 8 9 10 11 12 13 14 15 16 17 18
12Z AVG MX 2MIN
DY MAX MIN AVG DEP HDD CDD WTR SNW DPTH SPD SPD DIR MIN PSBL S-S WX SPD DR
================================================================================
1 45 21 33 -9 32 0 0.00 0.0 0 4.4 12 300 M M 0 15 290
2 56 27 42 0 23 0 0.00 0.0 0 15.0 26 190 M M 0 36 180
3 74 43 59 16 6 0 0.00 0.0 0 6.6 25 190 M M 0 34 170
4 80 40 60 17 5 0 0.00 0.0 0 9.4 22 170 M M 0 31 180
5 81 56 69 25 0 4 0.00 0.0 0 12.8 24 170 M M 0 8 32 170
6 82 61 72 28 0 7 0.00 0.0 0 9.8 17 180 M M 3 23 190
7 79 61 70 25 0 5 0.00 0.0 0 9.9 22 190 M M 2 28 170
8 65 51 58 13 7 0 0.25 0.0 0 8.9 21 180 M M 9 1 28 180
9 60 49 55 9 10 0 0.25 0.0 0 5.8 16 260 M M 10 1 21 260
10 50 47 49 3 16 0 0.24 0.0 0 11.0 16 340 M M 10 1 21 350
11 54 47 51 4 14 0 0.02 0.0 0 14.0 20 330 M M 10 18 25 320
12 51 44 48 1 17 0 T 0.0 0 10.6 23 270 M M 9 29 260
13 45 35 40 -8 25 0 T 0.0 0 13.8 26 290 M M 10 1 34 240
14 44 32 38 -10 27 0 T T 0 9.9 20 290 M M 8 26 280
15 51 34 43 -5 22 0 0.00 0.0 0 8.1 16 320 M M 8 22 320
16 64 32 48 -1 17 0 0.00 0.0 0 4.6 13 290 M M 1 12 17 290
17 63 35 49 0 16 0 0.00 0.0 0 6.9 16 320 M M 2 22 330
18 65 38 52 2 13 0 0.02 0.0 0 7.3 28 320 M M 5 35 320
19 44 36 40 -10 25 0 T 0.0 0 15.2 23 310 M M 9 32 310
20 48 31 40 -11 25 0 0.00 0.0 0 7.3 15 310 M M 8 21 320
21 45 28 37 -14 28 0 0.00 0.0 0 8.4 17 310 M M 6 22 290
22 67 29 48 -4 17 0 0.00 0.0 0 9.1 20 230 M M 3 27 240
23 63 48 56 4 9 0 T 0.0 0 9.2 21 210 M M 8 27 200
24 55 33 44 -8 21 0 0.00 0.0 0 10.2 22 320 M M 8 1 27 320
25 52 27 40 -13 25 0 0.01 0.0 0 6.1 15 140 M M 4 21 160
26 64 41 53 0 12 0 0.00 0.0 0 8.6 17 150 M M 5 25 140
27 70 45 58 4 7 0 0.53 0.0 0 9.7 25 260 M M 6 13 32 270
28 59 47 53 -1 12 0 T 0.0 0 6.9 14 320 M M 7 18 340
29 72 44 58 4 7 0 T 0.0 0 9.7 28 300 M M 2 138 38 300
30 64 45 55 0 10 0 0.00 0.0 0 7.2 20 10 M M 0 28 10
================================================================================
SM 1812 1207 448 16 1.32 T 276.4 M 153
================================================================================
AV 60.4 40.2 9.2 FASTST M M 5 MAX(MPH)
MISC ----> # 28 320 38 300
================================================================================
NOTES:
# LAST OF SEVERAL OCCURRENCES
COLUMN 17 PEAK WIND IN M.P.H.
PRELIMINARY LOCAL CLIMATOLOGICAL DATA (WS FORM: F-6) , PAGE 2
STATION: LA CROSSE WI
MONTH: APRIL
YEAR: 2021
LATITUDE: 43 52 N
LONGITUDE: 91 15 W
[TEMPERATURE DATA] [PRECIPITATION DATA] SYMBOLS USED IN COLUMN 16
AVERAGE MONTHLY: 50.3 TOTAL FOR MONTH: 1.32 1 = FOG OR MIST
DPTR FM NORMAL: 1.7 DPTR FM NORMAL: -2.02 2 = FOG REDUCING VISIBILITY
HIGHEST: 82 ON 6 GRTST 24HR 0.53 ON 27-27 TO 1/4 MILE OR LESS
LOWEST: 21 ON 1 3 = THUNDER
SNOW, ICE PELLETS, HAIL 4 = ICE PELLETS
TOTAL MONTH: T 5 = HAIL
GRTST 24HR T ON 14-14 6 = FREEZING RAIN OR DRIZZLE
GRTST DEPTH: 0 7 = DUSTSTORM OR SANDSTORM:
VSBY 1/2 MILE OR LESS
8 = SMOKE OR HAZE
[NO. OF DAYS WITH] [WEATHER - DAYS WITH] 9 = BLOWING SNOW
X = TORNADO
MAX 32 OR BELOW: 0 0.01 INCH OR MORE: 7
MAX 90 OR ABOVE: 0 0.10 INCH OR MORE: 4
MIN 32 OR BELOW: 8 0.50 INCH OR MORE: 1
MIN 0 OR BELOW: 0 1.00 INCH OR MORE: 0
[HDD (BASE 65) ]
TOTAL THIS MO. 448 CLEAR (SCALE 0-3) 12
DPTR FM NORMAL -51 PTCLDY (SCALE 4-7) 10
TOTAL FM JUL 1 6438 CLOUDY (SCALE 8-10) 8
DPTR FM NORMAL -514
[CDD (BASE 65) ]
TOTAL THIS MO. 16
DPTR FM NORMAL 9 [PRESSURE DATA]
TOTAL FM JAN 1 16 HIGHEST SLP 30.64 ON 1
DPTR FM NORMAL 9 LOWEST SLP 29.43 ON 8
[REMARKS]
#FINAL-04-21#