000
CXUS53 KARX 011737
CF6LSE
PRELIMINARY LOCAL CLIMATOLOGICAL DATA (WS FORM: F-6)
STATION: LA CROSSE WI
MONTH: SEPTEMBER
YEAR: 2020
LATITUDE: 43 52 N
LONGITUDE: 91 15 W
TEMPERATURE IN F: :PCPN: SNOW: WIND :SUNSHINE: SKY :PK WND
================================================================================
1 2 3 4 5 6A 6B 7 8 9 10 11 12 13 14 15 16 17 18
12Z AVG MX 2MIN
DY MAX MIN AVG DEP HDD CDD WTR SNW DPTH SPD SPD DIR MIN PSBL S-S WX SPD DR
================================================================================
1 74 53 64 -4 1 0 T 0.0 0 6.1 15 180 M M 6 12 21 150
2 84 58 71 3 0 6 0.00 0.0 0 8.5 17 170 M M 0 25 300
3 75 54 65 -3 0 0 T 0.0 0 15.8 30 310 M M 0 42 310
4 79 52 66 -2 0 1 0.00 0.0 0 8.0 22 290 M M 1 28 310
5 80 53 67 0 0 2 0.00 0.0 0 5.5 14 330 M M 0 18 310
6 82 61 72 5 0 7 0.21 0.0 0 13.6 35 170 M M 5 3 51 170
7 70 54 62 -4 3 0 T 0.0 0 10.7 23 330 M M 3 31 330
8 54 48 51 -15 14 0 0.37 0.0 0 7.7 16 330 M M 8 1 21 330
9 51 48 50 -16 15 0 0.52 0.0 0 6.9 12 10 M M 10 1 16 10
10 57 46 52 -13 13 0 0.07 0.0 0 3.8 9 340 M M 10 11 350
11 63 52 58 -7 7 0 0.11 0.0 0 5.0 12 130 M M 10 17 120
12 67 58 63 -1 2 0 0.88 0.0 0 3.4 8 280 M M 10 1 12 290
13 73 53 63 -1 2 0 0.00 0.0 0 2.7 10 290 M M 2 1 14 290
14 77 54 66 2 0 1 0.00 0.0 0 6.9 17 180 M M 3 12 22 160
15 82 62 72 9 0 7 0.00 0.0 0 11.0 23 210 M M 0 31 220
16 76 53 65 2 0 0 0.00 0.0 0 9.2 17 340 M M 0 24 350
17 66 46 56 -6 9 0 0.00 0.0 0 7.9 14 330 M M 2 18 330
18 66 40 53 -9 12 0 0.00 0.0 0 5.1 10 300 M M 0 15 280
19 70 43 57 -4 8 0 0.00 0.0 0 8.6 16 170 M M 0 21 180
20 73 52 63 2 2 0 0.00 0.0 0 11.5 22 170 M M 1 33 170
21 76 55 66 6 0 1 0.00 0.0 0 10.2 18 170 M M 0 26 160
22 82 59 71 11 0 6 0.01 0.0 0 5.9 12 180 M M 0 3 14 170
23 83 56 70 10 0 5 0.00 0.0 0 7.1 15 160 M M 0 18 180
24 70 59 65 6 0 0 1.33 0.0 0 5.7 17 160 M M 6 123 28 160
25 82 57 70 11 0 5 0.00 0.0 0 12.3 24 190 M M 2 12 33 160
26 76 64 70 12 0 5 0.00 0.0 0 7.0 18 290 M M 2 24 290
27 72 57 65 7 0 0 T 0.0 0 8.8 15 290 M M 4 24 290
28 61 50 56 -1 9 0 0.01 0.0 0 11.4 20 300 M M 8 25 330
29 65 50 58 1 7 0 0.00 0.0 0 8.0 14 250 M M 7 20 260
30 65 46 56 0 9 0 0.11 0.0 0 13.7 37 320 M M 5 1 51 320
================================================================================
SM 2151 1593 113 46 3.62 0.0 248.0 M 105
================================================================================
AV 71.7 53.1 8.3 FASTST M M 4 MAX(MPH)
MISC ----> # 37 320 # 51 170
================================================================================
NOTES:
# LAST OF SEVERAL OCCURRENCES
COLUMN 17 PEAK WIND IN M.P.H.
PRELIMINARY LOCAL CLIMATOLOGICAL DATA (WS FORM: F-6) , PAGE 2
STATION: LA CROSSE WI
MONTH: SEPTEMBER
YEAR: 2020
LATITUDE: 43 52 N
LONGITUDE: 91 15 W
[TEMPERATURE DATA] [PRECIPITATION DATA] SYMBOLS USED IN COLUMN 16
AVERAGE MONTHLY: 62.4 TOTAL FOR MONTH: 3.62 1 = FOG OR MIST
DPTR FM NORMAL: -0.4 DPTR FM NORMAL: 0.06 2 = FOG REDUCING VISIBILITY
HIGHEST: 84 ON 2 GRTST 24HR 1.98 ON 31- 1 TO 1/4 MILE OR LESS
LOWEST: 40 ON 18 3 = THUNDER
SNOW, ICE PELLETS, HAIL 4 = ICE PELLETS
TOTAL MONTH: 0.0 INCH 5 = HAIL
GRTST 24HR 0.0 6 = FREEZING RAIN OR DRIZZLE
GRTST DEPTH: 0 7 = DUSTSTORM OR SANDSTORM:
VSBY 1/2 MILE OR LESS
8 = SMOKE OR HAZE
[NO. OF DAYS WITH] [WEATHER - DAYS WITH] 9 = BLOWING SNOW
X = TORNADO
MAX 32 OR BELOW: 0 0.01 INCH OR MORE: 10
MAX 90 OR ABOVE: 0 0.10 INCH OR MORE: 7
MIN 32 OR BELOW: 0 0.50 INCH OR MORE: 3
MIN 0 OR BELOW: 0 1.00 INCH OR MORE: 1
[HDD (BASE 65) ]
TOTAL THIS MO. 113 CLEAR (SCALE 0-3) 18
DPTR FM NORMAL -27 PTCLDY (SCALE 4-7) 8
TOTAL FM JUL 1 115 CLOUDY (SCALE 8-10) 4
DPTR FM NORMAL -45
[CDD (BASE 65) ]
TOTAL THIS MO. 46
DPTR FM NORMAL -28 [PRESSURE DATA]
TOTAL FM JAN 1 1023 HIGHEST SLP 30.49 ON 10
DPTR FM NORMAL 249 LOWEST SLP 29.42 ON 26
[REMARKS]
#FINAL-09-20#