701
CXUS53 KARX 020801
CLSLSE
CLIMATE REPORT
NATIONAL WEATHER SERVICE
201 AM CST TUE MAR 02 2021
...................................
...THE LA CROSSE WI CLIMATE SUMMARY FOR THE SEASON, FROM
12/1/2020 TO 2/28/2021...
CLIMATE NORMAL PERIOD 1981 TO 2010
CLIMATE RECORD PERIOD 1872 TO 2021
WEATHER OBSERVED NORMAL DEPART LAST YEAR`S
VALUE DATE(S) VALUE FROM VALUE DATE(S)
NORMAL
................................................................
TEMPERATURE (F)
RECORD
HIGH 67 12/05/1998
LOW -43 01/18/1873
HIGHEST 54 12/10 54 12/29
LOWEST -21 02/15 -16 02/14
AVG. MAXIMUM 29.5 28.7 0.8 33.0
AVG. MINIMUM 13.0 12.2 0.8 16.0
MEAN 21.2 20.5 0.7 24.5
DAYS MAX >= 90 0 0.0 0.0 0
DAYS MAX <= 32 49 52.0 -3.0 38
DAYS MIN <= 32 87 85.4 1.6 86
DAYS MIN <= 0 17 19.4 -2.4 12
PRECIPITATION (INCHES)
RECORD
MAXIMUM 7.47 1875
MINIMUM 0.92 1963
TOTALS 1.98 3.53 -1.55 3.49
DAYS >= .01 18 26.3 -8.3 26
DAYS >= .10 7 10.4 -3.4 10
DAYS >= .50 0 1.4 -1.4 2
DAYS >= 1.00 0 0.2 -0.2 0
GREATEST
24 HR. TOTAL 0.35 0MM04 TO 02/04 0.74
SNOWFALL (INCHES)
RECORDS
TOTAL 60.4 1970
SNOW DEPTH 34 01/24/1979
TOTALS 25.7 30.2 -4.5 28.8
SNOWDEPTH AVG. 5 3
DAYS >= TRACE 31 21.0 10.0 40
DAYS >= 1.0 9 10.0 -1.0 10
GREATEST
SNOW DEPTH 14 02/22 11 02/10
DEGREE DAYS
HEATING TOTAL 3893 4009 -116 3664
COOLING TOTAL 0 0 0 0
................................................................
WIND (MPH)
AVERAGE WIND SPEED 7.3
HIGHEST WIND SPEED/DIRECTION 39/200 DATE 12/23
HIGHEST GUST SPEED/DIRECTION 58/180 DATE 12/23
AVERAGE RH (PERCENT) 71
WEATHER CONDITIONS. NUMBER OF DAYS WITH
THUNDERSTORM 0 MIXED PRECIP 0
HEAVY RAIN 0 RAIN 0
LIGHT RAIN 8 FREEZING RAIN 0
LT FREEZING RAIN 2 HAIL 0
HEAVY SNOW 2 SNOW 4
LIGHT SNOW 31 SLEET 0
FOG 40 FOG W/VIS <= 1/4 MILE 8
HAZE 42
- INDICATES NEGATIVE NUMBERS.
R INDICATES RECORD WAS SET OR TIED.
MM INDICATES DATA IS MISSING.
T INDICATES TRACE AMOUNT.
$$
BOYNE