000
CXUS53 KILX 011000
CF6LWV
PRELIMINARY LOCAL CLIMATOLOGICAL DATA (WS FORM: F-6)
STATION: LAWRENCEVILLE IL AIRPORT
MONTH: DECEMBER
YEAR: 2023
LATITUDE: 38 45 N
LONGITUDE: 87 36 W
TEMPERATURE IN F: :PCPN: SNOW: WIND :SUNSHINE: SKY :PK WND
================================================================================
1 2 3 4 5 6A 6B 7 8 9 10 11 12 13 14 15 16 17 18
12Z AVG MX 2MIN
DY MAX MIN AVG DEP HDD CDD WTR SNW DPTH SPD SPD DIR MIN PSBL S-S WX SPD DR
================================================================================
1 54 44 49 10 16 0 0.39 M M 12.9 30 180 M M 10 1 37 180
2 52 43 48 9 17 0 0.00 M M 5.3 15 290 M M 9 20 260
3 52 34 43 4 22 0 0.00 M M 9.7 25 260 M M 7 1 33 260
4 52 34 43 5 22 0 0.03 M M 7.7 16 60 M M 6 1 20 60
5 50 40 45 7 20 0 T M M 11.6 22 340 M M 9 18 30 310
6 47 32 40 2 25 0 0.00 M M 8.3 16 340 M M 7 22 320
7 62 32 47 9 18 0 0.00 M M 12.9 22 210 M M 0 27 210
8 65 44 55 18 10 0 T M M 16.0 24 180 M M 9 31 180
9 68 38 53 16 12 0 0.00 M M 13.8 24 190 M M 7 33 180
10 44 28 36 -1 29 0 0.00 M M 11.4 25 310 M M 10 32 300
11 46 21 34 -2 31 0 0.00 M M 5.0 12 230 M M 0 15 220
12 57 27 42 6 23 0 0.00 M M 5.4 12 260 M M 0 16 270
13 53 29 41 5 24 0 0.00 M M 2.7 8 60 M M 0 11 70
14 60 25 43 7 22 0 0.00 M M 2.3 8 90 M M 0 12 100
15 63 28 46 10 19 0 0.00 M M 6.1 13 180 M M 0 8 17 180
16 58 42 50 15 15 0 0.63 M M 8.1 23 160 M M 7 1 30 170
17 49 41 45 10 20 0 0.12 M M 9.2 20 300 M M 10 1 24 300
18 41 24 33 -2 32 0 T M M 17.6 36 320 M M 9 46 310
19 39 18 29 -5 36 0 0.00 M M 5.8 13 180 M M 0 17 170
20 54 28 41 7 24 0 0.00 M M 9.4 16 200 M M 0 21 190
21 56 34 45 11 20 0 0.00 M M 6.6 13 170 M M 2 19 210
22 55 43 49 15 16 0 0.04 M M 7.9 14 180 M M 10 17 180
23 56 47 52 18 13 0 0.09 M M 6.3 12 180 M M 10 1 14 180
24 68 51 60 26 5 0 0.00 M M 9.2 16 170 M M 5 1 20 170
25 59 50 55 22 10 0 0.34 M M 15.8 30 130 M M 8 18 43 130
26 50 34 42 9 23 0 0.01 M M 6.4 15 200 M M 6 1 22 200
27 49 31 40 7 25 0 0.07 M M 5.5 15 100 M M 6 1 19 110
28 42 34 38 5 27 0 0.60 M M 7.8 12 260 M M 10 1 16 290
29 40 34 37 5 28 0 0.10 M M 8.4 16 290 M M 10 1 20 290
30 49 35 42 10 23 0 0.00 M M 10.1 17 290 M M 6 1 22 280
31 39 32 36 4 29 0 T M M 10.7 24 290 M M 7 31 290
================================================================================
SM 1629 1077 656 0 2.42 M 275.9 M 180
================================================================================
AV 52.5 34.7 8.9 FASTST M M 6 MAX(MPH)
MISC ----> 36 320 46 310
================================================================================
NOTES:
# LAST OF SEVERAL OCCURRENCES
COLUMN 17 PEAK WIND IN M.P.H.
PRELIMINARY LOCAL CLIMATOLOGICAL DATA (WS FORM: F-6) , PAGE 2
STATION: LAWRENCEVILLE IL AIRPORT
MONTH: DECEMBER
YEAR: 2023
LATITUDE: 38 45 N
LONGITUDE: 87 36 W
[TEMPERATURE DATA] [PRECIPITATION DATA] SYMBOLS USED IN COLUMN 16
AVERAGE MONTHLY: 43.6 TOTAL FOR MONTH: 2.42 1 = FOG OR MIST
DPTR FM NORMAL: 8.2 DPTR FM NORMAL: -0.24 2 = FOG REDUCING VISIBILITY
HIGHEST: 68 ON 24, 9 GRTST 24HR 0.75 ON 16-17 TO 1/4 MILE OR LESS
LOWEST: 18 ON 19 3 = THUNDER
SNOW, ICE PELLETS, HAIL 4 = ICE PELLETS
TOTAL MONTH: M 5 = HAIL
GRTST 24HR M ON M 6 = FREEZING RAIN OR DRIZZLE
GRTST DEPTH: M ON M 7 = DUSTSTORM OR SANDSTORM:
VSBY 1/2 MILE OR LESS
8 = SMOKE OR HAZE
[NO. OF DAYS WITH] [WEATHER - DAYS WITH] 9 = BLOWING SNOW
X = TORNADO
MAX 32 OR BELOW: 0 0.01 INCH OR MORE: 11
MAX 90 OR ABOVE: 0 0.10 INCH OR MORE: 6
MIN 32 OR BELOW: 13 0.50 INCH OR MORE: 2
MIN 0 OR BELOW: 0 1.00 INCH OR MORE: 0
[HDD (BASE 65) ]
TOTAL THIS MO. 656 CLEAR (SCALE 0-3) 9
DPTR FM NORMAL -262 PTCLDY (SCALE 4-7) 11
TOTAL FM JUL 1 1348 CLOUDY (SCALE 8-10) 11
DPTR FM NORMAL -478
[CDD (BASE 65) ]
TOTAL THIS MO. 0
DPTR FM NORMAL 0 [PRESSURE DATA]
TOTAL FM JAN 1 1445 HIGHEST SLP 30.78 ON 14
DPTR FM NORMAL 66 LOWEST SLP 29.76 ON 25
[REMARKS]
#FINAL-12-23#