000
CXUS55 KEAX 010836
CF6LXT
PRELIMINARY LOCAL CLIMATOLOGICAL DATA (WS FORM: F-6)
STATION: LEE`S SUMMIT MO
MONTH: JANUARY
YEAR: 2021
LATITUDE: 38 57 N
LONGITUDE: 94 22 W
TEMPERATURE IN F: :PCPN: SNOW: WIND :SUNSHINE: SKY :PK WND
================================================================================
1 2 3 4 5 6A 6B 7 8 9 10 11 12 13 14 15 16 17 18
12Z AVG MX 2MIN
DY MAX MIN AVG DEP HDD CDD WTR SNW DPTH SPD SPD DIR MIN PSBL S-S WX SPD DR
================================================================================
1 32 23 28 -1 37 0 0.46 M M 12.8 23 30 M M 9 16 32 30
2 32 20 26 -3 39 0 0.00 M M 3.1 12 230 M M 5 128 13 230
3 32 25 29 0 36 0 0.00 M M 7.7 13 210 M M 10 12 16 200
4 42 30 36 7 29 0 0.00 M M 7.4 17 320 M M 5 12 22 300
5 49 28 39 10 26 0 0.00 M M 6.8 14 120 M M 0 22 130
6 42 37 40 11 25 0 0.25 M M 9.6 17 140 M M 8 1 28 150
7 38 28 33 4 32 0 T M M 10.8 17 70 M M 10 1 24 60
8 37 25 31 2 34 0 0.00 M M 6.6 15 10 M M 4 18 19 20
9 36 27 32 3 33 0 0.00 M M 5.5 12 320 M M 8 16 350
10 35 23 29 0 36 0 0.00 M M 6.2 13 20 M M 8 17 350
11 44 25 35 6 30 0 0.00 M M 9.2 18 210 M M 3 22 220
12 54 30 42 13 23 0 0.00 M M 11.3 16 220 M M 0 22 240
13 55 32 44 15 21 0 0.00 M M 13.3 21 210 M M 0 28 200
14 49 36 43 14 22 0 T M M 18.8 32 310 M M 5 45 300
15 36 30 33 4 32 0 M M M 19.4 30 300 M M 10 1 45 300
16 33 28 31 2 34 0 0.00 M M 10.2 23 320 M M 8 31 310
17 41 22 32 3 33 0 0.00 M M 9.3 21 300 M M 5 28 300
18 41 28 35 6 30 0 0.00 M M 6.7 15 100 M M 7 1 19 100
19 47 28 38 9 27 0 0.00 M M 9.2 24 300 M M 4 12 33 300
20 52 26 39 10 26 0 0.00 M M 13.4 31 220 M M 1 46 230
21 57 27 42 13 23 0 0.00 M M 7.5 18 20 M M 0 25 10
22 36 23 30 1 35 0 0.00 M M 8.4 15 10 M M 2 21 10
23 40 20 30 1 35 0 T M M 9.6 18 130 M M 5 26 120
24 40 35 38 9 27 0 0.00 M M 7.4 14 60 M M 10 18 19 60
25 36 32 34 5 31 0 0.64 M M 12.2 23 80 M M 10 1 33 60
26 32 23 28 -2 37 0 0.01 M M 9.7 17 340 M M 10 1 25 60
27 26 22 24 -6 41 0 0.04 M M 7.8 14 20 M M 10 1 17 30
28 35 19 27 -3 38 0 0.00 M M 8.5 17 200 M M 6 23 170
29 49 29 39 9 26 0 0.00 M M 12.1 22 200 M M 0 31 200
30 49 34 42 12 23 0 1.00 M M 12.1 25 330 M M 7 1 35 320
31 34 30 32 2 33 0 0.00 M M 17.2 28 330 M M 10 8 39 340
================================================================================
SM 1261 845 954 0 2.40 M 309.8 M 180
================================================================================
AV 40.7 27.3 10.0 FASTST M M 6 MAX(MPH)
MISC ----> 32 310 46 230
================================================================================
NOTES:
# LAST OF SEVERAL OCCURRENCES
COLUMN 17 PEAK WIND IN M.P.H.
PRELIMINARY LOCAL CLIMATOLOGICAL DATA (WS FORM: F-6) , PAGE 2
STATION: LEE`S SUMMIT MO
MONTH: JANUARY
YEAR: 2021
LATITUDE: 38 57 N
LONGITUDE: 94 22 W
[TEMPERATURE DATA] [PRECIPITATION DATA] SYMBOLS USED IN COLUMN 16
AVERAGE MONTHLY: 34.0 TOTAL FOR MONTH: 2.40 1 = FOG OR MIST
DPTR FM NORMAL: 4.8 DPTR FM NORMAL: 1.20 2 = FOG REDUCING VISIBILITY
HIGHEST: 57 ON 21 GRTST 24HR 1.00 ON 30-30 TO 1/4 MILE OR LESS
LOWEST: 19 ON 28 3 = THUNDER
SNOW, ICE PELLETS, HAIL 4 = ICE PELLETS
TOTAL MONTH: M 5 = HAIL
GRTST 24HR M ON M 6 = FREEZING RAIN OR DRIZZLE
GRTST DEPTH: M ON M 7 = DUSTSTORM OR SANDSTORM:
VSBY 1/2 MILE OR LESS
8 = SMOKE OR HAZE
[NO. OF DAYS WITH] [WEATHER - DAYS WITH] 9 = BLOWING SNOW
X = TORNADO
MAX 32 OR BELOW: 5 0.01 INCH OR MORE: 6
MAX 90 OR ABOVE: 0 0.10 INCH OR MORE: 4
MIN 32 OR BELOW: 27 0.50 INCH OR MORE: 2
MIN 0 OR BELOW: 0 1.00 INCH OR MORE: 1
[HDD (BASE 65) ]
TOTAL THIS MO. 954 CLEAR (SCALE 0-3) 8
DPTR FM NORMAL -156 PTCLDY (SCALE 4-7) 12
TOTAL FM JUL 1 2614 CLOUDY (SCALE 8-10) 11
DPTR FM NORMAL -474
[CDD (BASE 65) ]
TOTAL THIS MO. 0
DPTR FM NORMAL 0 [PRESSURE DATA]
TOTAL FM JAN 1 0 HIGHEST SLP 30.67 ON 28
DPTR FM NORMAL 0 LOWEST SLP 29.48 ON 30
[REMARKS]
#FINAL-01-21#