000
CXUS54 KMAF 011509
CF6MAF
PRELIMINARY LOCAL CLIMATOLOGICAL DATA (WS FORM: F-6)
STATION: MIDLAND INTERNATIONAL AIRPORT
MONTH: NOVEMBER
YEAR: 2022
LATITUDE: 31 57 N
LONGITUDE: 102 11 W
TEMPERATURE IN F: :PCPN: SNOW: WIND :SUNSHINE: SKY :PK WND
================================================================================
1 2 3 4 5 6A 6B 7 8 9 10 11 12 13 14 15 16 17 18
12Z AVG MX 2MIN
DY MAX MIN AVG DEP HDD CDD WTR SNW DPTH SPD SPD DIR MIN PSBL S-S WX SPD DR
================================================================================
1 72 46 59 -1 6 0 0.00 0.0 0 8.1 16 150 M M 2 12 21 150
2 72 55 64 4 1 0 0.00 0.0 0 14.8 25 180 M M 3 35 170
3 77 60 69 10 0 4 0.00 0.0 0 18.4 28 180 M M 6 18 42 190
4 69 41 55 -4 10 0 0.00 0.0 0 16.4 39 250 M M 1 18 54 240
5 73 38 56 -2 9 0 0.00 0.0 0 12.6 24 240 M M 0 33 230
6 81 49 65 7 0 0 0.00 0.0 0 6.6 15 250 M M 0 8 20 240
7 78 50 64 6 1 0 0.00 0.0 0 9.4 17 150 M M 4 24 150
8 77 63 70 13 0 5 0.00 0.0 0 16.6 26 160 M M 6 34 160
9 79 62 71 14 0 6 0.00 0.0 0 19.0 33 170 M M 4 40 170
10 78 53 66 10 0 1 0.00 0.0 0 8.2 22 270 M M 1 18 28 190
11 56 36 46 -10 19 0 0.00 0.0 0 14.0 24 30 M M 3 8 31 30
12 52 26 39 -16 26 0 0.00 0.0 0 6.9 13 150 M M 0 8 18 150
13 54 32 43 -12 22 0 0.00 0.0 0 14.0 24 160 M M 0 30 160
14 55 31 43 -12 22 0 T 0.0 0 13.4 31 280 M M 1 40 290
15 49 24 37 -17 28 0 0.00 0.0 0 8.2 14 80 M M 2 8 20 40
16 48 35 42 -12 23 0 0.00 0.0 0 8.1 14 70 M M 9 19 90
17 55 31 43 -11 22 0 0.00 0.0 0 7.5 17 200 M M 2 25 220
18 42 29 36 -17 29 0 0.00 0.0 0 12.5 23 60 M M 5 1 28 60
19 40 29 35 -18 30 0 0.00 0.0 0 8.3 15 70 M M 10 1 20 40
20 42 26 34 -18 31 0 T T 0 6.2 14 170 M M 8 18 16 170
21 57 26 42 -10 23 0 0.00 0.0 0 3.5 9 220 M M 3 128 13 220
22 62 24 43 -9 22 0 0.00 0.0 0 7.4 16 160 M M 2 12 20 160
23 62 45 54 3 11 0 0.00 0.0 0 9.1 16 170 M M 7 12 20 170
24 58 40 49 -2 16 0 0.01 0.0 0 15.1 25 360 M M 7 12 36 10
25 43 32 38 -13 27 0 0.77 0.3 0 13.8 24 40 M M 10 1 31 50
26 53 32 43 -7 22 0 0.10 0.3 T 12.2 25 270 M M 5 1 33 270
27 61 36 49 -1 16 0 0.00 0.0 0 7.2 16 330 M M 0 20 330
28 69 36 53 3 12 0 0.00 0.0 0 12.0 25 220 M M 0 34 230
29 72 38 55 5 10 0 0.00 0.0 0 15.3 36 260 M M 0 48 260
30 45 26 36 -13 29 0 0.00 0.0 0 10.4 18 40 M M 0 26 40
================================================================================
SM 1831 1151 467 16 0.88 0.6 335.2 M 101
================================================================================
AV 61.0 38.4 11.2 FASTST M M 3 MAX(MPH)
MISC ----> 39 250 54 240
================================================================================
NOTES:
# LAST OF SEVERAL OCCURRENCES
COLUMN 17 PEAK WIND IN M.P.H.
PRELIMINARY LOCAL CLIMATOLOGICAL DATA (WS FORM: F-6) , PAGE 2
STATION: MIDLAND INTERNATIONAL AIRPORT
MONTH: NOVEMBER
YEAR: 2022
LATITUDE: 31 57 N
LONGITUDE: 102 11 W
[TEMPERATURE DATA] [PRECIPITATION DATA] SYMBOLS USED IN COLUMN 16
AVERAGE MONTHLY: 49.7 TOTAL FOR MONTH: 0.88 1 = FOG OR MIST
DPTR FM NORMAL: -4.6 DPTR FM NORMAL: 0.16 2 = FOG REDUCING VISIBILITY
HIGHEST: 81 ON 6 GRTST 24HR 0.77 ON 24-25 TO 1/4 MILE OR LESS
LOWEST: 24 ON 22,15 3 = THUNDER
SNOW, ICE PELLETS, HAIL 4 = ICE PELLETS
TOTAL MONTH: 0.6 INCH 5 = HAIL
GRTST 24HR 0.3 ON 26-26 6 = FREEZING RAIN OR DRIZZLE
GRTST DEPTH: T 7 = DUSTSTORM OR SANDSTORM:
VSBY 1/2 MILE OR LESS
8 = SMOKE OR HAZE
[NO. OF DAYS WITH] [WEATHER - DAYS WITH] 9 = BLOWING SNOW
X = TORNADO
MAX 32 OR BELOW: 0 0.01 INCH OR MORE: 3
MAX 90 OR ABOVE: 0 0.10 INCH OR MORE: 2
MIN 32 OR BELOW: 13 0.50 INCH OR MORE: 1
MIN 0 OR BELOW: 0 1.00 INCH OR MORE: 0
[HDD (BASE 65) ]
TOTAL THIS MO. 467 CLEAR (SCALE 0-3) 16
DPTR FM NORMAL 133 PTCLDY (SCALE 4-7) 10
TOTAL FM JUL 1 566 CLOUDY (SCALE 8-10) 4
DPTR FM NORMAL 143
[CDD (BASE 65) ]
TOTAL THIS MO. 16
DPTR FM NORMAL 3 [PRESSURE DATA]
TOTAL FM JAN 1 2883 HIGHEST SLP 30.47 ON 16
DPTR FM NORMAL 211 LOWEST SLP 29.63 ON 29
[REMARKS]
#FINAL-11-22#