000
CXUS54 KMAF 030138
CF6MAF
PRELIMINARY LOCAL CLIMATOLOGICAL DATA (WS FORM: F-6)
STATION: MIDLAND INTERNATIONAL AIRPORT
MONTH: APRIL
YEAR: 2022
LATITUDE: 31 57 N
LONGITUDE: 102 11 W
TEMPERATURE IN F: :PCPN: SNOW: WIND :SUNSHINE: SKY :PK WND
================================================================================
1 2 3 4 5 6A 6B 7 8 9 10 11 12 13 14 15 16 17 18
12Z AVG MX 2MIN
DY MAX MIN AVG DEP HDD CDD WTR SNW DPTH SPD SPD DIR MIN PSBL S-S WX SPD DR
================================================================================
1 83 48 66 3 0 1 0.00 0.0 0 15.2 28 350 M M 0 8 44 240
2 80 43 62 -1 3 0 0.00 0.0 0 8.0 17 160 M M 0 21 160
3 89 52 71 8 0 6 0.05 0.0 0 12.5 35 210 M M 1 3 42 200
4 78 53 66 3 0 1 0.00 0.0 0 7.2 21 30 M M 2 26 40
5 91 51 71 7 0 6 0.00 0.0 0 16.3 31 250 M M 0 42 240
6 74 49 62 -2 3 0 0.00 0.0 0 14.7 36 20 M M 1 8 46 10
7 69 37 53 -11 12 0 0.00 0.0 0 6.3 16 50 M M 0 8 22 70
8 71 36 54 -10 11 0 0.00 0.0 0 6.3 15 40 M M 0 8 18 80
9 87 42 65 1 0 0 0.00 0.0 0 13.5 24 160 M M 0 30 160
10 89 60 75 10 0 10 0.00 0.0 0 14.8 31 270 M M 0 37 250
11 89 63 76 11 0 11 0.00 0.0 0 13.5 26 290 M M 0 34 290
12 90 64 77 12 0 12 0.00 0.0 0 16.9 36 240 M M 0 8 45 240
13 74 52 63 -3 2 0 0.00 0.0 0 12.7 25 350 M M 0 8 33 260
14 84 45 65 -1 0 0 0.00 0.0 0 11.5 24 190 M M 0 33 180
15 93 59 76 10 0 11 0.00 0.0 0 15.0 28 240 M M 0 34 240
16 77 59 68 2 0 3 0.00 0.0 0 11.7 26 20 M M 0 178 32 360
17 91 49 70 4 0 5 0.00 0.0 0 9.0 22 320 M M 0 33 320
18 80 48 64 -3 1 0 0.00 0.0 0 16.1 25 80 M M 1 8 32 80
19 76 59 68 1 0 3 0.00 0.0 0 21.7 31 160 M M 5 8 37 170
20 95 60 78 11 0 13 0.00 0.0 0 14.5 25 240 M M 1 18 34 240
21 94 63 79 12 0 14 0.00 0.0 0 13.8 30 160 M M 0 18 37 160
22 87 70 79 11 0 14 0.00 0.0 0 28.9 41 170 M M 5 8 50 160
23 91 65 78 10 0 13 0.00 0.0 0 14.2 37 170 M M 1 8 44 160
24 81 58 70 2 0 5 0.00 0.0 0 13.1 28 70 M M 3 32 60
25 71 55 63 -5 2 0 0.00 0.0 0 18.0 30 60 M M 4 37 70
26 72 45 59 -10 6 0 0.00 0.0 0 12.3 22 140 M M 2 26 140
27 82 59 71 2 0 6 0.00 0.0 0 19.7 30 160 M M 4 34 150
28 94 63 79 10 0 14 0.00 0.0 0 15.7 29 170 M M 0 34 170
29 92 65 79 9 0 14 0.00 0.0 0 13.8 25 230 M M 0 32 240
30 83 59 71 1 0 6 0.00 0.0 0 14.0 26 40 M M 0 8 34 40
================================================================================
SM 2507 1631 40 168 0.05 0.0 420.9 M 30
================================================================================
AV 83.6 54.4 14.0 FASTST M M 1 MAX(MPH)
MISC ----> 41 170 50 160
================================================================================
NOTES:
# LAST OF SEVERAL OCCURRENCES
COLUMN 17 PEAK WIND IN M.P.H.
PRELIMINARY LOCAL CLIMATOLOGICAL DATA (WS FORM: F-6) , PAGE 2
STATION: MIDLAND INTERNATIONAL AIRPORT
MONTH: APRIL
YEAR: 2022
LATITUDE: 31 57 N
LONGITUDE: 102 11 W
[TEMPERATURE DATA] [PRECIPITATION DATA] SYMBOLS USED IN COLUMN 16
AVERAGE MONTHLY: 69.0 TOTAL FOR MONTH: 0.05 1 = FOG OR MIST
DPTR FM NORMAL: 2.8 DPTR FM NORMAL: -0.65 2 = FOG REDUCING VISIBILITY
HIGHEST: 95 ON 20 GRTST 24HR 0.05 ON 3- 3 TO 1/4 MILE OR LESS
LOWEST: 36 ON 8 3 = THUNDER
SNOW, ICE PELLETS, HAIL 4 = ICE PELLETS
TOTAL MONTH: 0.0 INCH 5 = HAIL
GRTST 24HR 0.0 6 = FREEZING RAIN OR DRIZZLE
GRTST DEPTH: 0 7 = DUSTSTORM OR SANDSTORM:
VSBY 1/2 MILE OR LESS
8 = SMOKE OR HAZE
[NO. OF DAYS WITH] [WEATHER - DAYS WITH] 9 = BLOWING SNOW
X = TORNADO
MAX 32 OR BELOW: 0 0.01 INCH OR MORE: 1
MAX 90 OR ABOVE: 9 0.10 INCH OR MORE: 0
MIN 32 OR BELOW: 0 0.50 INCH OR MORE: 0
MIN 0 OR BELOW: 0 1.00 INCH OR MORE: 0
[HDD (BASE 65) ]
TOTAL THIS MO. 40 CLEAR (SCALE 0-3) 25
DPTR FM NORMAL -45 PTCLDY (SCALE 4-7) 5
TOTAL FM JUL 1 2319 CLOUDY (SCALE 8-10) 0
DPTR FM NORMAL -38
[CDD (BASE 65) ]
TOTAL THIS MO. 168
DPTR FM NORMAL 48 [PRESSURE DATA]
TOTAL FM JAN 1 197 HIGHEST SLP 30.33 ON 26
DPTR FM NORMAL 40 LOWEST SLP 29.41 ON 12
[REMARKS]
#FINAL-04-22#