000
CXUS53 KABR 011516
CLMMBG
CLIMATE REPORT
NATIONAL WEATHER SERVICE ABERDEEN SD
1016 AM CDT WED NOV 01 2023
...................................
...THE MOBRIDGE SD CLIMATE SUMMARY FOR THE MONTH OF OCTOBER 2023...
CLIMATE NORMAL PERIOD 1991 TO 2020
CLIMATE RECORD PERIOD 1911 TO 2023
WEATHER OBSERVED NORMAL DEPART LAST YEAR`S
VALUE DATE(S) VALUE FROM VALUE DATE(S)
NORMAL
................................................................
TEMPERATURE (F)
RECORD
HIGH 95 10/01/1953
LOW -1 10/26/2020
HIGHEST 90 10/01 60 30 84 10/02
LOWEST 11 10/31 MM MM 22 10/07
AVG. MAXIMUM 59.4 60.4 -1.0 65.8
AVG. MINIMUM 37.5 36.5 1.0 36.5
MEAN 48.4 48.4 0.0 51.1
DAYS MAX >= 90 1 0.2 0.8 0
DAYS MAX <= 32 4 0.6 3.4 0
DAYS MIN <= 32 9 11.1 -2.1 12
DAYS MIN <= 0 0 0.0 0.0 0
PRECIPITATION (INCHES)
RECORD
MAXIMUM 5.69 2013
MINIMUM T 1952
TOTALS 0.66 1.81 -1.15 0.12
DAYS >= .01 9 7.7 1.3 3
DAYS >= .10 2 3.5 -1.5 0
DAYS >= .50 0 0.9 -0.9 0
DAYS >= 1.00 0 0.4 -0.4 0
SNOWFALL (INCHES)
RECORDS
TOTAL 12.4 2020
SNOW DEPTH 8 10/25/2020
10/26/2020
10/27/2020
TOTALS 1.5 1.7 -0.2 T
SINCE 7/1 1.5 1.7 -0.2 MM
SNOWDEPTH AVG. 0 0
DAYS >= TRACE 4 0.9 3.1 1
DAYS >= 1.0 1 0.6 0.4 0
GREATEST
SNOW DEPTH 2 10/27 0 MM
DEGREE DAYS
HEATING TOTAL 521 520 1 430
SINCE 7/1 593 677 -84 MM
COOLING TOTAL 15 7 8 8
SINCE 1/1 831 812 19 MM
FREEZE DATES
RECORD
EARLIEST MM
LATEST MM
EARLIEST 10/06 MM
LATEST 05/02
................................................................
WIND (MPH)
AVERAGE WIND SPEED 11.4
RESULTANT WIND SPEED/DIRECTION 4/350
HIGHEST WIND SPEED/DIRECTION 40/320 DATE 10/17
HIGHEST GUST SPEED/DIRECTION 57/320 DATE 10/17
SKY COVER
POSSIBLE SUNSHINE (PERCENT) MM
AVERAGE SKY COVER 0.35
NUMBER OF DAYS FAIR 17
NUMBER OF DAYS PC 9
NUMBER OF DAYS CLOUDY 5
AVERAGE RH (PERCENT) 66
WEATHER CONDITIONS. NUMBER OF DAYS WITH
THUNDERSTORM 0 MIXED PRECIP 0
HEAVY RAIN 0 RAIN 1
LIGHT RAIN 8 FREEZING RAIN 0
LT FREEZING RAIN 1 HAIL 0
HEAVY SNOW 1 SNOW 2
LIGHT SNOW 3 SLEET 0
FOG 7 FOG W/VIS <= 1/4 MILE 3
HAZE 1
- INDICATES NEGATIVE NUMBERS.
R INDICATES RECORD WAS SET OR TIED.
MM INDICATES DATA IS MISSING.
T INDICATES TRACE AMOUNT.
$$