000
CXUS56 KHNX 051440
CF6MCE
PRELIMINARY LOCAL CLIMATOLOGICAL DATA (WS FORM: F-6)
STATION: MERCED CA AIRPORT
MONTH: SEPTEMBER
YEAR: 2023
LATITUDE: 37 16 N
LONGITUDE: 120 36 W
TEMPERATURE IN F: :PCPN: SNOW: WIND :SUNSHINE: SKY :PK WND
================================================================================
1 2 3 4 5 6A 6B 7 8 9 10 11 12 13 14 15 16 17 18
12Z AVG MX 2MIN
DY MAX MIN AVG DEP HDD CDD WTR SNW DPTH SPD SPD DIR MIN PSBL S-S WX SPD DR
================================================================================
1 83 62 73 -3 0 8 0.00 0.0 0 7.9 17 350 M M 5 8 21 340
2 84 65 75 -1 0 10 0.00 0.0 0 8.1 13 330 M M 5 18 320
3 79 63 71 -5 0 6 0.00 0.0 0 9.0 15 330 M M 5 22 10
4 86 56 71 -5 0 6 0.00 0.0 0 5.6 12 320 M M 0 1 19 310
5 90 59 75 -1 0 10 0.00 0.0 0 4.5 8 340 M M 0 12 220
6 90 61 76 0 0 11 0.00 0.0 0 6.7 15 330 M M 0 19 320
7 92 59 76 0 0 11 0.00 0.0 0 5.9 10 340 M M 0 16 360
8 95 59 77 2 0 12 0.00 0.0 0 3.9 13 340 M M 0 19 340
9 93 66 80 5 0 15 0.00 0.0 0 6.1 13 330 M M 0 3 19 330
10 95 64 80 5 0 15 0.00 0.0 0 6.1 14 320 M M 0 18 340
11 95 58 77 2 0 12 0.00 0.0 0 4.6 12 330 M M 0 16 330
12 92 58 75 0 0 10 0.00 0.0 0 5.3 10 310 M M 0 15 300
13 93 58 76 2 0 11 0.00 0.0 0 3.9 10 350 M M 0 15 300
14 95 59 77 3 0 12 0.00 0.0 0 3.8 9 270 M M 0 12 270
15 93 63 78 4 0 13 0.00 0.0 0 6.1 13 330 M M 0 20 350
16 88 63 76 2 0 11 0.00 0.0 0 7.8 14 340 M M 0 20 340
17 84 60 72 -1 0 7 0.00 0.0 0 7.9 14 340 M M 0 18 340
18 84 60 72 -1 0 7 0.00 0.0 0 6.9 14 340 M M 1 18 340
19 86 58 72 -1 0 7 0.00 0.0 0 6.8 13 340 M M 0 17 350
20 86 60 73 0 0 8 0.00 0.0 0 5.5 10 270 M M 0 8 15 270
21 80 56 68 -4 0 3 0.00 0.0 0 4.6 10 280 M M 0 18 16 270
22 83 54 69 -3 0 4 0.00 0.0 0 5.1 14 330 M M 0 8 17 320
23 85 55 70 -2 0 5 0.00 0.0 0 6.2 13 340 M M 0 18 17 340
24 87 54 71 -1 0 6 0.00 0.0 0 5.0 14 350 M M 0 8 19 350
25 81 57 69 -2 0 4 0.00 0.0 0 7.2 15 330 M M 0 19 330
26 84 56 70 -1 0 5 0.00 0.0 0 7.5 16 320 M M 0 24 340
27 84 56 70 -1 0 5 0.00 0.0 0 7.7 17 330 M M 0 23 300
28 86 55 71 1 0 6 0.00 0.0 0 6.3 17 330 M M 0 8 24 300
29 85 51 68 -2 0 3 0.00 0.0 0 4.6 15 340 M M 0 21 340
30 73 56 65 -5 0 0 0.03 0.0 0 5.4 15 260 M M 6 1 20 230
================================================================================
SM 2611 1761 0 243 0.03 0.0 182.0 M 22
================================================================================
AV 87.0 58.7 6.1 FASTST M M 1 MAX(MPH)
MISC ----> # 17 350 # 24 340
================================================================================
NOTES:
# LAST OF SEVERAL OCCURRENCES
COLUMN 17 PEAK WIND IN M.P.H.
PRELIMINARY LOCAL CLIMATOLOGICAL DATA (WS FORM: F-6) , PAGE 2
STATION: MERCED CA AIRPORT
MONTH: SEPTEMBER
YEAR: 2023
LATITUDE: 37 16 N
LONGITUDE: 120 36 W
[TEMPERATURE DATA] [PRECIPITATION DATA] SYMBOLS USED IN COLUMN 16
AVERAGE MONTHLY: 72.9 TOTAL FOR MONTH: 0.03 1 = FOG OR MIST
DPTR FM NORMAL: -0.6 DPTR FM NORMAL: -0.02 2 = FOG REDUCING VISIBILITY
HIGHEST: 95 ON 14,11 GRTST 24HR 0.03 ON 30-30 TO 1/4 MILE OR LESS
LOWEST: 51 ON 29 3 = THUNDER
SNOW, ICE PELLETS, HAIL 4 = ICE PELLETS
TOTAL MONTH: 0.0 INCH 5 = HAIL
GRTST 24HR 0.0 6 = FREEZING RAIN OR DRIZZLE
GRTST DEPTH: 0 7 = DUSTSTORM OR SANDSTORM:
VSBY 1/2 MILE OR LESS
8 = SMOKE OR HAZE
[NO. OF DAYS WITH] [WEATHER - DAYS WITH] 9 = BLOWING SNOW
X = TORNADO
MAX 32 OR BELOW: 0 0.01 INCH OR MORE: 1
MAX 90 OR ABOVE: 11 0.10 INCH OR MORE: 0
MIN 32 OR BELOW: 0 0.50 INCH OR MORE: 0
MIN 0 OR BELOW: 0 1.00 INCH OR MORE: 0
[HDD (BASE 65) ]
TOTAL THIS MO. 0 CLEAR (SCALE 0-3) 26
DPTR FM NORMAL -7 PTCLDY (SCALE 4-7) 4
TOTAL FM JUL 1 0 CLOUDY (SCALE 8-10) 0
DPTR FM NORMAL -4
[CDD (BASE 65) ]
TOTAL THIS MO. 243
DPTR FM NORMAL -19 [PRESSURE DATA]
TOTAL FM JAN 1 1595 HIGHEST SLP 30.12 ON 26
DPTR FM NORMAL 77 LOWEST SLP 29.71 ON 20
[REMARKS]
#FINAL-09-23#