000
CXUS53 KEAX 012129
CLMMCI
STLCLMWRK 000
TTAA00 EAX 012126
CLIMATE REPORT
NATIONAL WEATHER SERVICE KANSAS CITY/PLEASANT HILL MO
425 PM CDT TUE AUG 01 2023
...................................
...THE KANSAS CITY INTERNATIONAL MO CLIMATE SUMMARY FOR THE MONTH OF JULY 2023...
CLIMATE NORMAL PERIOD: 1991 TO 2020
CLIMATE RECORD PERIOD: 1888 TO 2023
WEATHER OBSERVED NORMAL DEPART LAST YEAR`S
VALUE DATE(S) VALUE FROM VALUE DATE(S)
NORMAL
................................................................
TEMPERATURE (F)
RECORD
HIGH 112 07/13/1954
LOW 51 07/05/1997
HIGHEST 99 07/28 98 1 101 07/23
LOWEST 59 07/10 58 1 60 07/29
AVG. MAXIMUM 87.3 88.3 -1.0 89.0
AVG. MINIMUM 67.3 68.1 -0.8 69.2
MEAN 77.3 78.2 -0.9 79.1
DAYS MAX >= 90 13 13.1 -0.1 15
DAYS MAX <= 32 0 0.0 0.0 0
DAYS MIN <= 32 0 0.0 0.0 0
DAYS MIN <= 0 0 0.0 0.0 0
PRECIPITATION (INCHES)
RECORD
MAXIMUM 15.47 1992
MINIMUM 0.12 2003
TOTALS 5.41 4.58 0.83 2.30
DAILY AVG. 0.17 0.15 0.02 0.07
DAYS >= .01 11 9.0 2.0 11
DAYS >= .10 10 5.9 4.1 5
DAYS >= .50 5 2.9 2.1 2
DAYS >= 1.00 0 1.5 -1.5 0
GREATEST
24 HR. TOTAL 1.14 07/04 TO 07/05
SNOWFALL (INCHES)
RECORDS
TOTAL 0.0 0
TOTALS 0.0 0.0 0.0 0.0
SINCE 7/1 0.0 0.0 0.0 MM
SNOWDEPTH AVG. 0 0
DAYS >= 1.0 0 0.0 0.0 0
GREATEST
SNOW DEPTH 0 0 MM
24 HR TOTAL MM
DEGREE DAYS
HEATING TOTAL 0 0 0 0
SINCE 7/1 0 0 0 MM
COOLING TOTAL 387 409 -22 443
SINCE 1/1 832 809 23 MM
................................................................
WIND (MPH)
AVERAGE WIND SPEED 7.5
HIGHEST WIND SPEED/DIRECTION 44/020 DATE 07/30
HIGHEST GUST SPEED/DIRECTION 65/040 DATE 07/30
SKY COVER
POSSIBLE SUNSHINE (PERCENT) MM
AVERAGE SKY COVER 0.56
NUMBER OF DAYS FAIR 3
NUMBER OF DAYS PC 21
NUMBER OF DAYS CLOUDY 7
AVERAGE RH (PERCENT) 76
WEATHER CONDITIONS. NUMBER OF DAYS WITH
THUNDERSTORM 11 MIXED PRECIP 0
HEAVY RAIN 7 RAIN 8
LIGHT RAIN 15 FREEZING RAIN 0
LT FREEZING RAIN 0 HAIL 0
HEAVY SNOW 0 SNOW 0
LIGHT SNOW 0 SLEET 0
FOG 20 FOG W/VIS <= 1/4 MILE 1
HAZE 12
- INDICATES NEGATIVE NUMBERS.
R INDICATES RECORD WAS SET OR TIED.
MM INDICATES DATA IS MISSING.
T INDICATES TRACE AMOUNT.
$$