000
CXUS53 KGLD 010800
CF6MCK
PRELIMINARY LOCAL CLIMATOLOGICAL DATA (WS FORM: F-6)
STATION: MCCOOK NE
MONTH: SEPTEMBER
YEAR: 2021
LATITUDE: 40 13 N
LONGITUDE: 100 35 W
TEMPERATURE IN F: :PCPN: SNOW: WIND :SUNSHINE: SKY :PK WND
================================================================================
1 2 3 4 5 6A 6B 7 8 9 10 11 12 13 14 15 16 17 18
12Z AVG MX 2MIN
DY MAX MIN AVG DEP HDD CDD WTR SNW DPTH SPD SPD DIR MIN PSBL S-S WX SPD DR
================================================================================
1 91 65 78 6 0 13 0.00 M M 15.1 25 120 M M 5 1 41 140
2 90 66 78 7 0 13 0.45 M M 9.9 26 200 M M 5 13 39 190
3 82 61 72 1 0 7 0.05 M M 6.1 17 20 M M 4 1 22 50
4 84 64 74 3 0 9 0.02 M M 4.3 14 320 M M 3 1 17 320
5 91 59 75 5 0 10 0.02 M M 5.6 18 170 M M 1 13 26 150
6 99 53 76 6 0 11 0.00 M M 5.6 13 200 M M 0 1 19 200
7 85 55 70 0 0 5 0.00 M M 9.4 26 30 M M 0 8 36 30
8 90 48 69 -1 0 4 0.00 M M 6.5 17 200 M M 0 25 190
9 91 50 71 2 0 6 0.00 M M 5.3 15 110 M M 0 19 110
10 102 51 77 8 0 12 0.00 M M 5.4 12 210 M M 0 1 18 220
11 104 58 81 13 0 16 0.00 M M 6.9 29 330 M M 0 8 39 340
12 94 66 80 12 0 15 T M M 8.1 24 90 M M 0 138 40 80
13 92 59 76 8 0 11 0.00 M M 8.4 23 340 M M 1 12 32 350
14 79 57 68 1 0 3 0.07 M M 7.3 18 50 M M 3 1 25 50
15 91 53 72 5 0 7 0.00 M M 10.8 22 190 M M 2 12 31 200
16 96 65 81 15 0 16 0.00 M M 14.0 28 180 M M 0 42 190
17 72 55 64 -2 1 0 0.01 M M 11.3 37 30 M M 7 50 30
18 91 50 71 5 0 6 0.00 M M 10.5 25 190 M M 0 36 190
19 99 68 84 19 0 19 0.00 M M 14.7 23 180 M M 0 34 170
20 77 51 64 -1 1 0 0.00 M M 15.8 37 350 M M 1 48 330
21 72 42 57 -7 8 0 T M M 10.1 21 340 M M 3 27 10
22 83 33 58 -6 7 0 0.00 M M 6.9 18 190 M M 0 25 170
23 91 48 70 6 0 5 0.00 M M 6.1 15 340 M M 0 22 180
24 79 48 64 1 1 0 0.00 M M 11.9 29 20 M M 0 37 20
25 87 39 63 0 2 0 0.00 M M 10.0 25 210 M M 0 35 200
26 99 45 72 10 0 7 0.00 M M 5.3 14 320 M M 0 21 170
27 97 46 72 10 0 7 0.00 M M 7.9 18 120 M M 0 26 120
28 92 47 70 9 0 5 0.00 M M 10.3 30 160 M M 0 8 43 150
29 85 55 70 9 0 5 2.54 M M 11.4 33 300 M M 3 13 44 270
30 70 51 61 1 4 0 0.08 M M 12.7 23 340 M M 5 1 31 350
================================================================================
SM 2655 1608 24 212 3.24 M 273.6 M 43
================================================================================
AV 88.5 53.6 9.1 FASTST M M 1 MAX(MPH)
MISC ----> # 37 30 50 30
================================================================================
NOTES:
# LAST OF SEVERAL OCCURRENCES
COLUMN 17 PEAK WIND IN M.P.H.
PRELIMINARY LOCAL CLIMATOLOGICAL DATA (WS FORM: F-6) , PAGE 2
STATION: MCCOOK NE
MONTH: SEPTEMBER
YEAR: 2021
LATITUDE: 40 13 N
LONGITUDE: 100 35 W
[TEMPERATURE DATA] [PRECIPITATION DATA] SYMBOLS USED IN COLUMN 16
AVERAGE MONTHLY: 71.1 TOTAL FOR MONTH: 3.24 1 = FOG OR MIST
DPTR FM NORMAL: 4.7 DPTR FM NORMAL: 1.61 2 = FOG REDUCING VISIBILITY
HIGHEST: 104 ON 11 GRTST 24HR 2.62 ON 29-30 TO 1/4 MILE OR LESS
LOWEST: 33 ON 22 3 = THUNDER
SNOW, ICE PELLETS, HAIL 4 = ICE PELLETS
TOTAL MONTH: M 5 = HAIL
GRTST 24HR M ON M 6 = FREEZING RAIN OR DRIZZLE
GRTST DEPTH: M ON M 7 = DUSTSTORM OR SANDSTORM:
VSBY 1/2 MILE OR LESS
8 = SMOKE OR HAZE
[NO. OF DAYS WITH] [WEATHER - DAYS WITH] 9 = BLOWING SNOW
X = TORNADO
MAX 32 OR BELOW: 0 0.01 INCH OR MORE: 8
MAX 90 OR ABOVE: 18 0.10 INCH OR MORE: 2
MIN 32 OR BELOW: 0 0.50 INCH OR MORE: 1
MIN 0 OR BELOW: 0 1.00 INCH OR MORE: 1
[HDD (BASE 65) ]
TOTAL THIS MO. 24 CLEAR (SCALE 0-3) 24
DPTR FM NORMAL -64 PTCLDY (SCALE 4-7) 6
TOTAL FM JUL 1 24 CLOUDY (SCALE 8-10) 0
DPTR FM NORMAL -70
[CDD (BASE 65) ]
TOTAL THIS MO. 212
DPTR FM NORMAL 81 [PRESSURE DATA]
TOTAL FM JAN 1 1354 HIGHEST SLP M ON M
DPTR FM NORMAL 213 LOWEST SLP 29.48 ON 20
[REMARKS]
#FINAL-09-21#