000
CXUS52 KFFC 030100
CLMMCN
CLIMATE REPORT
NATIONAL WEATHER SERVICE PEACHTREE CITY GA
800 PM EST FRI FEB 02 2024
...................................
...THE MACON CLIMATE SUMMARY FOR THE MONTH OF JANUARY 2024...
CLIMATE NORMAL PERIOD: 1991 TO 2020
CLIMATE RECORD PERIOD: 1899 TO 2024
WEATHER OBSERVED NORMAL DEPART LAST YEAR`S
VALUE DATE(S) VALUE FROM VALUE DATE(S)
NORMAL
................................................................
TEMPERATURE (F)
RECORD
HIGH 88 01/02/1915
LOW -6 01/21/1985
HIGHEST 77 01/25 80 -3 76 01/03
01/12
LOWEST 16 01/17 -6 22 25 01/15
01/21
01/24
AVG. MAXIMUM 59.4 59.3 0.1 64.0
AVG. MINIMUM 34.2 35.9 -1.7 40.6
MEAN 46.8 47.6 -0.8 52.3
DAYS MAX >= 90 0 0.0 0.0 0
DAYS MAX <= 32 0 0.1 -0.1 0
DAYS MIN <= 32 17 13.4 3.6 7
DAYS MIN <= 0 0 0.0 0.0 0
PRECIPITATION (INCHES)
RECORD
MAXIMUM 13.22 1925
MINIMUM 0.59 1928
TOTALS 5.54 4.32 1.22
DAILY AVG. 0.18 0.14 0.04 0.28
DAYS >= .01 12 10.2 1.8 12
DAYS >= .10 5 6.6 -1.6 9
DAYS >= .50 2 3.0 -1.0 6
DAYS >= 1.00 2 1.1 0.9 5
GREATEST
24 HR. TOTAL 3.63 01/08 TO 01/09 5.09 01/03 TO 01/04
SNOWFALL (INCHES)
RECORDS
TOTAL T 2016
24 HR TOTAL T 01/23/2016 TO 01/23/2016
01/28/2005 TO 01/28/2005
SNOW DEPTH 0 MM
TOTALS 0.0 MM MM 0.0
SINCE 7/1 0.0 MM MM MM
SNOWDEPTH AVG. MM MM
DAYS >= TRACE 0 MM MM 0
DAYS >= 1.0 0 MM MM 0
GREATEST
24 HR TOTAL MM MM
DEGREE DAYS
HEATING TOTAL 560 542 18 386
SINCE 7/1 1324 1407 -83 MM
COOLING TOTAL 5 2 3 1
SINCE 1/1 5 2 3 MM
................................................................
WIND (MPH)
AVERAGE WIND SPEED 7.1
HIGHEST WIND SPEED/DIRECTION 37/190 DATE 01/09
HIGHEST GUST SPEED/DIRECTION 55/210 DATE 01/09
SKY COVER
POSSIBLE SUNSHINE (PERCENT) MM
AVERAGE SKY COVER 0.31
NUMBER OF DAYS FAIR 20
NUMBER OF DAYS PC 8
NUMBER OF DAYS CLOUDY 3
AVERAGE RH (PERCENT) 67
WEATHER CONDITIONS. NUMBER OF DAYS WITH
THUNDERSTORM 4 MIXED PRECIP 0
HEAVY RAIN 2 RAIN 4
LIGHT RAIN 10 FREEZING RAIN 0
LT FREEZING RAIN 0 HAIL 0
HEAVY SNOW 0 SNOW 0
LIGHT SNOW 0 SLEET 0
FOG 12 FOG W/VIS <= 1/4 MILE 2
HAZE 0
- INDICATES NEGATIVE NUMBERS.
R INDICATES RECORD WAS SET OR TIED.
MM INDICATES DATA IS MISSING.
T INDICATES TRACE AMOUNT.
$$