000
CXUS51 KCTP 010900
CF6MDT
PRELIMINARY LOCAL CLIMATOLOGICAL DATA (WS FORM: F-6)
STATION: HARRISBURG PA
MONTH: FEBRUARY
YEAR: 2020
LATITUDE: 40 11 N
LONGITUDE: 76 46 W
TEMPERATURE IN F: :PCPN: SNOW: WIND :SUNSHINE: SKY :PK WND
================================================================================
1 2 3 4 5 6A 6B 7 8 9 10 11 12 13 14 15 16 17 18
12Z AVG MX 2MIN
DY MAX MIN AVG DEP HDD CDD WTR SNW DPTH SPD SPD DIR MIN PSBL S-S WX SPD DR
================================================================================
1 44 28 36 6 29 0 0.03 0.0 0 2.7 8 330 M M 9 18 10 330
2 44 35 40 10 25 0 T 0.0 0 5.0 18 290 M M 10 1 26 290
3 66 33 50 20 15 0 0.00 0.0 0 6.6 22 320 M M 4 29 310
4 58 39 49 18 16 0 0.04 0.0 0 1.2 9 320 M M 10 1 10 310
5 50 35 43 12 22 0 0.01 0.0 0 7.4 16 320 M M 10 1 22 110
6 43 35 39 8 26 0 0.17 0.0 0 4.5 14 100 M M 10 1 17 100
7 45 33 39 8 26 0 0.97 0.0 0 13.5 30 290 M M 10 1 40 280
8 44 31 38 7 27 0 T T 0 7.5 22 300 M M 7 30 300
9 45 27 36 5 29 0 0.00 0.0 0 3.8 14 160 M M 7 19 150
10 45 40 43 11 22 0 0.13 T 0 5.4 16 190 M M 10 14 21 190
11 50 39 45 13 20 0 0.08 0.0 0 4.8 22 310 M M 10 1 27 320
12 46 34 40 8 25 0 0.06 0.0 0 5.8 16 310 M M 9 1 20 310
13 48 39 44 12 21 0 0.20 0.0 0 8.2 24 320 M M 10 1 31 300
14 40 20 30 -2 35 0 T T 0 13.3 26 330 M M 5 35 330
15 35 14 25 -8 40 0 0.00 0.0 0 5.3 13 180 M M 4 18 190
16 42 28 35 2 30 0 0.00 0.0 0 2.7 10 160 M M 8 13 160
17 53 28 41 8 24 0 0.00 0.0 0 3.3 9 270 M M 6 18 11 300
18 51 38 45 11 20 0 0.04 0.0 0 5.2 13 120 M M 10 1 15 130
19 49 31 40 6 25 0 0.00 0.0 0 12.4 25 320 M M 5 1 31 330
20 36 27 32 -2 33 0 0.00 0.0 0 6.8 14 350 M M 9 19 310
21 38 21 30 -4 35 0 0.00 0.0 0 7.4 16 350 M M 1 22 320
22 53 20 37 2 28 0 0.00 0.0 0 6.1 20 260 M M 0 25 260
23 58 21 40 5 25 0 0.00 0.0 0 3.0 14 230 M M 1 19 220
24 61 25 43 8 22 0 0.00 0.0 0 3.3 12 130 M M 6 13 130
25 50 42 46 10 19 0 0.01 0.0 0 3.0 8 90 M M 10 128 14 30
26 53 45 49 13 16 0 0.38 0.0 0 8.2 21 120 M M 10 128 26 120
27 47 32 40 4 25 0 0.40 T 0 20.2 36 300 M M 8 1 45 270
28 44 30 37 1 28 0 T T 0 12.2 28 310 M M 6 8 35 270
29 36 28 32 -5 33 0 0.00 0.0 0 15.9 28 300 M M 6 34 290
================================================================================
SM 1374 898 741 0 2.52 T 204.7 M 211
================================================================================
AV 47.4 31.0 7.1 FASTST M M 7 MAX(MPH)
MISC ----> 36 300 45 270
================================================================================
NOTES:
# LAST OF SEVERAL OCCURRENCES
COLUMN 17 PEAK WIND IN M.P.H.
PRELIMINARY LOCAL CLIMATOLOGICAL DATA (WS FORM: F-6) , PAGE 2
STATION: HARRISBURG PA
MONTH: FEBRUARY
YEAR: 2020
LATITUDE: 40 11 N
LONGITUDE: 76 46 W
[TEMPERATURE DATA] [PRECIPITATION DATA] SYMBOLS USED IN COLUMN 16
AVERAGE MONTHLY: 39.2 TOTAL FOR MONTH: 2.52 1 = FOG OR MIST
DPTR FM NORMAL: 6.3 DPTR FM NORMAL: 0.13 2 = FOG REDUCING VISIBILITY
HIGHEST: 66 ON 3 GRTST 24HR 1.10 ON 6- 7 TO 1/4 MILE OR LESS
LOWEST: 14 ON 15 3 = THUNDER
SNOW, ICE PELLETS, HAIL 4 = ICE PELLETS
TOTAL MONTH: T 5 = HAIL
GRTST 24HR T ON 8- 8 6 = FREEZING RAIN OR DRIZZLE
GRTST DEPTH: 0 7 = DUSTSTORM OR SANDSTORM:
VSBY 1/2 MILE OR LESS
8 = SMOKE OR HAZE
[NO. OF DAYS WITH] [WEATHER - DAYS WITH] 9 = BLOWING SNOW
X = TORNADO
MAX 32 OR BELOW: 0 0.01 INCH OR MORE: 13
MAX 90 OR ABOVE: 0 0.10 INCH OR MORE: 6
MIN 32 OR BELOW: 16 0.50 INCH OR MORE: 1
MIN 0 OR BELOW: 0 1.00 INCH OR MORE: 0
[HDD (BASE 65) ]
TOTAL THIS MO. 741 CLEAR (SCALE 0-3) 3
DPTR FM NORMAL -158 PTCLDY (SCALE 4-7) 12
TOTAL FM JUL 1 3390 CLOUDY (SCALE 8-10) 14
DPTR FM NORMAL -653
[CDD (BASE 65) ]
TOTAL THIS MO. 0
DPTR FM NORMAL 0 [PRESSURE DATA]
TOTAL FM JAN 1 0 HIGHEST SLP 30.67 ON 15
DPTR FM NORMAL 0 LOWEST SLP 28.91 ON 7
[REMARKS]
#FINAL-02-20#