000
CXUS54 KMEG 010900
CF6MEG
PRELIMINARY LOCAL CLIMATOLOGICAL DATA (WS FORM: F-6)
STATION: MEMPHIS/GERMANTOWN WFO
MONTH: OCTOBER
YEAR: 2022
LATITUDE: 35 7 N
LONGITUDE: 89 48 W
TEMPERATURE IN F: :PCPN: SNOW: WIND :SUNSHINE: SKY :PK WND
================================================================================
1 2 3 4 5 6A 6B 7 8 9 10 11 12 13 14 15 16 17 18
12Z AVG MX 2MIN
DY MAX MIN AVG DEP HDD CDD WTR SNW DPTH SPD SPD DIR MIN PSBL S-S WX SPD DR
================================================================================
1 78 48 63 -5 2 0 0.00 0.0 0 M M M M M M M M
2 81 48 65 -3 0 0 0.00 0.0 0 M M M M M M M M
3 78 48 63 -5 2 0 0.00 0.0 0 M M M M M M M M
4 76 48 62 -5 3 0 0.00 0.0 0 M M M M M M M M
5 82 44 63 -4 2 0 0.00 0.0 0 M M M M M M M M
6 85 48 67 1 0 2 0.00 0.0 0 M M M M M M M M
7 81 53 67 1 0 2 0.00 0.0 0 M M M M M M M M
8 70 46 58 -7 7 0 0.00 0.0 0 M M M M M M M M
9 75 42 59 -6 6 0 0.00 0.0 0 M M M M M M M M
10 83 50 67 2 0 2 0.00 0.0 0 M M M M M M M M
11 82 55 69 5 0 4 T 0.0 0 M M M M M M M M
12 85 61 73 9 0 8 0.84 0.0 0 M M M M M M 13 M M
13 72 48 60 -3 5 0 0.00 0.0 0 M M M M M M M M
14 80 44 62 -1 3 0 0.00 0.0 0 M M M M M M M M
15 68 54 61 -2 4 0 1.01 0.0 0 M M M M M M 13 M M
16 73 60 67 5 0 2 0.01 0.0 0 M M M M M M M M
17 61 41 51 -11 14 0 0.00 0.0 0 M M M M M M M M
18 53 33 43 -18 22 0 0.00 0.0 0 M M M M M M M M
19 58 30 44 -17 21 0 0.00 0.0 0 M M M M M M M M
20 68 33 51 -9 14 0 0.00 0.0 0 M M M M M M M M
21 81 45 63 3 2 0 0.00 0.0 0 M M M M M M M M
22 79 60 70 10 0 5 0.00 0.0 0 M M M M M M M M
23 81 61 71 12 0 6 0.00 0.0 0 M M M M M M M M
24 80 59 70 11 0 5 0.00 0.0 0 M M M M M M M M
25 73 48 61 3 4 0 0.35 0.0 0 M M M M M M 1 M M
26 65 42 54 -4 11 0 0.00 0.0 0 M M M M M M M M
27 68 42 55 -3 10 0 0.00 0.0 0 M M M M M M M M
28 76 46 61 4 4 0 0.00 0.0 0 M M M M M M M M
29 72 54 63 6 2 0 1.50 0.0 0 M M M M M M 1 M M
30 69 60 65 9 0 0 T 0.0 0 M M M M M M M M
31 69 51 60 4 5 0 0.00 0.0 0 M M M M M M M M
================================================================================
SM 2302 1502 143 36 3.71 0.0 M M M
================================================================================
AV 74.3 48.5 M FASTST M M M MAX(MPH)
MISC ----> M M M M
================================================================================
NOTES:
# LAST OF SEVERAL OCCURRENCES
COLUMN 17 PEAK WIND IN M.P.H.
PRELIMINARY LOCAL CLIMATOLOGICAL DATA (WS FORM: F-6) , PAGE 2
STATION: MEMPHIS/GERMANTOWN WFO
MONTH: OCTOBER
YEAR: 2022
LATITUDE: 35 7 N
LONGITUDE: 89 48 W
[TEMPERATURE DATA] [PRECIPITATION DATA] SYMBOLS USED IN COLUMN 16
AVERAGE MONTHLY: 61.4 TOTAL FOR MONTH: 3.71 1 = FOG OR MIST
DPTR FM NORMAL: -0.8 DPTR FM NORMAL: -0.49 2 = FOG REDUCING VISIBILITY
HIGHEST: 85 ON 12, 6 GRTST 24HR 1.50 ON 29-29 TO 1/4 MILE OR LESS
LOWEST: 30 ON 19 3 = THUNDER
SNOW, ICE PELLETS, HAIL 4 = ICE PELLETS
TOTAL MONTH: 0.0 INCH 5 = HAIL
GRTST 24HR 0.0 6 = FREEZING RAIN OR DRIZZLE
GRTST DEPTH: 0 7 = DUSTSTORM OR SANDSTORM:
VSBY 1/2 MILE OR LESS
8 = SMOKE OR HAZE
[NO. OF DAYS WITH] [WEATHER - DAYS WITH] 9 = BLOWING SNOW
X = TORNADO
MAX 32 OR BELOW: 0 0.01 INCH OR MORE: 5
MAX 90 OR ABOVE: 0 0.10 INCH OR MORE: 4
MIN 32 OR BELOW: 1 0.50 INCH OR MORE: 3
MIN 0 OR BELOW: 0 1.00 INCH OR MORE: 2
[HDD (BASE 65) ]
TOTAL THIS MO. 143 CLEAR (SCALE 0-3) 0
DPTR FM NORMAL -19 PTCLDY (SCALE 4-7) 0
TOTAL FM JUL 1 153 CLOUDY (SCALE 8-10) 31
DPTR FM NORMAL -24
[CDD (BASE 65) ]
TOTAL THIS MO. 36
DPTR FM NORMAL -38 [PRESSURE DATA]
TOTAL FM JAN 1 2213 HIGHEST SLP M ON M
DPTR FM NORMAL 246 LOWEST SLP M ON M
[REMARKS]
#FINAL-10-22#