000
CXUS54 KMEG 090707
CLMMEG
CLIMATE REPORT
NATIONAL WEATHER SERVICE MEMPHIS TN
207 AM CDT SUN APR 09 2023
...................................
...THE MEMPHIS/GERMANTOWN WFO CLIMATE SUMMARY FOR THE MONTH OF MARCH 2023...
CLIMATE NORMAL PERIOD 1991 TO 2020
CLIMATE RECORD PERIOD 1988 TO 2023
WEATHER OBSERVED NORMAL DEPART LAST YEAR`S
VALUE DATE(S) VALUE FROM VALUE DATE(S)
NORMAL
................................................................
TEMPERATURE (F)
RECORD
HIGH 212 03/30/2021
LOW 10 03/06/2015
HIGHEST 82 03/26 MM MM 81 03/06
LOWEST 25 03/19 MM MM 22 03/12
03/20
AVG. MAXIMUM 64.0 63.1 0.9 66.1
AVG. MINIMUM 44.5 40.1 4.4 42.1
MEAN 54.3 51.6 2.7 54.1
DAYS MAX >= 90 0 0.0 0.0 0
DAYS MAX <= 32 0 0.2 -0.2 0
DAYS MIN <= 32 5 7.8 -2.8 3
DAYS MIN <= 0 0 0.0 0.0 0
PRECIPITATION (INCHES)
RECORD
MAXIMUM 10.21 2021
MINIMUM 5.65 2022
TOTALS 4.21R 5.74 -1.53 5.65
DAILY AVG. 0.18 0.19 -0.01 0.18
DAYS >= .01 9 11.6 -2.6 12
DAYS >= .10 8 8.2 -0.2 7
DAYS >= .50 3 3.7 -0.7 4
DAYS >= 1.00 2 1.6 0.4 2
GREATEST
24 HR. TOTAL 1.45 03/24 TO 03/24
SNOWFALL (INCHES)
RECORDS
TOTAL MM 2022
TOTALS 0.0 0.8 -0.8 5.5
SINCE 7/1 1.1 2.8 -1.7 MM
SNOWDEPTH AVG. 0 0
DAYS >= 1.0 0 0.1 -0.1 1
GREATEST
SNOW DEPTH 0 6 03/12
24 HR TOTAL MM
DEGREE DAYS
HEATING TOTAL 344 427 -83 343
SINCE 7/1 2504 3131 -627 MM
COOLING TOTAL 19 12 7 10
SINCE 1/1 28 13 15 MM
................................................................
- INDICATES NEGATIVE NUMBERS.
R INDICATES RECORD WAS SET OR TIED.
MM INDICATES DATA IS MISSING.
T INDICATES TRACE AMOUNT.
$$