333
CXUS56 KPDT 020532
CF6MEH
PRELIMINARY LOCAL CLIMATOLOGICAL DATA (WS FORM: F-6)
STATION: MEACHAM OR
MONTH: JULY
YEAR: 2020
LATITUDE: 45 30 N
LONGITUDE: 118 24 W
TEMPERATURE IN F: :PCPN: SNOW: WIND :SUNSHINE: SKY :PK WND
================================================================================
1 2 3 4 5 6A 6B 7 8 9 10 11 12 13 14 15 16 17 18
12Z AVG MX 2MIN
DY MAX MIN AVG DEP HDD CDD WTR SNW DPTH SPD SPD DIR MIN PSBL S-S WX SPD DR
================================================================================
1 63 44 54 -3 11 0 0.00 M M 2.5 9 280 M M 8 20 330
2 72 41 57 0 8 0 0.00 M M 1.1 8 300 M M 2 12 300
3 74 37 56 -1 9 0 0.00 M M 1.9 8 10 M M 1 15 40
4 73 37 55 -2 10 0 0.00 M M 1.2 8 280 M M 0 15 270
5 74 35 55 -3 10 0 0.00 M M 1.5 8 30 M M 0 14 30
6 77 37 57 -1 8 0 0.04 M M 1.9 8 280 M M 0 14 330
7 67 46 57 -1 8 0 T M M 2.9 10 270 M M 5 20 260
8 72 44 58 0 7 0 0.00 M M 1.7 8 20 M M 3 12 310
9 76 38 57 -1 8 0 0.02 M M 2.1 8 260 M M 1 12 290
10 77 42 60 1 5 0 0.00 M M 1.4 7 40 M M 0 11 260
11 83 44 64 5 1 0 0.00 M M 1.7 9 280 M M 0 15 300
12 71 46 59 0 6 0 0.00 M M 1.4 9 270 M M 1 14 300
13 70 38 54 -5 11 0 0.00 M M 1.6 8 10 M M 0 12 30
14 78 31 55 -4 10 0 0.00 M M 2.0 9 30 M M 0 14 80
15 81 37 59 -1 6 0 0.00 M M 1.5 8 310 M M 0 13 300
16 84 45 65 5 0 0 0.00 M M 0.2 8 280 M M 0 15 260
17 77 45 61 1 4 0 0.00 M M 1.6 10 260 M M 0 20 270
18 78 39 59 -1 6 0 0.00 M M 1.4 7 40 M M 0 17 40
19 85 42 64 4 1 0 0.00 M M 1.4 9 30 M M 0 14 60
20 87 45 66 6 0 1 0.00 M M 1.0 8 30 M M 0 17 50
21 90 46 68 8 0 3 0.00 M M 1.4 8 290 M M 0 14 310
22 87 49 68 8 0 3 0.00 M M 0.8 7 260 M M 0 13 250
23 79 48 64 4 1 0 0.00 M M 1.1 7 310 M M 1 16 260
24 76 38 57 -3 8 0 0.00 M M 1.7 9 300 M M 0 17 20
25 74 34 54 -6 11 0 0.00 M M 1.1 8 20 M M 0 14 40
26 84 36 60 0 5 0 0.00 M M 1.4 8 40 M M 0 14 20
27 90 40 65 5 0 0 0.00 M M 1.2 7 30 M M 0 8 12 280
28 91 53 72 12 0 7 0.00 M M 0.9 7 300 M M 1 13 280
29 94 58 76 16 0 11 0.11 M M 1.4 8 50 M M 1 15 270
30 97 53 75 15 0 10 0.00 M M 2.3 14 60 M M 0 21 50
31 95 58 77 17 0 12 0.00 M M 1.5 9 290 M M 0 18 290
================================================================================
SM 2476 1326 154 47 0.17 M 46.8 M 24
================================================================================
AV 79.9 42.8 1.5 FASTST M M 1 MAX(MPH)
MISC ----> # 14 60 # 21 50
================================================================================
NOTES:
# LAST OF SEVERAL OCCURRENCES
COLUMN 17 PEAK WIND IN M.P.H.
PRELIMINARY LOCAL CLIMATOLOGICAL DATA (WS FORM: F-6) , PAGE 2
STATION: MEACHAM OR
MONTH: JULY
YEAR: 2020
LATITUDE: 45 30 N
LONGITUDE: 118 24 W
[TEMPERATURE DATA] [PRECIPITATION DATA] SYMBOLS USED IN COLUMN 16
AVERAGE MONTHLY: 61.3 TOTAL FOR MONTH: 0.17 1 = FOG OR MIST
DPTR FM NORMAL: 2.1 DPTR FM NORMAL: -0.55 2 = FOG REDUCING VISIBILITY
HIGHEST: 97 ON 30 GRTST 24HR 0.11 ON 29-29 TO 1/4 MILE OR LESS
LOWEST: 31 ON 14 3 = THUNDER
SNOW, ICE PELLETS, HAIL 4 = ICE PELLETS
TOTAL MONTH: M 5 = HAIL
GRTST 24HR M ON M 6 = FREEZING RAIN OR DRIZZLE
GRTST DEPTH: M ON M 7 = DUSTSTORM OR SANDSTORM:
VSBY 1/2 MILE OR LESS
8 = SMOKE OR HAZE
[NO. OF DAYS WITH] [WEATHER - DAYS WITH] 9 = BLOWING SNOW
X = TORNADO
MAX 32 OR BELOW: 0 0.01 INCH OR MORE: 3
MAX 90 OR ABOVE: 6 0.10 INCH OR MORE: 1
MIN 32 OR BELOW: 1 0.50 INCH OR MORE: 0
MIN 0 OR BELOW: 0 1.00 INCH OR MORE: 0
[HDD (BASE 65) ]
TOTAL THIS MO. 154 CLEAR (SCALE 0-3) 29
DPTR FM NORMAL -38 PTCLDY (SCALE 4-7) 2
TOTAL FM JUL 1 154 CLOUDY (SCALE 8-10) 0
DPTR FM NORMAL -38
[CDD (BASE 65) ]
TOTAL THIS MO. 47
DPTR FM NORMAL 35 [PRESSURE DATA]
TOTAL FM JAN 1 54 HIGHEST SLP 30.19 ON 10
DPTR FM NORMAL 40 LOWEST SLP 29.77 ON 22
[REMARKS]
#FINAL-07-20#