000
CXUS54 KJAN 020446
CF6MEI
PRELIMINARY LOCAL CLIMATOLOGICAL DATA (WS FORM: F-6)
STATION: MERIDIAN
MONTH: JUNE
YEAR: 2021
LATITUDE: 32 19 N
LONGITUDE: 88 45 W
TEMPERATURE IN F: :PCPN: SNOW: WIND :SUNSHINE: SKY :PK WND
================================================================================
1 2 3 4 5 6A 6B 7 8 9 10 11 12 13 14 15 16 17 18
12Z AVG MX 2MIN
DY MAX MIN AVG DEP HDD CDD WTR SNW DPTH SPD SPD DIR MIN PSBL S-S WX SPD DR
================================================================================
1 87 56 72 -5 0 7 0.02 0.0 0 6.2 20 190 M M 1 1 26 200
2 82 66 74 -4 0 9 0.23 0.0 0 9.3 21 210 M M 6 138 29 200
3 84 66 75 -3 0 10 0.00 0.0 0 5.0 12 270 M M 5 13 18 180
4 80 65 73 -5 0 8 T 0.0 0 2.5 12 190 M M 1 15 200
5 80 67 74 -4 0 9 0.03 0.0 0 3.5 13 170 M M 6 1 16 180
6 73 64 69 -9 0 4 2.70 0.0 0 6.9 18 240 M M 8 13 25 240
7 84 65 75 -4 0 10 0.02 0.0 0 5.4 25 140 M M 6 138 36 130
8 90 73 82 3 0 17 0.27 0.0 0 7.5 22 220 M M 6 13 31 210
9 92 70 81 2 0 16 1.09 0.0 0 9.2 23 170 M M 6 13 31 340
10 86 70 78 -1 0 13 0.00 0.0 0 5.1 21 200 M M 5 29 210
11 91 72 82 3 0 17 0.00 0.0 0 6.0 15 230 M M 1 1 21 240
12 93 72 83 3 0 18 0.15 0.0 0 4.7 26 70 M M 1 35 60
13 96 68 82 2 0 17 0.37 0.0 0 2.7 40 10 M M 2 3 59 10
14 93 66 80 0 0 15 0.75 0.0 0 1.7 17 360 M M 2 138 26 10
15 95 71 83 3 0 18 0.00 0.0 0 4.2 14 350 M M 0 1 18 350
16 88 65 77 -3 0 12 0.00 0.0 0 5.3 16 30 M M 0 25 20
17 90 62 76 -4 0 11 0.00 0.0 0 4.1 15 70 M M 0 23 80
18 89 64 77 -3 0 12 0.00 0.0 0 6.3 21 160 M M 1 28 150
19 78 71 75 -6 0 10 2.38 0.0 0 10.2 17 60 M M 10 1 28 120
20 91 68 80 -1 0 15 0.00 0.0 0 5.7 13 190 M M 1 18 210
21 89 72 81 0 0 16 0.18 0.0 0 8.1 20 170 M M 8 13 29 250
22 84 67 76 -5 0 11 0.02 0.0 0 4.6 13 30 M M 6 1 18 10
23 87 67 77 -4 0 12 0.00 0.0 0 3.2 8 100 M M 7 12 140
24 94 70 82 1 0 17 0.00 0.0 0 4.0 20 170 M M 2 1 25 160
25 88 72 80 -1 0 15 0.00 0.0 0 6.6 13 100 M M 4 19 110
26 90 70 80 -1 0 15 0.00 0.0 0 5.5 17 160 M M 3 22 160
27 91 69 80 -2 0 15 0.05 0.0 0 4.9 32 160 M M 2 13 43 150
28 91 72 82 0 0 17 0.00 0.0 0 6.0 16 100 M M 2 22 120
29 88 69 79 -3 0 14 T 0.0 0 3.3 16 220 M M 2 22 210
30 91 70 81 -1 0 16 0.00 0.0 0 3.4 13 160 M M 2 18 60
================================================================================
SM 2635 2039 0 396 8.26 0.0 161.1 M 106
================================================================================
AV 87.8 68.0 5.4 FASTST M M 4 MAX(MPH)
MISC ----> 40 10 59 10
================================================================================
NOTES:
# LAST OF SEVERAL OCCURRENCES
COLUMN 17 PEAK WIND IN M.P.H.
PRELIMINARY LOCAL CLIMATOLOGICAL DATA (WS FORM: F-6) , PAGE 2
STATION: MERIDIAN
MONTH: JUNE
YEAR: 2021
LATITUDE: 32 19 N
LONGITUDE: 88 45 W
[TEMPERATURE DATA] [PRECIPITATION DATA] SYMBOLS USED IN COLUMN 16
AVERAGE MONTHLY: 77.9 TOTAL FOR MONTH: 8.26 1 = FOG OR MIST
DPTR FM NORMAL: -2.1 DPTR FM NORMAL: 3.62 2 = FOG REDUCING VISIBILITY
HIGHEST: 96 ON 13 GRTST 24HR 2.72 ON 5- 6 TO 1/4 MILE OR LESS
LOWEST: 56 ON 1 3 = THUNDER
SNOW, ICE PELLETS, HAIL 4 = ICE PELLETS
TOTAL MONTH: 0.0 INCH 5 = HAIL
GRTST 24HR 0.0 6 = FREEZING RAIN OR DRIZZLE
GRTST DEPTH: 0 7 = DUSTSTORM OR SANDSTORM:
VSBY 1/2 MILE OR LESS
8 = SMOKE OR HAZE
[NO. OF DAYS WITH] [WEATHER - DAYS WITH] 9 = BLOWING SNOW
X = TORNADO
MAX 32 OR BELOW: 0 0.01 INCH OR MORE: 14
MAX 90 OR ABOVE: 14 0.10 INCH OR MORE: 9
MIN 32 OR BELOW: 0 0.50 INCH OR MORE: 4
MIN 0 OR BELOW: 0 1.00 INCH OR MORE: 3
[HDD (BASE 65) ]
TOTAL THIS MO. 0 CLEAR (SCALE 0-3) 17
DPTR FM NORMAL 0 PTCLDY (SCALE 4-7) 12
TOTAL FM JUL 1 2182 CLOUDY (SCALE 8-10) 1
DPTR FM NORMAL 66
[CDD (BASE 65) ]
TOTAL THIS MO. 396
DPTR FM NORMAL -52 [PRESSURE DATA]
TOTAL FM JAN 1 698 HIGHEST SLP 30.19 ON 29
DPTR FM NORMAL -168 LOWEST SLP 29.69 ON 19
[REMARKS]
#FINAL-06-21#