000
CXUS54 KJAN 211710
CF6MEI
PRELIMINARY LOCAL CLIMATOLOGICAL DATA (WS FORM: F-6)
STATION: MERIDIAN
MONTH: FEBRUARY
YEAR: 2021
LATITUDE: 32 19 N
LONGITUDE: 88 45 W
TEMPERATURE IN F: :PCPN: SNOW: WIND :SUNSHINE: SKY :PK WND
================================================================================
1 2 3 4 5 6A 6B 7 8 9 10 11 12 13 14 15 16 17 18
12Z AVG MX 2MIN
DY MAX MIN AVG DEP HDD CDD WTR SNW DPTH SPD SPD DIR MIN PSBL S-S WX SPD DR
================================================================================
1 47 38 43 -6 22 0 0.00 0.0 0 14.3 22 330 M M 10 32 330
2 54 30 42 -7 23 0 0.00 0.0 0 6.4 16 350 M M 1 20 360
3 59 26 43 -6 22 0 0.00 0.0 0 2.0 10 60 M M 0 18 12 60
4 68 31 50 0 15 0 0.10 0.0 0 8.7 24 190 M M 3 8 32 190
5 57 32 45 -5 20 0 0.01 0.0 0 5.8 18 350 M M 3 25 340
6 46 31 39 -11 26 0 0.20 0.0 0 5.3 13 100 M M 10 18 19 80
7 47 33 40 -10 25 0 0.01 0.0 0 7.0 16 20 M M 9 1 21 350
8 62 31 47 -3 18 0 T 0.0 0 4.7 15 140 M M 3 19 140
9 70 44 57 7 8 0 0.01 0.0 0 3.4 14 60 M M 6 18 18 30
10 75 40 58 7 7 0 0.03 0.0 0 1.5 10 120 M M 6 12 13 100
11 64 42 53 2 12 0 0.83 0.0 0 7.0 15 350 M M 10 13 18 350
12 42 34 38 -13 27 0 0.01 0.0 0 11.2 17 20 M M 10 1 23 20
13 36 32 34 -17 31 0 0.12 0.0 0 10.8 17 360 M M 10 1 22 10
14 34 29 32 -20 33 0 T 0.0 0 11.2 16 20 M M 10 168 22 360
15 33 16 25 -27 40 0 1.03 0.3 M 9.9 21 300 M M 10 146 31 290
16 22 14 18 -34 47 0 0.00 0.0 M 6.9 15 320 M M 9 22 330
17 36 17 27 -25 38 0 2.21 M M 8.2 20 360 M M 6 136 25 360
18 39 32 36 -16 29 0 0.25 0.0 0 10.7 18 360 M M 10 1 26 340
19 45 26 36 -17 29 0 0.00 0.0 0 10.3 18 340 M M 5 26 360
20 59 22 41 -12 24 0 0.00 0.0 0 1.1 7 20 M M 0 11 20
21 66 26 46 -7 19 0 T 0.0 0 8.4 23 170 M M 3 33 160
22 68 36 52 -1 13 0 T 0.0 0 7.5 17 330 M M 4 8 26 300
23 74 30 52 -2 13 0 0.00 0.0 0 4.2 10 220 M M 0 17 230
24 77 33 55 1 10 0 0.00 0.0 0 5.4 18 240 M M 2 25 240
25 77 50 64 10 1 0 0.00 0.0 0 2.2 12 210 M M 6 18 200
26 82 54 68 14 0 3 0.00 0.0 0 10.4 30 190 M M 7 18 40 190
27 81 66 74 19 0 9 0.00 0.0 0 11.3 21 200 M M 7 27 200
28 83 66 75 20 0 10 T 0.0 0 11.3 22 180 M M 7 32 190
================================================================================
SM 1603 961 552 22 4.81 0.3 207.1 M 167
================================================================================
AV 57.3 34.3 7.4 FASTST M M 6 MAX(MPH)
MISC ----> 30 190 40 190
================================================================================
NOTES:
# LAST OF SEVERAL OCCURRENCES
COLUMN 17 PEAK WIND IN M.P.H.
PRELIMINARY LOCAL CLIMATOLOGICAL DATA (WS FORM: F-6) , PAGE 2
STATION: MERIDIAN
MONTH: FEBRUARY
YEAR: 2021
LATITUDE: 32 19 N
LONGITUDE: 88 45 W
[TEMPERATURE DATA] [PRECIPITATION DATA] SYMBOLS USED IN COLUMN 16
AVERAGE MONTHLY: 45.8 TOTAL FOR MONTH: 4.81 1 = FOG OR MIST
DPTR FM NORMAL: -5.9 DPTR FM NORMAL: -0.54 2 = FOG REDUCING VISIBILITY
HIGHEST: 83 ON 28 GRTST 24HR 2.46 ON 17-18 TO 1/4 MILE OR LESS
LOWEST: 14 ON 16 3 = THUNDER
SNOW, ICE PELLETS, HAIL 4 = ICE PELLETS
TOTAL MONTH: 0.3 INCH 5 = HAIL
GRTST 24HR 0.3 ON 15-15 6 = FREEZING RAIN OR DRIZZLE
GRTST DEPTH: 0 7 = DUSTSTORM OR SANDSTORM:
VSBY 1/2 MILE OR LESS
8 = SMOKE OR HAZE
[NO. OF DAYS WITH] [WEATHER - DAYS WITH] 9 = BLOWING SNOW
X = TORNADO
MAX 32 OR BELOW: 1 0.01 INCH OR MORE: 12
MAX 90 OR ABOVE: 0 0.10 INCH OR MORE: 7
MIN 32 OR BELOW: 16 0.50 INCH OR MORE: 3
MIN 0 OR BELOW: 0 1.00 INCH OR MORE: 2
[HDD (BASE 65) ]
TOTAL THIS MO. 552 CLEAR (SCALE 0-3) 8
DPTR FM NORMAL 170 PTCLDY (SCALE 4-7) 10
TOTAL FM JUL 1 1877 CLOUDY (SCALE 8-10) 10
DPTR FM NORMAL 94
[CDD (BASE 65) ]
TOTAL THIS MO. 22
DPTR FM NORMAL 11 [PRESSURE DATA]
TOTAL FM JAN 1 28 HIGHEST SLP 30.47 ON 20
DPTR FM NORMAL 18 LOWEST SLP 29.77 ON 4
[REMARKS]
#FINAL-02-21#