000
CXUS54 KJAN 030408
CF6MEI
PRELIMINARY LOCAL CLIMATOLOGICAL DATA (WS FORM: F-6)
STATION: MERIDIAN
MONTH: JANUARY
YEAR: 2024
LATITUDE: 32 19 N
LONGITUDE: 88 45 W
TEMPERATURE IN F: :PCPN: SNOW: WIND :SUNSHINE: SKY :PK WND
================================================================================
1 2 3 4 5 6A 6B 7 8 9 10 11 12 13 14 15 16 17 18
12Z AVG MX 2MIN
DY MAX MIN AVG DEP HDD CDD WTR SNW DPTH SPD SPD DIR MIN PSBL S-S WX SPD DR
================================================================================
1 55 34 45 -3 20 0 0.00 0.0 0 8.8 16 20 M M 1 23 10
2 54 25 40 -8 25 0 0.00 0.0 0 2.1 10 30 M M 0 14 30
3 50 28 39 -9 26 0 T 0.0 0 2.9 12 340 M M 5 17 40
4 56 23 40 -8 25 0 0.00 0.0 0 4.0 16 60 M M 0 21 80
5 55 26 41 -7 24 0 0.60 0.0 0 5.6 16 120 M M 4 1 24 90
6 53 42 48 0 17 0 0.02 0.0 0 6.5 16 300 M M 10 26 280
7 58 33 46 -1 19 0 0.00 0.0 0 3.1 13 330 M M 3 21 330
8 57 33 45 -2 20 0 2.12 0.0 0 12.0 29 130 M M 5 13 45 150
9 61 38 50 3 15 0 0.87 0.0 0 11.3 24 250 M M 7 138 36 230
10 56 28 42 -5 23 0 0.00 0.0 0 5.8 15 220 M M 0 21 260
11 69 34 52 5 13 0 0.00 0.0 0 8.1 18 150 M M 4 26 150
12 71 36 54 7 11 0 0.33 0.0 0 14.1 28 270 M M 5 18 43 220
13 54 29 42 -5 23 0 0.00 0.0 0 3.8 13 320 M M 0 17 330
14 60 29 45 -2 20 0 0.00 0.0 0 3.7 13 340 M M 0 15 330
15 48 26 37 -10 28 0 0.07 M 0 9.5 18 350 M M 6 16 25 340
16 29 16 23 -24 42 0 0.07 M M 12.5 23 340 M M 3 6 35 340
17 42 11 27 -20 38 0 0.00 0.0 M 2.6 9 10 M M 0 11 60
18 48 21 35 -12 30 0 0.03 0.0 0 4.7 14 290 M M 8 18 22 170
19 49 27 38 -10 27 0 0.00 0.0 0 10.4 22 360 M M 1 29 360
20 37 20 29 -19 36 0 0.00 0.0 0 11.7 18 330 M M 0 23 350
21 46 17 32 -16 33 0 0.00 0.0 0 6.6 14 50 M M 0 18 20
22 54 26 40 -8 25 0 0.00 0.0 0 5.1 14 100 M M 4 20 100
23 67 49 58 10 7 0 0.05 0.0 0 7.1 17 150 M M 9 1 24 140
24 66 61 64 16 1 0 3.15 0.0 0 7.5 17 150 M M 10 123 24 140
25 70 61 66 18 0 1 0.28 0.0 0 4.8 22 200 M M 9 13 31 200
26 65 59 62 14 3 0 0.01 0.0 0 3.8 8 60 M M 10 1 11 70
27 72 48 60 12 5 0 0.58 0.0 0 10.4 22 280 M M 8 1 33 280
28 50 37 44 -4 21 0 0.00 0.0 0 8.2 20 310 M M 8 28 340
29 60 31 46 -2 19 0 0.00 0.0 0 4.0 16 10 M M 0 20 20
30 73 31 52 3 13 0 0.00 0.0 0 4.7 15 220 M M 0 20 240
31 63 35 49 0 16 0 0.00 0.0 0 4.0 14 20 M M 0 1 20 10
================================================================================
SM 1748 1014 625 1 8.18 0.0 209.4 M 120
================================================================================
AV 56.4 32.7 6.8 FASTST M M 4 MAX(MPH)
MISC ----> 29 130 45 150
================================================================================
NOTES:
# LAST OF SEVERAL OCCURRENCES
COLUMN 17 PEAK WIND IN M.P.H.
PRELIMINARY LOCAL CLIMATOLOGICAL DATA (WS FORM: F-6) , PAGE 2
STATION: MERIDIAN
MONTH: JANUARY
YEAR: 2024
LATITUDE: 32 19 N
LONGITUDE: 88 45 W
[TEMPERATURE DATA] [PRECIPITATION DATA] SYMBOLS USED IN COLUMN 16
AVERAGE MONTHLY: 44.5 TOTAL FOR MONTH: 8.18 1 = FOG OR MIST
DPTR FM NORMAL: -3.2 DPTR FM NORMAL: 2.57 2 = FOG REDUCING VISIBILITY
HIGHEST: 73 ON 30 GRTST 24HR 3.15 ON 24-24 TO 1/4 MILE OR LESS
LOWEST: 11 ON 17 3 = THUNDER
SNOW, ICE PELLETS, HAIL 4 = ICE PELLETS
TOTAL MONTH: 0.0 INCH 5 = HAIL
GRTST 24HR 0.0 6 = FREEZING RAIN OR DRIZZLE
GRTST DEPTH: 0 7 = DUSTSTORM OR SANDSTORM:
VSBY 1/2 MILE OR LESS
8 = SMOKE OR HAZE
[NO. OF DAYS WITH] [WEATHER - DAYS WITH] 9 = BLOWING SNOW
X = TORNADO
MAX 32 OR BELOW: 1 0.01 INCH OR MORE: 13
MAX 90 OR ABOVE: 0 0.10 INCH OR MORE: 7
MIN 32 OR BELOW: 17 0.50 INCH OR MORE: 5
MIN 0 OR BELOW: 0 1.00 INCH OR MORE: 2
[HDD (BASE 65) ]
TOTAL THIS MO. 625 CLEAR (SCALE 0-3) 14
DPTR FM NORMAL 84 PTCLDY (SCALE 4-7) 10
TOTAL FM JUL 1 1422 CLOUDY (SCALE 8-10) 7
DPTR FM NORMAL 16
[CDD (BASE 65) ]
TOTAL THIS MO. 1
DPTR FM NORMAL -4 [PRESSURE DATA]
TOTAL FM JAN 1 1 HIGHEST SLP 30.63 ON 21
DPTR FM NORMAL -4 LOWEST SLP 29.45 ON 9
[REMARKS]
#FINAL-01-24#