575
CXUS51 KCLE 031904
CF6MFD
PRELIMINARY LOCAL CLIMATOLOGICAL DATA (WS FORM: F-6)
STATION: MANSFIELD OH
MONTH: FEBRUARY
YEAR: 2021
LATITUDE: 40 49 N
LONGITUDE: 82 31 W
TEMPERATURE IN F: :PCPN: SNOW: WIND :SUNSHINE: SKY :PK WND
================================================================================
1 2 3 4 5 6A 6B 7 8 9 10 11 12 13 14 15 16 17 18
12Z AVG MX 2MIN
DY MAX MIN AVG DEP HDD CDD WTR SNW DPTH SPD SPD DIR MIN PSBL S-S WX SPD DR
================================================================================
1 31 24 28 2 37 0 0.11 1.3 6 13.2 21 330 M M 10 18 25 330
2 27 21 24 -2 41 0 0.01 0.3 7 14.6 20 310 M M 7 1 25 320
3 26 14 20 -6 45 0 0.00 0.0 7 8.4 13 260 M M 2 18 19 250
4 36 10 23 -3 42 0 0.15 0.8 6 13.7 28 190 M M 4 128 37 160
5 36 20 28 1 37 0 0.03 T 5 17.7 36 230 M M 10 1 48 230
6 23 10 17 -10 48 0 0.00 0.0 5 9.5 20 260 M M 1 30 250
7 17 8 13 -14 52 0 0.01 0.2 5 6.9 13 260 M M 4 1 18 270
8 24 6 15 -12 50 0 T T 5 4.5 10 130 M M 10 8 12 140
9 23 8 16 -11 49 0 0.06 2.1 5 4.9 12 340 M M 9 18 13 320
10 20 7 14 -13 51 0 0.11 0.8 7 7.3 13 360 M M 8 18 16 30
11 24 16 20 -8 45 0 0.00 0.0 8 10.2 15 40 M M 5 18 18 40
12 31 19 25 -3 40 0 0.00 0.0 7 9.5 17 50 M M 5 8 22 50
13 26 17 22 -6 43 0 0.00 0.0 7 8.7 15 330 M M 8 18 18 330
14 21 13 17 -11 48 0 0.00 0.0 7 6.2 12 340 M M 8 18 14 350
15 23 17 20 -8 45 0 0.58 5.7 7 11.6 22 40 M M 10 168 31 40
16 23 6 15 -13 50 0 0.12 1.9 10 9.3 21 360 M M 8 18 25 360
17 24 0 12 -17 53 0 0.00 0.0 10 4.1 14 50 M M 4 128 16 50
18 29 18 24 -5 41 0 0.14 3.1 10 6.7 10 50 M M 10 18 14 30
19 23 12 18 -11 47 0 T T 13 8.9 14 250 M M 8 18 19 240
20 23 6 15 -14 50 0 T T 13 8.8 14 260 M M 5 18 19 230
21 36 5 21 -9 44 0 0.00 0.0 13 12.8 22 150 M M 1 18 28 150
22 40 30 35 5 30 0 0.07 T 10 18.3 31 170 M M 9 18 39 170
23 42 34 38 8 27 0 0.00 0.0 10 15.5 28 210 M M 5 38 190
24 52 36 44 14 21 0 T 0.0 8 15.9 31 210 M M 3 42 210
25 39 26 33 2 32 0 0.00 0.0 4 6.3 17 320 M M 1 21 320
26 40 22 31 0 34 0 T 0.0 1 10.6 25 160 M M 3 18 31 150
27 43 34 39 8 26 0 0.18 0.0 0 9.8 25 160 M M 8 1 32 160
28 58 35 47 15 18 0 0.68 0.0 0 11.6 23 150 M M 8 1 33 170
================================================================================
SM 860 474 1146 0 2.25 16.2 285.5 M 174
================================================================================
AV 30.7 16.9 10.2 FASTST M M 6 MAX(MPH)
MISC ----> 36 230 48 230
================================================================================
NOTES:
# LAST OF SEVERAL OCCURRENCES
COLUMN 17 PEAK WIND IN M.P.H.
PRELIMINARY LOCAL CLIMATOLOGICAL DATA (WS FORM: F-6) , PAGE 2
STATION: MANSFIELD OH
MONTH: FEBRUARY
YEAR: 2021
LATITUDE: 40 49 N
LONGITUDE: 82 31 W
[TEMPERATURE DATA] [PRECIPITATION DATA] SYMBOLS USED IN COLUMN 16
AVERAGE MONTHLY: 23.8 TOTAL FOR MONTH: 2.25 1 = FOG OR MIST
DPTR FM NORMAL: -4.6 DPTR FM NORMAL: -0.14 2 = FOG REDUCING VISIBILITY
HIGHEST: 58 ON 28 GRTST 24HR 0.68 ON 28-28 TO 1/4 MILE OR LESS
LOWEST: 0 ON 17 3 = THUNDER
SNOW, ICE PELLETS, HAIL 4 = ICE PELLETS
TOTAL MONTH: 22.0 INCHES 5 = HAIL
GRTST 24HR 5.7 ON 15-15 6 = FREEZING RAIN OR DRIZZLE
GRTST DEPTH: 13 ON 21,20 7 = DUSTSTORM OR SANDSTORM:
VSBY 1/2 MILE OR LESS
8 = SMOKE OR HAZE
[NO. OF DAYS WITH] [WEATHER - DAYS WITH] 9 = BLOWING SNOW
X = TORNADO
MAX 32 OR BELOW: 18 0.01 INCH OR MORE: 13
MAX 90 OR ABOVE: 0 0.10 INCH OR MORE: 8
MIN 32 OR BELOW: 24 0.50 INCH OR MORE: 2
MIN 0 OR BELOW: 1 1.00 INCH OR MORE: 0
[HDD (BASE 65) ]
TOTAL THIS MO. 1146 CLEAR (SCALE 0-3) 6
DPTR FM NORMAL 121 PTCLDY (SCALE 4-7) 15
TOTAL FM JUL 1 4202 CLOUDY (SCALE 8-10) 7
DPTR FM NORMAL -424
[CDD (BASE 65) ]
TOTAL THIS MO. 0
DPTR FM NORMAL 0 [PRESSURE DATA]
TOTAL FM JAN 1 0 HIGHEST SLP 30.52 ON 21
DPTR FM NORMAL 0 LOWEST SLP 29.42 ON 5
[REMARKS]
#FINAL-02-21#