000
CXUS51 KCLE 041429
CLMMFD
CLIMATE REPORT
NATIONAL WEATHER SERVICE CLEVELAND, OH
929 AM EST MON MAR 04 2024
...................................
...THE MANSFIELD OH CLIMATE SUMMARY FOR THE MONTH OF FEBRUARY 2024...
CLIMATE NORMAL PERIOD 1991 TO 2020
CLIMATE RECORD PERIOD 1916 TO 2024
WEATHER OBSERVED NORMAL DEPART LAST YEAR`S
VALUE DATE(S) VALUE FROM VALUE
NORMAL
..............................................................
TEMPERATURE (F)
RECORD
HIGH 74 02/24/2017
LOW -11 02/15/2015
02/10/1982
02/17/1979
HIGHEST 68 02/27
LOWEST 12 02/17
02/18
AVG. MAXIMUM 46.6 37.0 9.6 47.9
AVG. MINIMUM 26.7 21.2 5.5 27.4
MEAN 36.6 29.1 7.5 37.6
DAYS MAX >= 90 0 0.0 0.0 0
DAYS MAX <= 32 4 11.3 -7.3 2
DAYS MIN <= 32 22 24.2 -2.2 22
DAYS MIN <= 0 0 1.6 -1.6 0
PRECIPITATION (INCHES)
RECORD
MAXIMUM 6.05 2008
MINIMUM 0.29 1978
TOTALS 1.56 2.53 -0.97 2.12
DAYS >= .01 7 13.4 -6.4 7
DAYS >= .10 3 6.4 -3.4 3
DAYS >= .50 2 1.4 0.6 2
DAYS >= 1.00 0 0.3 -0.3 0
GREATEST
24 HR. TOTAL 0.62 02/22 TO 02/22 0.93
SNOWFALL (INCHES)
RECORDS
TOTAL 49.2 2010
TOTALS 2.0 12.7 -10.7 T
SINCE 7/1 8.0 39.7 -31.7 13.7
DAYS >= 1.0 1 4.1 -3.1 0
GREATEST
24 HR TOTAL 1.6 02/16 TO 02/16
DEGREE DAYS
HEATING TOTAL 817 1005 -188 760
SINCE 7/1 3831 4433 -602 3826
COOLING TOTAL 0 0 0 0
SINCE 1/1 0 0 0 0
..............................................................
WIND (MPH)
AVERAGE WIND SPEED 9.6
HIGHEST WIND SPEED/DIRECTION 29/200 DATE 02/28
HIGHEST GUST SPEED/DIRECTION 46/210 DATE 02/27
SKY COVER
AVERAGE SKY COVER 0.39
AVERAGE RH (PERCENT) 69
WEATHER CONDITIONS. NUMBER OF DAYS WITH
THUNDERSTORM 1 MIXED PRECIP 0
HEAVY RAIN 1 RAIN 1
LIGHT RAIN 5 FREEZING RAIN 0
LT FREEZING RAIN 0 HAIL 0
HEAVY SNOW 0 SNOW 0
LIGHT SNOW 3 SLEET 0
FOG 7 FOG W/VIS <= 1/4 MILE 0
HAZE 1
- INDICATES NEGATIVE NUMBERS.
R INDICATES RECORD WAS SET OR TIED.
MM INDICATES DATA IS MISSING.
T INDICATES TRACE AMOUNT.
$$