000
CXUS51 KCLE 031735
CLMMFD
CLIMATE REPORT
NATIONAL WEATHER SERVICE CLEVELAND, OH
135 PM EDT MON APR 03 2023
...................................
...THE MANSFIELD OH CLIMATE SUMMARY FOR THE MONTH OF MARCH 2023...
CLIMATE NORMAL PERIOD 1991 TO 2020
CLIMATE RECORD PERIOD 1916 TO 2023
WEATHER OBSERVED NORMAL DEPART LAST YEAR`S
VALUE DATE(S) VALUE FROM VALUE
NORMAL
..............................................................
TEMPERATURE (F)
RECORD
HIGH 84 03/22/2012
LOW -6 03/28/1980
HIGHEST 67 03/01
LOWEST 17 03/18
03/19
AVG. MAXIMUM 47.8 46.9 0.9 52.2
AVG. MINIMUM 29.8 28.7 1.1 31.1
MEAN 38.8 37.8 1.0 41.7
DAYS MAX >= 90 0 0.0 0.0 0
DAYS MAX <= 32 3 4.5 -1.5 3
DAYS MIN <= 32 20 20.9 -0.9 15
DAYS MIN <= 0 0 0.1 -0.1 0
PRECIPITATION (INCHES)
RECORD
MAXIMUM 7.04 1964
MINIMUM 1.16 1960
TOTALS 4.63 3.34 1.29 3.39
DAYS >= .01 13 14.0 -1.0 16
DAYS >= .10 8 7.6 0.4 6
DAYS >= .50 4 2.0 2.0 2
DAYS >= 1.00 1 0.5 0.5 1
GREATEST
24 HR. TOTAL 1.52 03/03 TO 03/03 1.63
SNOWFALL (INCHES)
RECORDS
TOTAL 21.4 2008
TOTALS 0.8 7.6 -6.8 0.6
SINCE 7/1 14.5 47.3 -32.8 25.5
DAYS >= 1.0 0 2.4 -2.4 0
GREATEST
24 HR TOTAL 0.5 03/13 TO 03/13
DEGREE DAYS
HEATING TOTAL 803 844 -41 714
SINCE 7/1 4629 5276 -647 4846
COOLING TOTAL 0 1 -1 0
SINCE 1/1 0 1 -1 0
..............................................................
WIND (MPH)
AVERAGE WIND SPEED 10.8
HIGHEST WIND SPEED/DIRECTION 44/230 DATE 03/25
HIGHEST GUST SPEED/DIRECTION 62/210 DATE 03/25
SKY COVER
AVERAGE SKY COVER 0.57
AVERAGE RH (PERCENT) 70
WEATHER CONDITIONS. NUMBER OF DAYS WITH
THUNDERSTORM 3 MIXED PRECIP 0
HEAVY RAIN 2 RAIN 5
LIGHT RAIN 11 FREEZING RAIN 0
LT FREEZING RAIN 1 HAIL 0
HEAVY SNOW 0 SNOW 2
LIGHT SNOW 8 SLEET 0
FOG 19 FOG W/VIS <= 1/4 MILE 3
HAZE 10
- INDICATES NEGATIVE NUMBERS.
R INDICATES RECORD WAS SET OR TIED.
MM INDICATES DATA IS MISSING.
T INDICATES TRACE AMOUNT.
$$