000
CXUS51 KCLE 021655
CLMMFD
CLIMATE REPORT
NATIONAL WEATHER SERVICE CLEVELAND, OH
1255 PM EDT MON OCT 02 2023
...................................
...THE MANSFIELD OH CLIMATE SUMMARY FOR THE MONTH OF SEPTEMBER 2023...
CLIMATE NORMAL PERIOD 1991 TO 2020
CLIMATE RECORD PERIOD 1916 TO 2023
WEATHER OBSERVED NORMAL DEPART LAST YEAR`S
VALUE DATE(S) VALUE FROM VALUE
NORMAL
..............................................................
TEMPERATURE (F)
RECORD
HIGH 95 09/10/2013
LOW 33 09/28/1991
09/24/1989
HIGHEST 89 09/05
LOWEST 45 09/16
AVG. MAXIMUM 74.8 75.0 -0.3 73.1
AVG. MINIMUM 55.5 53.7 1.8 55.5
MEAN 65.1 64.4 0.7 64.3
DAYS MAX >= 90 0 1.0 -1.0 0
DAYS MAX <= 32 0 0.0 0.0 0
DAYS MIN <= 32 0 0.0 0.0 0
DAYS MIN <= 0 0 0.0 0.0 0
PRECIPITATION (INCHES)
RECORD
MAXIMUM 7.76 1986
MINIMUM 0.70 1998
TOTALS 0.59R 3.36 -2.77 5.65
DAYS >= .01 9 9.6 -0.6 12
DAYS >= .10 1 6.0 -5.0 9
DAYS >= .50 0 2.2 -2.2 3
DAYS >= 1.00 0 0.9 -0.9 2
GREATEST
24 HR. TOTAL 0.27 09/28 TO 09/28 1.85
SNOWFALL (INCHES)
RECORDS
TOTAL T 1970
TOTALS 0.0 0.0 0.0 0.0
SINCE 7/1 0.0 0.0 0.0 0.0
DAYS >= 1.0 0 0.0 0.0 0
GREATEST
24 HR TOTAL 0.0
DEGREE DAYS
HEATING TOTAL 50 100 -50 98
SINCE 7/1 57 117 -60 104
COOLING TOTAL 58 81 -23 83
SINCE 1/1 595 738 -143 808
..............................................................
WIND (MPH)
AVERAGE WIND SPEED 5.6
HIGHEST WIND SPEED/DIRECTION 22/180 DATE 09/06
HIGHEST GUST SPEED/DIRECTION 28/180 DATE 09/06
SKY COVER
AVERAGE SKY COVER 0.43
AVERAGE RH (PERCENT) 74
WEATHER CONDITIONS. NUMBER OF DAYS WITH
THUNDERSTORM 1 MIXED PRECIP 0
HEAVY RAIN 0 RAIN 1
LIGHT RAIN 7 FREEZING RAIN 0
LT FREEZING RAIN 0 HAIL 0
HEAVY SNOW 0 SNOW 0
LIGHT SNOW 0 SLEET 0
FOG 19 FOG W/VIS <= 1/4 MILE 4
HAZE 4
- INDICATES NEGATIVE NUMBERS.
R INDICATES RECORD WAS SET OR TIED.
MM INDICATES DATA IS MISSING.
T INDICATES TRACE AMOUNT.
$$