000
CXUS51 KCLE 021842
CLSMFD
CLIMATE REPORT
NATIONAL WEATHER SERVICE CLEVELAND, OH
242 PM EDT THU SEP 02 2021
...................................
...THE MANSFIELD OH CLIMATE SUMMARY FOR THE SEASON, FROM
6/1/2021 TO 8/31/2021...
CLIMATE NORMAL PERIOD 1991 TO 2020
CLIMATE RECORD PERIOD 1916 TO 2021
WEATHER OBSERVED NORMAL DEPART
VALUE DATE(S) VALUE FROM
NORMAL
................................................
TEMPERATURE (F)
RECORD
HIGH 105 07/21/1934
LOW 32 08/30/1946
06/06/1945
HIGHEST 93 06/29
LOWEST 47 06/16
AVG. MAXIMUM 83.6 81.2 2.4
AVG. MINIMUM 64.8 60.6 4.2
MEAN 74.2 70.9 3.3
DAYS MAX >= 90 11 7.0
DAYS MAX <= 32 0 0.0
DAYS MIN <= 32 0 0.0
DAYS MIN <= 0 0 0.0
PRECIPITATION (INCHES)
RECORD
MAXIMUM 23.23 1987
MINIMUM 6.00 1967
TOTALS 12.96 12.25 0.71
DAYS >= .01 39 33.7
DAYS >= .10 27 22.1
DAYS >= .50 8 8.8
DAYS >= 1.00 3 3.0
SNOWFALL (INCHES)
RECORDS
TOTAL T 2011
TOTALS 0.0 0.0
DAYS >= TRACE 0
DAYS >= 1.0 0 0.0
DEGREE DAYS
HEATING TOTAL 10 54 -44
COOLING TOTAL 878 594 284
................................................
WIND (MPH)
HIGHEST GUST SPEED/DIRECTION 53/270 DATE 08/11
SKY COVER
POSSIBLE SUNSHINE (PERCENT) MM
NUMBER OF DAYS FAIR 59
NUMBER OF DAYS PC 27
NUMBER OF DAYS CLOUDY 6
WEATHER CONDITIONS. NUMBER OF DAYS WITH
THUNDERSTORM 20 MIXED PRECIP 0
HEAVY RAIN 15 RAIN 19
LIGHT RAIN 40 FREEZING RAIN 0
LT FREEZING RAIN 0 HAIL 0
HEAVY SNOW 0 SNOW 0
LIGHT SNOW 0 SLEET 0
FOG 40 FOG W/VIS <= 1/4 MILE 9
HAZE 9
- INDICATES NEGATIVE NUMBERS.
R INDICATES RECORD WAS SET OR TIED.
MM INDICATES DATA IS MISSING.
T INDICATES TRACE AMOUNT.
$$