000
CXUS56 KMFR 011816 RRA
CLAMFR
CLIMATE REPORT
NATIONAL WEATHER SERVICE MEDFORD, OR
954 AM PST SUN JAN 01 2023
...................................
...THE MEDFORD OR CLIMATE SUMMARY FOR THE YEAR OF 2022...
CLIMATE NORMAL PERIOD 1991 TO 2020
CLIMATE RECORD PERIOD 1911 TO 2022
WEATHER OBSERVED NORMAL DEPART LAST YEAR`S
VALUE DATE(S) VALUE FROM VALUE DATE(S)
NORMAL
................................................................
TEMPERATURE (F)
RECORD
HIGH 115 07/20/1946
LOW -10 12/13/1919
HIGHEST 114 07/29 115 06/28
08/01
08/11
LOWEST 18 12/18 26 01/20
AVG. MAXIMUM 70.0 68.3 1.7 69.9
AVG. MINIMUM 43.7 43.6 0.1 45.5
MEAN 56.8 55.9 0.9 57.7
DAYS MAX >= 90 79 61.2 17.8 74
DAYS MAX <= 32 1 1.0 0.0 0
DAYS MIN <= 32 83 63.9 19.1 47
DAYS MIN <= 0 0 0.0 0.0 0
PRECIPITATION (INCHES)
RECORD
MAXIMUM 31.41 1996
MINIMUM 6.38
TOTALS 14.41 18.43 -4.02
DAILY AVG. T 0.05 -0.05 T
DAYS >= .01 87 103.4 -16.4 97
DAYS >= .10 42 51.0 -9.0 50
DAYS >= .50 7 8.6 -1.6 6
DAYS >= 1.00 1 1.5 -0.5 0
GREATEST
24 HR. TOTAL 1.29 12/26 TO 12/27
SNOWFALL (INCHES)
RECORDS
TOTAL 24.1 1930
TOTALS T 3.4 -3.4
SINCE 7/1 T 1.0 -1.0 4.6
DAYS >= TRACE 7 3.7 3.3 9
DAYS >= 1.0 0 1.1 -1.1 1
DEGREE DAYS
HEATING TOTAL 4111 4203 -92 3905
SINCE 7/1 1631 1729 -98 1669
COOLING TOTAL 1283 908 375 1333
SINCE 1/1 1283 909 374 1333
FREEZE DATES
................................................................
WIND (MPH)
AVERAGE WIND SPEED 3.7
HIGHEST WIND SPEED/DIRECTION 36/140 DATE 12/26
HIGHEST GUST SPEED/DIRECTION 52/150 DATE 12/26
SKY COVER
POSSIBLE SUNSHINE (PERCENT) MM
AVERAGE SKY COVER 0.33
NUMBER OF DAYS FAIR 191
NUMBER OF DAYS PC 77
NUMBER OF DAYS CLOUDY 66
AVERAGE RH (PERCENT) 61
WEATHER CONDITIONS. NUMBER OF DAYS WITH
THUNDERSTORM 7 MIXED PRECIP 0
HEAVY RAIN 8 RAIN 36
LIGHT RAIN 112 FREEZING RAIN 0
LT FREEZING RAIN 0 HAIL 0
HEAVY SNOW 0 SNOW 0
LIGHT SNOW 4 SLEET 1
FOG 114 FOG W/VIS <= 1/4 MILE 29
HAZE 50
- INDICATES NEGATIVE NUMBERS.
R INDICATES RECORD WAS SET OR TIED.
MM INDICATES DATA IS MISSING.
T INDICATES TRACE AMOUNT.
$$