000
CXUS52 KMFL 011030
CF6MIA
PRELIMINARY LOCAL CLIMATOLOGICAL DATA (WS FORM: F-6)
STATION: MIAMI
MONTH: MARCH
YEAR: 2022
LATITUDE: 25 49 N
LONGITUDE: 80 17 W
TEMPERATURE IN F: :PCPN: SNOW: WIND :SUNSHINE: SKY :PK WND
================================================================================
1 2 3 4 5 6A 6B 7 8 9 10 11 12 13 14 15 16 17 18
12Z AVG MX 2MIN
DY MAX MIN AVG DEP HDD CDD WTR SNW DPTH SPD SPD DIR MIN PSBL S-S WX SPD DR
================================================================================
1 82 66 74 2 0 9 0.00 0.0 0 6.6 13 90 M M 6 1 19 290
2 79 68 74 2 0 9 0.02 0.0 0 5.2 10 100 M M 8 15 350
3 81 69 75 3 0 10 0.07 M M 7.1 17 90 M M 5 8 22 80
4 81 67 74 2 0 9 T M M 9.6 21 70 M M 4 27 60
5 81 71 76 4 0 11 T 0.0 0 18.0 29 80 M M 6 35 80
6 82 74 78 6 0 13 0.01 0.0 0 16.5 24 80 M M 6 30 100
7 83 74 79 7 0 14 0.14 0.0 0 13.9 24 110 M M 7 1 32 150
8 84 75 80 8 0 15 0.00 0.0 0 10.4 20 130 M M 5 27 160
9 84 74 79 7 0 14 0.00 0.0 0 10.4 20 140 M M 3 29 140
10 85 75 80 8 0 15 0.02 0.0 0 7.9 17 170 M M 5 3 26 140
11 86 74 80 7 0 15 0.00 0.0 M 8.7 18 150 M M 3 28 140
12 90 60 75 2 0 10 T 0.0 0 13.3 28 240 M M 6 40 300
13 74 52 63 -10 2 0 0.00 0.0 0 10.9 21 70 M M 4 29 40
14 77 67 72 -1 0 7 0.24 0.0 0 10.4 21 70 M M 7 18 26 50
15 79 71 75 2 0 10 0.83 0.0 0 8.6 20 90 M M 8 1 23 80
16 85 72 79 6 0 14 0.00 0.0 0 8.4 20 150 M M 6 3 29 170
17 85 73 79 6 0 14 T 0.0 0 5.0 16 140 M M 4 13 25 170
18 85 68 77 4 0 12 0.00 0.0 0 8.0 16 130 M M 3 1 25 140
19 85 74 80 7 0 15 0.00 0.0 0 8.6 15 120 M M 3 25 140
20 87 71 79 6 0 14 0.05 0.0 0 6.3 17 80 M M 6 3 21 70
21 79 72 76 3 0 11 0.00 0.0 0 12.0 25 90 M M 4 28 80
22 82 72 77 3 0 12 0.00 0.0 0 14.6 23 110 M M 5 32 110
23 85 76 81 7 0 16 0.00 0.0 0 12.8 20 120 M M 5 29 120
24 87 77 82 8 0 17 0.00 0.0 0 11.2 22 150 M M 6 32 180
25 80 67 74 0 0 9 0.65 0.0 0 6.5 21 310 M M 7 13 27 310
26 79 63 71 -3 0 6 0.00 M M 6.2 14 300 M M 0 19 300
27 82 62 72 -2 0 7 0.00 0.0 M 8.4 16 340 M M 0 23 340
28 83 62 73 -1 0 8 0.00 0.0 M 5.1 14 120 M M 2 20 150
29 85 63 74 0 0 9 0.00 0.0 M 7.4 15 100 M M 0 21 100
30 83 73 78 4 0 13 0.00 0.0 0 15.6 25 110 M M 4 32 100
31 85 77 81 6 0 16 0.00 0.0 0 14.0 23 130 M M 6 31 140
================================================================================
SM 2565 2159 2 354 2.03 0.0 307.6 M 144
================================================================================
AV 82.7 69.6 9.9 FASTST M M 5 MAX(MPH)
MISC ----> 29 80 40 300
================================================================================
NOTES:
# LAST OF SEVERAL OCCURRENCES
COLUMN 17 PEAK WIND IN M.P.H.
PRELIMINARY LOCAL CLIMATOLOGICAL DATA (WS FORM: F-6) , PAGE 2
STATION: MIAMI
MONTH: MARCH
YEAR: 2022
LATITUDE: 25 49 N
LONGITUDE: 80 17 W
[TEMPERATURE DATA] [PRECIPITATION DATA] SYMBOLS USED IN COLUMN 16
AVERAGE MONTHLY: 76.2 TOTAL FOR MONTH: 2.03 1 = FOG OR MIST
DPTR FM NORMAL: 3.1 DPTR FM NORMAL: -0.43 2 = FOG REDUCING VISIBILITY
HIGHEST: 90 ON 12 GRTST 24HR 1.06 ON 14-15 TO 1/4 MILE OR LESS
LOWEST: 52 ON 13 3 = THUNDER
SNOW, ICE PELLETS, HAIL 4 = ICE PELLETS
TOTAL MONTH: 0.0 INCH 5 = HAIL
GRTST 24HR 0.0 6 = FREEZING RAIN OR DRIZZLE
GRTST DEPTH: 0 7 = DUSTSTORM OR SANDSTORM:
VSBY 1/2 MILE OR LESS
8 = SMOKE OR HAZE
[NO. OF DAYS WITH] [WEATHER - DAYS WITH] 9 = BLOWING SNOW
X = TORNADO
MAX 32 OR BELOW: 0 0.01 INCH OR MORE: 9
MAX 90 OR ABOVE: 1 0.10 INCH OR MORE: 4
MIN 32 OR BELOW: 0 0.50 INCH OR MORE: 2
MIN 0 OR BELOW: 0 1.00 INCH OR MORE: 0
[HDD (BASE 65) ]
TOTAL THIS MO. 2 CLEAR (SCALE 0-3) 5
DPTR FM NORMAL -6 PTCLDY (SCALE 4-7) 25
TOTAL FM JUL 1 54 CLOUDY (SCALE 8-10) 1
DPTR FM NORMAL -41
[CDD (BASE 65) ]
TOTAL THIS MO. 354
DPTR FM NORMAL 94 [PRESSURE DATA]
TOTAL FM JAN 1 769 HIGHEST SLP 30.29 ON 14
DPTR FM NORMAL 171 LOWEST SLP 29.88 ON 12
[REMARKS]
#FINAL-03-22#