000
CXUS53 KIND 011726
CLMMIE
CLIMATE REPORT
NATIONAL WEATHER SERVICE INDIANAPOLIS IN
1226 PM EST FRI DEC 01 2023
...................................
...THE MUNCIE IN CLIMATE SUMMARY FOR THE MONTH OF NOVEMBER 2023...
CLIMATE NORMAL PERIOD 1991 TO 2020
CLIMATE RECORD PERIOD 9999 TO 9999
WEATHER OBSERVED NORMAL DEPART LAST YEAR`S
VALUE DATE(S) VALUE FROM VALUE DATE(S)
NORMAL
................................................................
TEMPERATURE (F)
HIGHEST 80 11/08 77 11/04
LOWEST 18 11/28 14 11/20
AVG. MAXIMUM 56.1 52.3 3.8 54.8
AVG. MINIMUM 34.2 35.6 -1.4 35.7
MEAN 45.2 43.9 1.3 45.3
DAYS MAX >= 90 0 0.0 0.0 0
DAYS MAX <= 32 1 1.7 -0.7 2
DAYS MIN <= 32 12 15.7 -3.7 13
DAYS MIN <= 0 0 0.0 0.0 0
PRECIPITATION (INCHES)
TOTALS 1.02 3.23 -2.21 0.88
DAILY AVG. 0.03 0.11 -0.08 0.03
DAYS >= .01 5 10.1 -5.1 8
DAYS >= .10 3 6.4 -3.4 2
DAYS >= .50 1 2.1 -1.1 1
DAYS >= 1.00 0 0.8 -0.8 0
GREATEST
24 HR. TOTAL 0.59 11/17 TO 11/17
DEGREE DAYS
HEATING TOTAL 590 633 -43 590
SINCE 7/1 893 1015 -122 MM
COOLING TOTAL 0 2 -2 3
SINCE 1/1 1002 1172 -170 MM
................................................................
WIND (MPH)
AVERAGE WIND SPEED 8.1
HIGHEST WIND SPEED/DIRECTION 25/230 DATE 11/06
25/280 11/26
HIGHEST GUST SPEED/DIRECTION 41/200 DATE 11/08
SKY COVER
AVERAGE SKY COVER 0.29
AVERAGE RH (PERCENT) 58
WEATHER CONDITIONS. NUMBER OF DAYS WITH
THUNDERSTORM 0 MIXED PRECIP 0
HEAVY RAIN 1 RAIN 7
LIGHT RAIN 7 FREEZING RAIN 0
LT FREEZING RAIN 0 HAIL 0
HEAVY SNOW 0 SNOW 2
LIGHT SNOW 2 SLEET 0
FOG 7 FOG W/VIS <= 1/4 MILE 1
HAZE 8
- INDICATES NEGATIVE NUMBERS.
R INDICATES RECORD WAS SET OR TIED.
MM INDICATES DATA IS MISSING.
T INDICATES TRACE AMOUNT.
$$