000
CXUS53 KDMX 081641
CF6MIW
PRELIMINARY LOCAL CLIMATOLOGICAL DATA (WS FORM: F-6)
STATION: MARSHALLTOWN IA
MONTH: APRIL
YEAR: 2023
LATITUDE: 42 6 N
LONGITUDE: 92 55 W
TEMPERATURE IN F: :PCPN: SNOW: WIND :SUNSHINE: SKY :PK WND
================================================================================
1 2 3 4 5 6A 6B 7 8 9 10 11 12 13 14 15 16 17 18
12Z AVG MX 2MIN
DY MAX MIN AVG DEP HDD CDD WTR SNW DPTH SPD SPD DIR MIN PSBL S-S WX SPD DR
================================================================================
1 49 26 38 -5 27 0 T M M 17.1 35 320 M M 4 1 47 320
2 72 27 50 7 15 0 0.00 0.0 M 16.1 30 200 M M 1 41 200
3 54 32 43 -1 22 0 T 0.0 M 9.2 20 50 M M 8 25 50
4 67 42 55 11 10 0 0.77 0.0 M 19.8 41 170 M M 9 138 58 170
5 54 29 42 -2 23 0 0.00 0.0 M 18.9 28 270 M M 7 1 39 260
6 53 22 38 -7 27 0 0.00 0.0 M 9.2 20 290 M M 0 27 280
7 65 28 47 2 18 0 0.00 0.0 M 11.8 23 200 M M 0 30 170
8 68 41 55 9 10 0 0.00 0.0 M 13.7 24 170 M M 0 34 170
9 70 43 57 11 8 0 0.00 0.0 M 12.1 25 200 M M 0 33 160
10 73 44 59 13 6 0 0.00 0.0 M 7.5 16 210 M M 2 22 220
11 80 44 62 15 3 0 0.00 0.0 M 12.6 25 210 M M 0 35 220
12 84 57 71 24 0 6 0.00 0.0 M 18.0 29 200 M M 0 41 200
13 82 56 69 22 0 4 0.00 0.0 M 16.1 29 170 M M 0 39 180
14 82 46 64 16 1 0 0.00 0.0 M 12.1 24 160 M M 0 35 160
15 66 37 52 4 13 0 0.16 0.0 M 16.4 30 250 M M 8 13 40 250
16 38 33 36 -12 29 0 0.05 M M 26.5 37 310 M M 10 1 46 310
17 59 32 46 -3 19 0 0.00 0.0 M 22.2 37 300 M M 0 49 300
18 62 29 46 -3 19 0 T 0.0 M 12.6 24 110 M M 0 34 110
19 66 49 58 8 7 0 0.61 0.0 M 18.3 32 110 M M 9 138 41 120
20 63 38 51 1 14 0 0.39 0.0 M 14.3 30 290 M M 7 13 39 280
21 46 34 40 -10 25 0 T 0.0 M 16.7 30 270 M M 6 38 260
22 39 31 35 -16 30 0 0.01 M M 17.2 29 310 M M 9 1 34 300
23 48 29 39 -12 26 0 0.00 0.0 M 8.7 18 310 M M 6 26 310
24 61 26 44 -7 21 0 0.00 0.0 M 6.5 18 50 M M 4 23 60
25 58 32 45 -7 20 0 0.00 0.0 M 9.0 17 30 M M 0 23 60
26 60 29 45 -7 20 0 0.00 0.0 M 7.5 14 150 M M 0 19 160
27 71 42 57 5 8 0 0.00 0.0 M 10.3 20 200 M M 0 32 160
28 74 43 59 6 6 0 T 0.0 M 8.7 29 310 M M 5 34 310
29 56 38 47 -6 18 0 T 0.0 M 15.0 28 320 M M 6 39 290
30 57 38 48 -6 17 0 T 0.0 M 24.2 38 320 M M 6 53 330
================================================================================
SM 1877 1097 462 10 1.99 0.0 428.3 M 107
================================================================================
AV 62.6 36.6 14.3 FASTST M M 4 MAX(MPH)
MISC ----> 41 170 58 170
================================================================================
NOTES:
# LAST OF SEVERAL OCCURRENCES
COLUMN 17 PEAK WIND IN M.P.H.
PRELIMINARY LOCAL CLIMATOLOGICAL DATA (WS FORM: F-6) , PAGE 2
STATION: MARSHALLTOWN IA
MONTH: APRIL
YEAR: 2023
LATITUDE: 42 6 N
LONGITUDE: 92 55 W
[TEMPERATURE DATA] [PRECIPITATION DATA] SYMBOLS USED IN COLUMN 16
AVERAGE MONTHLY: 49.6 TOTAL FOR MONTH: 1.99 1 = FOG OR MIST
DPTR FM NORMAL: 1.3 DPTR FM NORMAL: -1.70 2 = FOG REDUCING VISIBILITY
HIGHEST: 84 ON 12 GRTST 24HR 1.00 ON 19-20 TO 1/4 MILE OR LESS
LOWEST: 22 ON 6 3 = THUNDER
SNOW, ICE PELLETS, HAIL 4 = ICE PELLETS
TOTAL MONTH: 0.0 INCH 5 = HAIL
GRTST 24HR 0.0 6 = FREEZING RAIN OR DRIZZLE
GRTST DEPTH: M ON M 7 = DUSTSTORM OR SANDSTORM:
VSBY 1/2 MILE OR LESS
8 = SMOKE OR HAZE
[NO. OF DAYS WITH] [WEATHER - DAYS WITH] 9 = BLOWING SNOW
X = TORNADO
MAX 32 OR BELOW: 0 0.01 INCH OR MORE: 6
MAX 90 OR ABOVE: 0 0.10 INCH OR MORE: 4
MIN 32 OR BELOW: 13 0.50 INCH OR MORE: 2
MIN 0 OR BELOW: 0 1.00 INCH OR MORE: 0
[HDD (BASE 65) ]
TOTAL THIS MO. 462 CLEAR (SCALE 0-3) 15
DPTR FM NORMAL -44 PTCLDY (SCALE 4-7) 10
TOTAL FM JUL 1 6412 CLOUDY (SCALE 8-10) 5
DPTR FM NORMAL -352
[CDD (BASE 65) ]
TOTAL THIS MO. 10
DPTR FM NORMAL 6 [PRESSURE DATA]
TOTAL FM JAN 1 10 HIGHEST SLP 30.47 ON 7
DPTR FM NORMAL 5 LOWEST SLP 29.26 ON 4
[REMARKS]
#FINAL-04-23#