000
CXHW52 PHFO 011250
CF6MKK
PRELIMINARY LOCAL CLIMATOLOGICAL DATA (WS FORM: F-6)
STATION: MOLOKAI HI
MONTH: AUGUST
YEAR: 2022
LATITUDE: 21 8 N
LONGITUDE: 157 6 W
TEMPERATURE IN F: :PCPN: SNOW: WIND :SUNSHINE: SKY :PK WND
================================================================================
1 2 3 4 5 6A 6B 7 8 9 10 11 12 13 14 15 16 17 18
12Z AVG MX 2MIN
DY MAX MIN AVG DEP HDD CDD WTR SNW DPTH SPD SPD DIR MIN PSBL S-S WX SPD DR
================================================================================
1 85 73 79 -1 0 14 0.03 M M 12.5 26 60 M M 6 8 35 60
2 84 72 78 -2 0 13 0.01 M M 12.5 25 50 M M 4 34 30
3 86 73 80 0 0 15 0.08 M M 9.8 21 40 M M 2 28 40
4 87 67 77 -3 0 12 0.61 M M 6.0 16 60 M M 3 1 20 360
5 86 69 78 -2 0 13 0.00 M M 5.6 14 60 M M 2 20 40
6 92 69 81 1 0 16 0.00 M M 4.5 15 60 M M 1 22 50
7 89 72 81 1 0 16 0.00 M M 7.4 18 70 M M 0 24 40
8 89 73 81 1 0 16 0.00 M M 11.7 20 40 M M 1 28 30
9 87 75 81 1 0 16 0.00 M M 15.6 29 50 M M 2 38 60
10 89 76 83 3 0 18 0.00 M M 15.5 26 50 M M 1 39 50
11 87 76 82 2 0 17 0.00 M M 16.1 26 40 M M 1 38 40
12 86 74 80 0 0 15 0.00 M M 12.3 25 50 M M 2 34 50
13 89 73 81 1 0 16 0.00 M M 9.6 20 50 M M 2 29 40
14 87 74 81 1 0 16 0.00 M M 10.7 24 50 M M 2 31 30
15 87 74 81 1 0 16 T M M 9.0 17 70 M M 3 24 30
16 89 67 78 -2 0 13 0.00 M M 4.8 15 110 M M 2 19 350
17 90 70 80 0 0 15 0.00 M M 5.4 15 360 M M 2 20 10
18 89 75 82 2 0 17 0.00 M M 9.7 20 360 M M 2 27 10
19 88 71 80 0 0 15 0.00 M M 10.3 21 50 M M 1 29 50
20 88 73 81 1 0 16 0.00 M M 12.3 26 50 M M 1 35 50
21 86 73 80 0 0 15 T M M 10.1 25 30 M M 2 32 30
22 82 73 78 -2 0 13 0.04 M M 9.7 20 50 M M 8 18 29 50
23 86 70 78 -2 0 13 0.00 M M 4.2 13 160 M M 7 17 160
24 88 67 78 -2 0 13 0.00 M M 4.0 14 150 M M 2 19 150
25 88 68 78 -2 0 13 0.00 M M 5.4 14 50 M M 2 19 50
26 87 68 78 -2 0 13 T M M 9.4 22 50 M M 2 29 40
27 87 75 81 1 0 16 0.00 M M 12.3 22 40 M M 2 31 30
28 87 74 81 1 0 16 T M M 11.2 20 40 M M 1 28 50
29 85 73 79 -1 0 14 T M M 9.8 17 50 M M 3 24 10
30 87 74 81 1 0 16 0.00 M M 9.7 17 360 M M 1 24 10
31 87 72 80 0 0 15 0.00 M M 10.7 21 50 M M 1 29 40
================================================================================
SM 2704 2233 0 462 0.77 M 297.8 M 71
================================================================================
AV 87.2 72.0 9.6 FASTST M M 2 MAX(MPH)
MISC ----> 29 50 39 50
================================================================================
NOTES:
# LAST OF SEVERAL OCCURRENCES
COLUMN 17 PEAK WIND IN M.P.H.
PRELIMINARY LOCAL CLIMATOLOGICAL DATA (WS FORM: F-6) , PAGE 2
STATION: MOLOKAI HI
MONTH: AUGUST
YEAR: 2022
LATITUDE: 21 8 N
LONGITUDE: 157 6 W
[TEMPERATURE DATA] [PRECIPITATION DATA] SYMBOLS USED IN COLUMN 16
AVERAGE MONTHLY: 79.6 TOTAL FOR MONTH: 0.77 1 = FOG OR MIST
DPTR FM NORMAL: -0.4 DPTR FM NORMAL: -0.07 2 = FOG REDUCING VISIBILITY
HIGHEST: 92 ON 6 GRTST 24HR 0.69 ON 3- 4 TO 1/4 MILE OR LESS
LOWEST: 67 ON 24,16 3 = THUNDER
SNOW, ICE PELLETS, HAIL 4 = ICE PELLETS
TOTAL MONTH: M 5 = HAIL
GRTST 24HR M ON M 6 = FREEZING RAIN OR DRIZZLE
GRTST DEPTH: M ON M 7 = DUSTSTORM OR SANDSTORM:
VSBY 1/2 MILE OR LESS
8 = SMOKE OR HAZE
[NO. OF DAYS WITH] [WEATHER - DAYS WITH] 9 = BLOWING SNOW
X = TORNADO
MAX 32 OR BELOW: 0 0.01 INCH OR MORE: 5
MAX 90 OR ABOVE: 2 0.10 INCH OR MORE: 1
MIN 32 OR BELOW: 0 0.50 INCH OR MORE: 1
MIN 0 OR BELOW: 0 1.00 INCH OR MORE: 0
[HDD (BASE 65) ]
TOTAL THIS MO. 0 CLEAR (SCALE 0-3) 26
DPTR FM NORMAL 0 PTCLDY (SCALE 4-7) 5
TOTAL FM JUL 1 0 CLOUDY (SCALE 8-10) 0
DPTR FM NORMAL 0
[CDD (BASE 65) ]
TOTAL THIS MO. 462
DPTR FM NORMAL -1 [PRESSURE DATA]
TOTAL FM JAN 1 2621 HIGHEST SLP 30.13 ON 11
DPTR FM NORMAL 100 LOWEST SLP 29.91 ON 3
[REMARKS]
#FINAL-08-22#