000
CXHW52 PHFO 011250
CF6MKK
PRELIMINARY LOCAL CLIMATOLOGICAL DATA (WS FORM: F-6)
STATION: MOLOKAI HI
MONTH: JANUARY
YEAR: 2021
LATITUDE: 21 8 N
LONGITUDE: 157 6 W
TEMPERATURE IN F: :PCPN: SNOW: WIND :SUNSHINE: SKY :PK WND
================================================================================
1 2 3 4 5 6A 6B 7 8 9 10 11 12 13 14 15 16 17 18
12Z AVG MX 2MIN
DY MAX MIN AVG DEP HDD CDD WTR SNW DPTH SPD SPD DIR MIN PSBL S-S WX SPD DR
================================================================================
1 82 72 77 6 0 12 0.00 M M 14.4 26 60 M M 6 35 50
2 83 75 79 8 0 14 0.00 M M 13.4 22 60 M M 5 35 50
3 83 74 79 8 0 14 0.00 M M 13.7 26 60 M M 3 37 70
4 86 66 76 5 0 11 0.00 M M 8.3 17 50 M M 3 23 60
5 84 71 78 7 0 13 0.00 M M 9.7 21 60 M M 3 29 40
6 82 68 75 4 0 10 0.00 M M 9.3 20 30 M M 3 28 30
7 85 71 78 7 0 13 0.00 M M 8.1 18 50 M M 3 25 50
8 83 65 74 3 0 9 0.00 M M 5.8 14 350 M M 1 18 350
9 82 66 74 3 0 9 0.00 M M 6.1 16 60 M M 2 22 40
10 83 66 75 4 0 10 0.00 M M 8.4 20 50 M M 2 26 50
11 84 70 77 6 0 12 0.00 M M 6.2 15 50 M M 5 22 50
12 86 70 78 7 0 13 0.00 M M 8.8 21 150 M M 3 26 150
13 80 71 76 5 0 11 0.00 M M 5.3 14 240 M M 4 20 10
14 83 66 75 5 0 10 0.00 M M 5.7 15 150 M M 4 20 150
15 81 64 73 3 0 8 0.00 M M 6.0 16 30 M M 1 23 50
16 83 64 74 4 0 9 0.00 M M 5.6 18 120 M M 2 24 120
17 82 64 73 3 0 8 0.00 M M 8.4 28 330 M M 5 36 320
18 72 67 70 0 0 5 0.92 M M 15.9 31 360 M M 10 1 41 10
19 82 70 76 6 0 11 T M M 8.2 21 30 M M 4 31 40
20 81 68 75 5 0 10 T M M 10.2 21 50 M M 2 31 50
21 80 71 76 6 0 11 0.00 M M 13.9 25 70 M M 2 36 50
22 80 71 76 6 0 11 0.00 M M 14.9 28 60 M M 2 40 50
23 79 70 75 5 0 10 T M M 13.0 23 40 M M 3 34 30
24 84 69 77 7 0 12 0.00 M M 8.1 17 30 M M 1 24 50
25 80 69 75 5 0 10 0.00 M M 8.0 16 30 M M 6 26 30
26 84 72 78 8 0 13 0.00 M M 11.6 18 50 M M 6 26 40
27 82 71 77 7 0 12 0.00 M M 14.7 30 50 M M 3 42 50
28 80 70 75 5 0 10 T M M 16.0 25 50 M M 4 35 50
29 79 68 74 4 0 9 0.05 M M 13.8 25 60 M M 6 18 33 50
30 79 68 74 4 0 9 0.05 M M 13.3 22 50 M M 4 8 31 50
31 79 68 74 4 0 9 0.14 M M 12.2 21 50 M M 4 18 28 50
================================================================================
SM 2533 2135 0 328 1.16 M 317.0 M 112
================================================================================
AV 81.7 68.9 10.2 FASTST M M 4 MAX(MPH)
MISC ----> 31 360 42 50
================================================================================
NOTES:
# LAST OF SEVERAL OCCURRENCES
COLUMN 17 PEAK WIND IN M.P.H.
PRELIMINARY LOCAL CLIMATOLOGICAL DATA (WS FORM: F-6) , PAGE 2
STATION: MOLOKAI HI
MONTH: JANUARY
YEAR: 2021
LATITUDE: 21 8 N
LONGITUDE: 157 6 W
[TEMPERATURE DATA] [PRECIPITATION DATA] SYMBOLS USED IN COLUMN 16
AVERAGE MONTHLY: 75.3 TOTAL FOR MONTH: 1.16 1 = FOG OR MIST
DPTR FM NORMAL: 4.7 DPTR FM NORMAL: -2.78 2 = FOG REDUCING VISIBILITY
HIGHEST: 86 ON 12, 4 GRTST 24HR 0.92 ON 18-18 TO 1/4 MILE OR LESS
LOWEST: 64 ON 17,16 3 = THUNDER
SNOW, ICE PELLETS, HAIL 4 = ICE PELLETS
TOTAL MONTH: M 5 = HAIL
GRTST 24HR M ON M 6 = FREEZING RAIN OR DRIZZLE
GRTST DEPTH: M ON M 7 = DUSTSTORM OR SANDSTORM:
VSBY 1/2 MILE OR LESS
8 = SMOKE OR HAZE
[NO. OF DAYS WITH] [WEATHER - DAYS WITH] 9 = BLOWING SNOW
X = TORNADO
MAX 32 OR BELOW: 0 0.01 INCH OR MORE: 4
MAX 90 OR ABOVE: 0 0.10 INCH OR MORE: 2
MIN 32 OR BELOW: 0 0.50 INCH OR MORE: 1
MIN 0 OR BELOW: 0 1.00 INCH OR MORE: 0
[HDD (BASE 65) ]
TOTAL THIS MO. 0 CLEAR (SCALE 0-3) 16
DPTR FM NORMAL -1 PTCLDY (SCALE 4-7) 14
TOTAL FM JUL 1 0 CLOUDY (SCALE 8-10) 1
DPTR FM NORMAL 0
[CDD (BASE 65) ]
TOTAL THIS MO. 328
DPTR FM NORMAL 155 [PRESSURE DATA]
TOTAL FM JAN 1 328 HIGHEST SLP 30.19 ON 3
DPTR FM NORMAL 155 LOWEST SLP 29.93 ON 24
[REMARKS]
#FINAL-01-21#