000
CXHW52 PHFO 011250
CF6MKK
PRELIMINARY LOCAL CLIMATOLOGICAL DATA (WS FORM: F-6)
STATION: MOLOKAI HI
MONTH: SEPTEMBER
YEAR: 2023
LATITUDE: 21 8 N
LONGITUDE: 157 6 W
TEMPERATURE IN F: :PCPN: SNOW: WIND :SUNSHINE: SKY :PK WND
================================================================================
1 2 3 4 5 6A 6B 7 8 9 10 11 12 13 14 15 16 17 18
12Z AVG MX 2MIN
DY MAX MIN AVG DEP HDD CDD WTR SNW DPTH SPD SPD DIR MIN PSBL S-S WX SPD DR
================================================================================
1 87 72 80 0 0 15 T M M 16.0 28 50 M M 3 1 36 40
2 87 74 81 1 0 16 T M M 14.9 25 60 M M 2 35 70
3 87 72 80 0 0 15 0.00 M M 10.2 18 30 M M 2 27 360
4 89 63 76 -4 0 11 0.00 M M 4.9 16 220 M M 1 26 180
5 89 65 77 -3 0 12 0.00 M M 5.3 15 30 M M 2 22 10
6 89 66 78 -2 0 13 0.00 M M 10.0 22 50 M M 2 27 30
7 87 72 80 0 0 15 0.00 M M 10.4 21 30 M M 1 29 30
8 88 71 80 0 0 15 T M M 10.4 22 40 M M 2 29 30
9 85 71 78 -2 0 13 0.01 M M 11.2 26 50 M M 4 37 60
10 86 71 79 -1 0 14 0.07 M M 13.8 23 40 M M 2 1 33 30
11 87 72 80 0 0 15 0.00 M M 14.3 28 60 M M 2 35 50
12 89 72 81 1 0 16 0.00 M M 11.4 23 50 M M 3 33 50
13 89 67 78 -2 0 13 0.00 M M 10.6 21 40 M M 4 30 30
14 88 71 80 0 0 15 T M M 10.8 22 50 M M 6 31 40
15 86 72 79 -1 0 14 T M M 10.8 21 30 M M 4 1 28 40
16 89 72 81 1 0 16 0.00 M M 10.5 24 50 M M 2 35 40
17 88 75 82 2 0 17 T M M 13.5 23 50 M M 3 1 31 50
18 89 74 82 2 0 17 0.00 M M 13.2 24 60 M M 2 32 50
19 88 75 82 2 0 17 T M M 12.9 23 50 M M 2 33 50
20 87 75 81 1 0 16 0.00 M M 11.8 24 40 M M 2 36 50
21 87 75 81 1 0 16 T M M 11.8 25 50 M M 4 34 50
22 87 75 81 1 0 16 T M M 13.9 25 60 M M 3 36 50
23 87 74 81 1 0 16 0.03 M M 13.8 23 60 M M 2 34 70
24 87 74 81 1 0 16 0.00 M M 13.9 24 50 M M 2 35 60
25 87 73 80 0 0 15 T M M 13.2 23 50 M M 2 31 70
26 87 74 81 1 0 16 T M M 15.0 26 50 M M 2 34 50
27 85 72 79 -1 0 14 0.04 M M 12.2 23 50 M M 4 1 33 50
28 87 66 77 -2 0 12 0.00 M M 9.8 21 50 M M 2 32 50
29 91 69 80 1 0 15 0.00 M M 9.4 23 50 M M 1 32 50
30 88 77 83 4 0 18 0.00 M M 13.6 24 50 M M 1 36 50
================================================================================
SM 2627 2151 0 449 0.15 M 353.5 M 74
================================================================================
AV 87.6 71.7 11.8 FASTST M M 2 MAX(MPH)
MISC ----> # 28 50 37 60
================================================================================
NOTES:
# LAST OF SEVERAL OCCURRENCES
COLUMN 17 PEAK WIND IN M.P.H.
PRELIMINARY LOCAL CLIMATOLOGICAL DATA (WS FORM: F-6) , PAGE 2
STATION: MOLOKAI HI
MONTH: SEPTEMBER
YEAR: 2023
LATITUDE: 21 8 N
LONGITUDE: 157 6 W
[TEMPERATURE DATA] [PRECIPITATION DATA] SYMBOLS USED IN COLUMN 16
AVERAGE MONTHLY: 79.6 TOTAL FOR MONTH: 0.15 1 = FOG OR MIST
DPTR FM NORMAL: -0.1 DPTR FM NORMAL: -0.84 2 = FOG REDUCING VISIBILITY
HIGHEST: 91 ON 29 GRTST 24HR 0.08 ON 9-10 TO 1/4 MILE OR LESS
LOWEST: 63 ON 4 3 = THUNDER
SNOW, ICE PELLETS, HAIL 4 = ICE PELLETS
TOTAL MONTH: M 5 = HAIL
GRTST 24HR M ON M 6 = FREEZING RAIN OR DRIZZLE
GRTST DEPTH: M ON M 7 = DUSTSTORM OR SANDSTORM:
VSBY 1/2 MILE OR LESS
8 = SMOKE OR HAZE
[NO. OF DAYS WITH] [WEATHER - DAYS WITH] 9 = BLOWING SNOW
X = TORNADO
MAX 32 OR BELOW: 0 0.01 INCH OR MORE: 4
MAX 90 OR ABOVE: 1 0.10 INCH OR MORE: 0
MIN 32 OR BELOW: 0 0.50 INCH OR MORE: 0
MIN 0 OR BELOW: 0 1.00 INCH OR MORE: 0
[HDD (BASE 65) ]
TOTAL THIS MO. 0 CLEAR (SCALE 0-3) 24
DPTR FM NORMAL 0 PTCLDY (SCALE 4-7) 6
TOTAL FM JUL 1 0 CLOUDY (SCALE 8-10) 0
DPTR FM NORMAL 0
[CDD (BASE 65) ]
TOTAL THIS MO. 449
DPTR FM NORMAL 7 [PRESSURE DATA]
TOTAL FM JAN 1 3030 HIGHEST SLP 30.11 ON 27
DPTR FM NORMAL 67 LOWEST SLP 29.92 ON 19
[REMARKS]
#FINAL-09-23#