000
CXUS54 KTSA 010850
CF6MKO
PRELIMINARY LOCAL CLIMATOLOGICAL DATA (WS FORM: F-6)
STATION: MUSKOGEE OKLAHOMA
MONTH: APRIL
YEAR: 2023
LATITUDE: 35 40 N
LONGITUDE: 95 22 W
TEMPERATURE IN F: :PCPN: SNOW: WIND :SUNSHINE: SKY :PK WND
================================================================================
1 2 3 4 5 6A 6B 7 8 9 10 11 12 13 14 15 16 17 18
12Z AVG MX 2MIN
DY MAX MIN AVG DEP HDD CDD WTR SNW DPTH SPD SPD DIR MIN PSBL S-S WX SPD DR
================================================================================
1 64 44 54 -3 11 0 0.00 0.0 M 9.1 32 330 M M 1 45 320
2 80 42 61 4 4 0 0.00 0.0 M 11.9 23 190 M M 1 34 200
3 88 57 73 16 0 8 0.00 0.0 M 12.6 25 200 M M 2 35 180
4 81 72 77 19 0 12 0.01 0.0 M 14.9 30 180 M M 2 3 45 180
5 77 44 61 3 4 0 0.03 0.0 M 13.6 35 300 M M 2 3 47 300
6 62 39 51 -7 14 0 0.00 0.0 M 7.7 20 50 M M 0 26 40
7 70 37 54 -4 11 0 0.00 0.0 M 4.7 12 50 M M 0 17 170
8 74 39 57 -2 8 0 0.00 0.0 M 2.3 15 20 M M 0 20 20
9 73 45 59 0 6 0 0.00 0.0 M 7.9 16 140 M M 0 24 150
10 74 50 62 3 3 0 0.00 0.0 M 5.6 13 120 M M 0 1 17 140
11 76 50 63 4 2 0 0.00 0.0 M 5.5 13 150 M M 1 21 180
12 78 50 64 4 1 0 0.00 0.0 M 6.9 17 200 M M 0 18 26 160
13 78 52 65 5 0 0 0.00 0.0 M 5.8 14 170 M M 0 8 19 180
14 83 53 68 8 0 3 0.00 0.0 M 9.7 22 160 M M 1 31 150
15 79 46 63 3 2 0 0.00 0.0 M 13.8 30 320 M M 8 40 320
16 67 41 54 -7 11 0 0.00 0.0 M 10.6 25 310 M M 0 37 310
17 78 37 58 -3 7 0 0.00 0.0 M 6.4 18 200 M M 0 28 180
18 81 55 68 7 0 3 0.00 0.0 M 11.5 25 200 M M 1 37 200
19 75 62 69 8 0 4 T 0.0 M 12.5 24 170 M M 7 3 38 160
20 77 56 67 5 0 2 T 0.0 M 11.8 22 190 M M 5 38 170
21 72 44 58 -4 7 0 0.00 0.0 M 5.7 15 350 M M 1 21 360
22 58 41 50 -12 15 0 T 0.0 M 10.4 26 360 M M 6 33 10
23 65 35 50 -12 15 0 0.00 0.0 M 4.7 16 20 M M 0 12 22 20
24 68 38 53 -9 12 0 T 0.0 M 8.8 20 130 M M 3 28 130
25 56 49 53 -10 12 0 0.75 0.0 M 9.5 17 100 M M 10 1 23 100
26 57 52 55 -8 10 0 0.52 0.0 M 8.6 18 90 M M 10 1 26 90
27 60 52 56 -7 9 0 0.47 0.0 M 5.7 13 360 M M 9 13 16 100
28 65 50 58 -6 7 0 0.05 0.0 M 6.9 16 360 M M 8 12 23 340
29 69 52 61 -3 4 0 0.05 0.0 M 11.8 21 330 M M 5 1 29 330
30 70 45 58 -6 7 0 0.00 0.0 M 10.7 26 340 M M 1 32 350
================================================================================
SM 2155 1429 182 32 1.88 0.0 267.6 M 84
================================================================================
AV 71.8 47.6 8.9 FASTST M M 3 MAX(MPH)
MISC ----> 35 300 47 300
================================================================================
NOTES:
# LAST OF SEVERAL OCCURRENCES
COLUMN 17 PEAK WIND IN M.P.H.
PRELIMINARY LOCAL CLIMATOLOGICAL DATA (WS FORM: F-6) , PAGE 2
STATION: MUSKOGEE OKLAHOMA
MONTH: APRIL
YEAR: 2023
LATITUDE: 35 40 N
LONGITUDE: 95 22 W
[TEMPERATURE DATA] [PRECIPITATION DATA] SYMBOLS USED IN COLUMN 16
AVERAGE MONTHLY: 59.7 TOTAL FOR MONTH: 1.88 1 = FOG OR MIST
DPTR FM NORMAL: -0.8 DPTR FM NORMAL: -2.23 2 = FOG REDUCING VISIBILITY
HIGHEST: 88 ON 3 GRTST 24HR 0.98 ON 26-27 TO 1/4 MILE OR LESS
LOWEST: 35 ON 23 3 = THUNDER
SNOW, ICE PELLETS, HAIL 4 = ICE PELLETS
TOTAL MONTH: 0.0 INCH 5 = HAIL
GRTST 24HR 0.0 6 = FREEZING RAIN OR DRIZZLE
GRTST DEPTH: M ON M 7 = DUSTSTORM OR SANDSTORM:
VSBY 1/2 MILE OR LESS
8 = SMOKE OR HAZE
[NO. OF DAYS WITH] [WEATHER - DAYS WITH] 9 = BLOWING SNOW
X = TORNADO
MAX 32 OR BELOW: 0 0.01 INCH OR MORE: 7
MAX 90 OR ABOVE: 0 0.10 INCH OR MORE: 3
MIN 32 OR BELOW: 0 0.50 INCH OR MORE: 2
MIN 0 OR BELOW: 0 1.00 INCH OR MORE: 0
[HDD (BASE 65) ]
TOTAL THIS MO. 182 CLEAR (SCALE 0-3) 21
DPTR FM NORMAL 1 PTCLDY (SCALE 4-7) 4
TOTAL FM JUL 1 3094 CLOUDY (SCALE 8-10) 5
DPTR FM NORMAL -275
[CDD (BASE 65) ]
TOTAL THIS MO. 32
DPTR FM NORMAL -12 [PRESSURE DATA]
TOTAL FM JAN 1 40 HIGHEST SLP 30.43 ON 6
DPTR FM NORMAL -18 LOWEST SLP 29.45 ON 4
[REMARKS]
#FINAL-04-23#