000
CXUS54 KTSA 031156
CF6MKO
PRELIMINARY LOCAL CLIMATOLOGICAL DATA (WS FORM: F-6)
STATION: MUSKOGEE OKLAHOMA
MONTH: DECEMBER
YEAR: 2021
LATITUDE: 35 40 N
LONGITUDE: 95 22 W
TEMPERATURE IN F: :PCPN: SNOW: WIND :SUNSHINE: SKY :PK WND
================================================================================
1 2 3 4 5 6A 6B 7 8 9 10 11 12 13 14 15 16 17 18
12Z AVG MX 2MIN
DY MAX MIN AVG DEP HDD CDD WTR SNW DPTH SPD SPD DIR MIN PSBL S-S WX SPD DR
================================================================================
1 71 43 57 12 8 0 0.00 0.0 M 5.1 10 330 M M 0 14 180
2 77 38 58 13 7 0 0.00 0.0 M 6.6 14 200 M M 0 17 190
3 77 51 64 20 1 0 0.00 0.0 M 7.3 16 200 M M 0 12 21 200
4 63 54 59 15 6 0 0.02 0.0 M 5.2 13 150 M M 10 128 19 170
5 71 51 61 17 4 0 0.30 0.0 M 11.4 41 360 M M 5 13 53 350
6 51 28 40 -3 25 0 T 0.0 M 14.7 29 360 M M 2 41 10
7 47 27 37 -6 28 0 0.00 0.0 M 7.6 18 130 M M 0 26 130
8 58 30 44 1 21 0 0.00 0.0 M 7.3 15 150 M M 0 22 160
9 72 47 60 17 5 0 0.00 0.0 M 9.7 20 230 M M 1 28 240
10 80 46 63 21 2 0 T 0.0 M 13.4 29 310 M M 4 138 41 210
11 50 28 39 -3 26 0 0.00 0.0 M 15.0 25 340 M M 1 40 330
12 57 26 42 0 23 0 0.00 0.0 M 9.2 18 180 M M 0 27 170
13 68 36 52 10 13 0 0.00 0.0 M 9.7 20 180 M M 0 27 170
14 70 55 63 22 2 0 T 0.0 M 11.5 25 190 M M 10 36 190
15 78 69 74 33 0 9 0.00 0.0 M 16.8 35 190 M M 7 51 180
16 72 43 58 17 7 0 0.06 0.0 M 10.4 22 350 M M 4 18 33 190
17 59 51 55 14 10 0 1.47 0.0 M 6.9 20 140 M M 10 13 29 130
18 52 34 43 2 22 0 0.13 0.0 M 15.8 24 360 M M 6 1 31 360
19 41 27 34 -6 31 0 0.00 0.0 M 4.7 16 30 M M 5 18 21 20
20 42 25 34 -6 31 0 0.00 0.0 M 5.0 12 150 M M 1 1 15 150
21 57 26 42 2 23 0 0.00 0.0 M 4.1 10 110 M M 3 12 13 120
22 59 28 44 4 21 0 0.00 0.0 M 6.5 14 140 M M 0 12 20 140
23 66 40 53 13 12 0 0.00 0.0 M 8.8 18 190 M M 3 26 190
24 78 62 70 30 0 5 0.00 0.0 M 19.2 28 210 M M 0 44 200
25 74 48 61 21 4 0 0.00 0.0 M 7.0 24 210 M M 0 36 210
26 74 45 60 21 5 0 0.00 0.0 M 11.7 25 170 M M 0 37 170
27 70 52 61 22 4 0 0.00 0.0 M 9.5 21 210 M M 1 1 33 180
28 74 46 60 21 5 0 0.06 0.0 M 10.1 24 240 M M 3 1 36 250
29 59 39 49 10 16 0 0.08 0.0 M 6.3 18 290 M M 4 12 26 270
30 60 44 52 13 13 0 0.00 0.0 M 5.7 9 160 M M 5 12 15 180
31 67 50 59 20 6 0 0.20 0.0 M 7.3 17 220 M M 6 1 26 210
================================================================================
SM 1994 1289 381 14 2.32 0.0 289.5 M 91
================================================================================
AV 64.3 41.6 9.3 FASTST M M 3 MAX(MPH)
MISC ----> 41 360 53 350
================================================================================
NOTES:
# LAST OF SEVERAL OCCURRENCES
COLUMN 17 PEAK WIND IN M.P.H.
PRELIMINARY LOCAL CLIMATOLOGICAL DATA (WS FORM: F-6) , PAGE 2
STATION: MUSKOGEE OKLAHOMA
MONTH: DECEMBER
YEAR: 2021
LATITUDE: 35 40 N
LONGITUDE: 95 22 W
[TEMPERATURE DATA] [PRECIPITATION DATA] SYMBOLS USED IN COLUMN 16
AVERAGE MONTHLY: 53.0 TOTAL FOR MONTH: 2.32 1 = FOG OR MIST
DPTR FM NORMAL: 11.7 DPTR FM NORMAL: -0.54 2 = FOG REDUCING VISIBILITY
HIGHEST: 80 ON 10 GRTST 24HR 1.47 ON 17-17 TO 1/4 MILE OR LESS
LOWEST: 25 ON 20 3 = THUNDER
SNOW, ICE PELLETS, HAIL 4 = ICE PELLETS
TOTAL MONTH: 0.0 INCH 5 = HAIL
GRTST 24HR 0.0 6 = FREEZING RAIN OR DRIZZLE
GRTST DEPTH: M ON M 7 = DUSTSTORM OR SANDSTORM:
VSBY 1/2 MILE OR LESS
8 = SMOKE OR HAZE
[NO. OF DAYS WITH] [WEATHER - DAYS WITH] 9 = BLOWING SNOW
X = TORNADO
MAX 32 OR BELOW: 0 0.01 INCH OR MORE: 8
MAX 90 OR ABOVE: 0 0.10 INCH OR MORE: 4
MIN 32 OR BELOW: 9 0.50 INCH OR MORE: 1
MIN 0 OR BELOW: 0 1.00 INCH OR MORE: 1
[HDD (BASE 65) ]
TOTAL THIS MO. 381 CLEAR (SCALE 0-3) 18
DPTR FM NORMAL -354 PTCLDY (SCALE 4-7) 10
TOTAL FM JUL 1 887 CLOUDY (SCALE 8-10) 3
DPTR FM NORMAL -468
[CDD (BASE 65) ]
TOTAL THIS MO. 14
DPTR FM NORMAL 13 [PRESSURE DATA]
TOTAL FM JAN 1 1935 HIGHEST SLP 30.47 ON 19
DPTR FM NORMAL 16 LOWEST SLP 29.48 ON 10
[REMARKS]
#FINAL-12-21#