442
CXUS54 KTSA 010950
CF6MLC
PRELIMINARY LOCAL CLIMATOLOGICAL DATA (WS FORM: F-6)
STATION: MCALESTER OKLAHOMA
MONTH: OCTOBER
YEAR: 2020
LATITUDE: 34 52 N
LONGITUDE: 95 47 W
TEMPERATURE IN F: :PCPN: SNOW: WIND :SUNSHINE: SKY :PK WND
================================================================================
1 2 3 4 5 6A 6B 7 8 9 10 11 12 13 14 15 16 17 18
12Z AVG MX 2MIN
DY MAX MIN AVG DEP HDD CDD WTR SNW DPTH SPD SPD DIR MIN PSBL S-S WX SPD DR
================================================================================
1 77 47 62 -6 3 0 0.00 0.0 M 5.5 17 350 M M 1 25 350
2 72 41 57 -10 8 0 0.00 0.0 M 2.6 9 150 M M 2 16 150
3 77 54 66 -1 0 1 T 0.0 M 6.2 17 220 M M 2 29 170
4 71 46 59 -8 6 0 0.00 0.0 M 6.2 16 20 M M 4 24 360
5 74 43 59 -7 6 0 0.00 0.0 M 3.0 13 200 M M 1 21 220
6 81 50 66 0 0 1 0.00 0.0 M 2.6 12 180 M M 2 21 200
7 85 56 71 5 0 6 0.00 0.0 M 3.8 10 200 M M 2 17 220
8 85 58 72 7 0 7 0.00 0.0 M 2.7 9 150 M M 1 16 100
9 83 63 73 8 0 8 0.00 0.0 M 2.4 9 210 M M 7 1 13 180
10 85 60 73 8 0 8 0.00 0.0 M 3.0 8 10 M M 5 12 16 70
11 88 60 74 10 0 9 0.00 0.0 M 5.9 14 160 M M 1 1 25 140
12 80 45 63 -1 2 0 0.00 0.0 M 9.3 23 360 M M 3 8 32 20
13 81 41 61 -3 4 0 0.00 0.0 M 3.0 13 210 M M 1 20 220
14 85 49 67 3 0 2 0.00 0.0 M 7.9 16 190 M M 2 31 170
15 75 58 67 4 0 2 0.00 0.0 M 11.1 25 10 M M 7 34 10
16 71 40 56 -7 9 0 0.00 0.0 M 3.6 10 90 M M 3 18 50
17 69 49 59 -4 6 0 0.00 0.0 M 7.8 17 180 M M 6 8 31 190
18 77 49 63 1 2 0 0.00 0.0 M 9.1 21 360 M M 10 28 10
19 59 47 53 -9 12 0 T 0.0 M 6.1 12 10 M M 10 1 16 30
20 85 52 69 7 0 4 0.15 0.0 M 4.4 13 190 M M 8 18 21 190
21 84 69 77 15 0 12 0.00 0.0 M 5.9 14 200 M M 4 24 180
22 85 69 77 16 0 12 0.00 0.0 M 7.5 17 180 M M 3 30 190
23 75 46 61 0 4 0 T 0.0 M 15.0 23 360 M M 8 18 33 330
24 54 45 50 -11 15 0 0.00 0.0 M 5.0 15 360 M M 9 21 10
25 57 47 52 -8 13 0 0.02 0.0 M 6.0 13 360 M M 10 18 18 20
26 47 36 42 -18 23 0 1.25 M M 13.2 21 340 M M 10 13 27 360
27 40 35 38 -22 27 0 0.99 0.0 M 10.9 17 20 M M 10 13 23 10
28 47 38 43 -17 22 0 0.75 M M 7.6 15 20 M M 10 1 20 10
29 55 36 46 -13 19 0 0.01 M M 10.1 30 360 M M 7 1 44 340
30 70 32 51 -8 14 0 0.00 0.0 M 1.5 8 10 M M 2 12 20
31 68 35 52 -6 13 0 0.00 0.0 M 4.6 15 200 M M 2 26 210
================================================================================
SM 2242 1496 208 72 3.17 0.0 193.5 M 153
================================================================================
AV 72.3 48.3 6.2 FASTST M M 5 MAX(MPH)
MISC ----> 30 360 44 340
================================================================================
NOTES:
# LAST OF SEVERAL OCCURRENCES
COLUMN 17 PEAK WIND IN M.P.H.
PRELIMINARY LOCAL CLIMATOLOGICAL DATA (WS FORM: F-6) , PAGE 2
STATION: MCALESTER OKLAHOMA
MONTH: OCTOBER
YEAR: 2020
LATITUDE: 34 52 N
LONGITUDE: 95 47 W
[TEMPERATURE DATA] [PRECIPITATION DATA] SYMBOLS USED IN COLUMN 16
AVERAGE MONTHLY: 60.3 TOTAL FOR MONTH: 3.17 1 = FOG OR MIST
DPTR FM NORMAL: -2.8 DPTR FM NORMAL: -1.18 2 = FOG REDUCING VISIBILITY
HIGHEST: 88 ON 11 GRTST 24HR 2.16 ON 26-27 TO 1/4 MILE OR LESS
LOWEST: 32 ON 30 3 = THUNDER
SNOW, ICE PELLETS, HAIL 4 = ICE PELLETS
TOTAL MONTH: 0.0 INCH 5 = HAIL
GRTST 24HR 0.0 6 = FREEZING RAIN OR DRIZZLE
GRTST DEPTH: 0 7 = DUSTSTORM OR SANDSTORM:
VSBY 1/2 MILE OR LESS
8 = SMOKE OR HAZE
[NO. OF DAYS WITH] [WEATHER - DAYS WITH] 9 = BLOWING SNOW
X = TORNADO
MAX 32 OR BELOW: 0 0.01 INCH OR MORE: 6
MAX 90 OR ABOVE: 0 0.10 INCH OR MORE: 4
MIN 32 OR BELOW: 1 0.50 INCH OR MORE: 3
MIN 0 OR BELOW: 0 1.00 INCH OR MORE: 1
[HDD (BASE 65) ]
TOTAL THIS MO. 208 CLEAR (SCALE 0-3) 15
DPTR FM NORMAL 68 PTCLDY (SCALE 4-7) 9
TOTAL FM JUL 1 218 CLOUDY (SCALE 8-10) 7
DPTR FM NORMAL 57
[CDD (BASE 65) ]
TOTAL THIS MO. 72
DPTR FM NORMAL -7 [PRESSURE DATA]
TOTAL FM JAN 1 2029 HIGHEST SLP 30.41 ON 16
DPTR FM NORMAL -9 LOWEST SLP 29.67 ON 12
[REMARKS]
#FINAL-10-20#