000
CXUS53 KDVN 011000
CF6MLI
PRELIMINARY LOCAL CLIMATOLOGICAL DATA (WS FORM: F-6)
STATION: MOLINE IL
MONTH: APRIL
YEAR: 2023
LATITUDE: 41 27 N
LONGITUDE: 90 31 W
TEMPERATURE IN F: :PCPN: SNOW: WIND :SUNSHINE: SKY :PK WND
================================================================================
1 2 3 4 5 6A 6B 7 8 9 10 11 12 13 14 15 16 17 18
12Z AVG MX 2MIN
DY MAX MIN AVG DEP HDD CDD WTR SNW DPTH SPD SPD DIR MIN PSBL S-S WX SPD DR
================================================================================
1 50 34 42 -4 23 0 T 0.0 0 15.6 33 310 M M 8 50 270
2 68 34 51 5 14 0 0.00 0.0 0 13.3 24 180 M M 0 33 170
3 67 42 55 8 10 0 0.00 0.0 0 11.6 23 60 M M 7 32 50
4 76 46 61 14 4 0 0.40 0.0 0 15.8 55 310 M M 8 138 89 310
5 74 38 56 8 9 0 0.11 0.0 0 16.8 33 250 M M 5 138 49 240
6 54 31 43 -5 22 0 0.00 0.0 0 8.5 17 300 M M 0 24 300
7 64 27 46 -2 19 0 0.00 0.0 0 6.4 16 130 M M 0 22 130
8 70 38 54 5 11 0 0.00 0.0 0 7.9 17 170 M M 0 24 200
9 72 38 55 6 10 0 0.00 0.0 0 9.1 21 180 M M 0 31 140
10 77 40 59 10 6 0 0.00 0.0 0 7.5 16 220 M M 0 8 24 230
11 83 44 64 14 1 0 0.00 0.0 0 9.1 26 250 M M 0 34 250
12 85 60 73 23 0 8 0.00 0.0 0 12.8 28 240 M M 0 34 240
13 85 46 66 16 0 1 0.00 0.0 0 7.4 22 200 M M 0 28 160
14 86 47 67 16 0 2 0.00 0.0 0 6.9 17 160 M M 0 24 180
15 80 48 64 13 1 0 0.25 0.0 0 12.3 32 270 M M 4 13 42 270
16 48 35 42 -10 23 0 0.22 T 0 20.6 31 260 M M 10 1 44 280
17 60 35 48 -4 17 0 0.02 T 0 18.2 32 300 M M 5 1 46 310
18 63 31 47 -5 18 0 0.00 0.0 0 4.8 13 90 M M 0 16 90
19 78 50 64 11 1 0 T 0.0 0 12.3 21 60 M M 7 28 10
20 78 43 61 8 4 0 0.21 0.0 0 11.7 30 270 M M 6 38 42 190
21 62 40 51 -3 14 0 0.00 0.0 0 13.0 28 280 M M 4 36 270
22 45 36 41 -13 24 0 0.01 T 0 15.3 25 280 M M 9 8 35 280
23 50 30 40 -14 25 0 0.00 0.0 0 9.2 17 310 M M 8 24 280
24 61 27 44 -11 21 0 0.00 0.0 0 4.1 16 230 M M 4 23 230
25 57 38 48 -7 17 0 T 0.0 0 7.9 15 50 M M 7 20 40
26 61 29 45 -10 20 0 0.00 0.0 0 4.0 15 70 M M 0 21 120
27 72 34 53 -3 12 0 0.00 0.0 0 5.6 15 160 M M 0 21 160
28 74 37 56 0 9 0 0.00 0.0 0 2.5 12 40 M M 0 15 40
29 63 48 56 0 9 0 T 0.0 0 14.6 25 310 M M 6 33 310
30 51 44 48 -9 17 0 T 0.0 0 18.5 33 310 M M 9 46 320
================================================================================
SM 2014 1170 361 11 1.22 T 323.3 M 107
================================================================================
AV 67.1 39.0 10.8 FASTST M M 4 MAX(MPH)
MISC ----> 55 310 89 310
================================================================================
NOTES:
# LAST OF SEVERAL OCCURRENCES
COLUMN 17 PEAK WIND IN M.P.H.
PRELIMINARY LOCAL CLIMATOLOGICAL DATA (WS FORM: F-6) , PAGE 2
STATION: MOLINE IL
MONTH: APRIL
YEAR: 2023
LATITUDE: 41 27 N
LONGITUDE: 90 31 W
[TEMPERATURE DATA] [PRECIPITATION DATA] SYMBOLS USED IN COLUMN 16
AVERAGE MONTHLY: 53.1 TOTAL FOR MONTH: 1.22 1 = FOG OR MIST
DPTR FM NORMAL: 1.7 DPTR FM NORMAL: -2.59 2 = FOG REDUCING VISIBILITY
HIGHEST: 86 ON 14 GRTST 24HR 0.52 ON 31- 1 TO 1/4 MILE OR LESS
LOWEST: 27 ON 24, 7 3 = THUNDER
SNOW, ICE PELLETS, HAIL 4 = ICE PELLETS
TOTAL MONTH: T 5 = HAIL
GRTST 24HR T ON 16-16 6 = FREEZING RAIN OR DRIZZLE
GRTST DEPTH: 0 7 = DUSTSTORM OR SANDSTORM:
VSBY 1/2 MILE OR LESS
8 = SMOKE OR HAZE
[NO. OF DAYS WITH] [WEATHER - DAYS WITH] 9 = BLOWING SNOW
X = TORNADO
MAX 32 OR BELOW: 0 0.01 INCH OR MORE: 7
MAX 90 OR ABOVE: 0 0.10 INCH OR MORE: 5
MIN 32 OR BELOW: 6 0.50 INCH OR MORE: 0
MIN 0 OR BELOW: 0 1.00 INCH OR MORE: 0
[HDD (BASE 65) ]
TOTAL THIS MO. 361 CLEAR (SCALE 0-3) 14
DPTR FM NORMAL -56 PTCLDY (SCALE 4-7) 13
TOTAL FM JUL 1 5291 CLOUDY (SCALE 8-10) 3
DPTR FM NORMAL -565
[CDD (BASE 65) ]
TOTAL THIS MO. 11
DPTR FM NORMAL 0 [PRESSURE DATA]
TOTAL FM JAN 1 11 HIGHEST SLP 30.54 ON 7
DPTR FM NORMAL -2 LOWEST SLP 29.37 ON 4
[REMARKS]
#FINAL-04-23#