000
CXUS55 KBYZ 011057
CF6MLS
PRELIMINARY LOCAL CLIMATOLOGICAL DATA (WS FORM: F-6)
STATION: MILES CITY MT
MONTH: MARCH
YEAR: 2020
LATITUDE: 46 25 N
LONGITUDE: 105 53 W
TEMPERATURE IN F: :PCPN: SNOW: WIND :SUNSHINE: SKY :PK WND
================================================================================
1 2 3 4 5 6A 6B 7 8 9 10 11 12 13 14 15 16 17 18
12Z AVG MX 2MIN
DY MAX MIN AVG DEP HDD CDD WTR SNW DPTH SPD SPD DIR MIN PSBL S-S WX SPD DR
================================================================================
1 39 22 31 2 34 0 0.00 M M 14.0 31 320 M M 2 37 320
2 48 22 35 6 30 0 0.00 M M 15.1 40 310 M M 5 51 320
3 50 27 39 9 26 0 0.02 M M 13.5 40 320 M M 4 51 320
4 59 29 44 14 21 0 T M M 17.6 46 320 M M 3 58 330
5 48 24 36 6 29 0 0.00 M M 8.7 17 310 M M 0 23 300
6 72 32 52 21 13 0 0.00 M M 11.8 20 200 M M 0 25 190
7 73 34 54 23 11 0 0.00 M M 10.4 22 310 M M 0 25 310
8 37 25 31 -1 34 0 T M M 11.5 25 330 M M 8 31 340
9 47 25 36 4 29 0 0.00 M M 7.0 14 20 M M 8 16 20
10 52 30 41 9 24 0 0.00 M M 10.8 29 260 M M 2 33 270
11 59 32 46 13 19 0 T M M 12.7 31 260 M M 7 37 260
12 43 25 34 1 31 0 0.02 M M 11.7 28 330 M M 6 1 36 320
13 35 20 28 -6 37 0 T M M 14.7 26 100 M M 9 35 100
14 31 26 29 -5 36 0 T M M 17.3 29 130 M M 10 1 37 130
15 29 13 21 -13 44 0 0.04 M M 13.8 22 310 M M 10 16 26 300
16 26 15 21 -14 44 0 T M M 8.4 16 280 M M 6 18 18 290
17 48 10 29 -6 36 0 0.00 M M 9.3 18 340 M M 0 22 320
18 33 23 28 -8 37 0 T M M 9.6 17 40 M M 9 18 21 40
19 26 15 21 -15 44 0 T M M 11.1 18 30 M M 10 18 21 20
20 36 11 24 -12 41 0 0.00 M M 11.7 20 140 M M 5 24 130
21 51 18 35 -2 30 0 0.00 M M 7.1 15 340 M M 2 20 320
22 41 25 33 -4 32 0 T M M 4.9 17 10 M M 8 18 22 20
23 62 23 43 6 22 0 0.00 M M 7.2 14 260 M M 0 17 260
24 55 30 43 5 22 0 T M M 10.8 23 320 M M 5 26 270
25 44 27 36 -2 29 0 0.00 M M 7.8 15 50 M M 9 18 40
26 48 26 37 -2 28 0 0.06 M M 4.9 15 270 M M 6 12 18 250
27 54 24 39 0 26 0 0.00 M M 6.2 15 270 M M 0 20 300
28 57 24 41 2 24 0 0.00 M M 9.9 22 290 M M 2 29 290
29 63 28 46 6 19 0 0.00 M M 7.0 16 210 M M 2 25 230
30 65 32 49 9 16 0 0.00 M M 8.1 20 270 M M 1 26 270
31 54 32 43 3 22 0 0.11 M M 12.0 26 320 M M 5 1 31 340
================================================================================
SM 1485 749 890 0 0.25 M 326.6 M 144
================================================================================
AV 47.9 24.2 10.5 FASTST M M 5 MAX(MPH)
MISC ----> # 46 320 # 58 330
================================================================================
NOTES:
# LAST OF SEVERAL OCCURRENCES
COLUMN 17 PEAK WIND IN M.P.H.
PRELIMINARY LOCAL CLIMATOLOGICAL DATA (WS FORM: F-6) , PAGE 2
STATION: MILES CITY MT
MONTH: MARCH
YEAR: 2020
LATITUDE: 46 25 N
LONGITUDE: 105 53 W
[TEMPERATURE DATA] [PRECIPITATION DATA] SYMBOLS USED IN COLUMN 16
AVERAGE MONTHLY: 36.0 TOTAL FOR MONTH: 0.25 1 = FOG OR MIST
DPTR FM NORMAL: 1.3 DPTR FM NORMAL: -0.35 2 = FOG REDUCING VISIBILITY
HIGHEST: 73 ON 7 GRTST 24HR 0.11 ON 31-31 TO 1/4 MILE OR LESS
LOWEST: 10 ON 17 3 = THUNDER
SNOW, ICE PELLETS, HAIL 4 = ICE PELLETS
TOTAL MONTH: M 5 = HAIL
GRTST 24HR M ON M 6 = FREEZING RAIN OR DRIZZLE
GRTST DEPTH: M ON M 7 = DUSTSTORM OR SANDSTORM:
VSBY 1/2 MILE OR LESS
8 = SMOKE OR HAZE
[NO. OF DAYS WITH] [WEATHER - DAYS WITH] 9 = BLOWING SNOW
X = TORNADO
MAX 32 OR BELOW: 4 0.01 INCH OR MORE: 5
MAX 90 OR ABOVE: 0 0.10 INCH OR MORE: 1
MIN 32 OR BELOW: 30 0.50 INCH OR MORE: 0
MIN 0 OR BELOW: 0 1.00 INCH OR MORE: 0
[HDD (BASE 65) ]
TOTAL THIS MO. 890 CLEAR (SCALE 0-3) 13
DPTR FM NORMAL -51 PTCLDY (SCALE 4-7) 12
TOTAL FM JUL 1 6438 CLOUDY (SCALE 8-10) 6
DPTR FM NORMAL -230
[CDD (BASE 65) ]
TOTAL THIS MO. 0
DPTR FM NORMAL 0 [PRESSURE DATA]
TOTAL FM JAN 1 0 HIGHEST SLP 30.64 ON 20
DPTR FM NORMAL 0 LOWEST SLP 29.55 ON 7
[REMARKS]
#FINAL-03-20#