000
CXUS51 KCAR 022151
CLMMLT
CLIMATE REPORT
NATIONAL WEATHER SERVICE CARIBOU ME
451 PM EST SAT MAR 02 2024
...................................
...THE MILLINOCKET ME CLIMATE SUMMARY FOR THE MONTH OF FEBRUARY 2024...
CLIMATE NORMAL PERIOD: 1991 TO 2020
CLIMATE RECORD PERIOD: 1903 TO 2024
WEATHER OBSERVED NORMAL DEPART LAST YEAR`S
VALUE DATE(S) VALUE FROM VALUE DATE(S)
NORMAL
................................................................
TEMPERATURE (F)
RECORD
HIGH 62 02/21/1994
LOW -42 02/02/1962
HIGHEST 53 02/27 MM MM 49 02/16
LOWEST -5 02/21 MM MM -20 02/03
02/04
AVG. MAXIMUM 34.2 28.0 6.2 28.4
AVG. MINIMUM 15.4 7.2 8.2 7.0
MEAN 24.8 17.6 7.2 17.7
DAYS MAX >= 90 0 0.0 0.0 0
DAYS MAX <= 32 13 18.0 -5.0 18
DAYS MIN <= 32 28 27.1 0.9 27
DAYS MIN <= 0 1 7.7 -6.7 10
PRECIPITATION (INCHES)
RECORD
MAXIMUM 2.82 2022
MINIMUM 1.06 2023
TOTALS MM MM
DAILY AVG. T NAN NAN 0.04
DAYS >= .01 0 9.2 -9.2 9
DAYS >= .10 0 5.1 -5.1 5
DAYS >= .50 0 1.3 -1.3 0
DAYS >= 1.00 0 0.3 -0.3 0
SNOWFALL (INCHES)
RECORDS
TOTAL MM MM
TOTALS MM MM MM MM
SINCE 7/1 MM MM MM MM
SNOWDEPTH AVG. MM MM
DAYS >= 1.0 MM MM MM MM
GREATEST
SNOW DEPTH MM MM MM
24 HR TOTAL MM MM
DEGREE DAYS
HEATING TOTAL 1160 1327 -167 1319
SINCE 7/1 5188 6049 -861 MM
COOLING TOTAL 0 0 0 0
SINCE 1/1 0 0 0 MM
................................................................
WIND (MPH)
AVERAGE WIND SPEED 6.6
HIGHEST WIND SPEED/DIRECTION 29/290 DATE 02/29
HIGHEST GUST SPEED/DIRECTION 47/300 DATE 02/29
SKY COVER
POSSIBLE SUNSHINE (PERCENT) MM
AVERAGE SKY COVER 0.45
NUMBER OF DAYS FAIR 12
NUMBER OF DAYS PC 11
NUMBER OF DAYS CLOUDY 6
AVERAGE RH (PERCENT) 66
WEATHER CONDITIONS. NUMBER OF DAYS WITH
THUNDERSTORM 0 MIXED PRECIP 0
HEAVY RAIN 0 RAIN 0
LIGHT RAIN 0 FREEZING RAIN 0
LT FREEZING RAIN 0 HAIL 0
HEAVY SNOW 0 SNOW 0
LIGHT SNOW 11 SLEET 0
FOG 13 FOG W/VIS <= 1/4 MILE 3
HAZE 6
- INDICATES NEGATIVE NUMBERS.
* INDICATES RECORD WAS SET OR TIED.
MM INDICATES DATA IS MISSING.
T INDICATES TRACE AMOUNT.
PRECIOPITATION DATA WAS MISSING DUE TO AN EQUIPMENT OUTAGE
$$