000
CXUS54 KMOB 011408
CF6MOB
PRELIMINARY LOCAL CLIMATOLOGICAL DATA (WS FORM: F-6)
STATION: MOBILE
MONTH: JULY
YEAR: 2023
LATITUDE: 30 40 N
LONGITUDE: 88 15 W
TEMPERATURE IN F: :PCPN: SNOW: WIND :SUNSHINE: SKY :PK WND
================================================================================
1 2 3 4 5 6A 6B 7 8 9 10 11 12 13 14 15 16 17 18
12Z AVG MX 2MIN
DY MAX MIN AVG DEP HDD CDD WTR SNW DPTH SPD SPD DIR MIN PSBL S-S WX SPD DR
================================================================================
1 97 77 87 5 0 22 0.00 0.0 0 3.9 17 120 M M 3 22 130
2 96 78 87 5 0 22 0.00 0.0 0 5.4 17 30 M M 5 3 21 50
3 95 75 85 3 0 20 0.00 0.0 0 5.5 16 200 M M 5 18 21 190
4 93 77 85 3 0 20 T 0.0 0 5.7 15 180 M M 6 38 21 230
5 94 74 84 2 0 19 0.13 0.0 0 4.3 20 200 M M 5 13 23 210
6 93 73 83 1 0 18 0.27 0.0 0 3.0 20 360 M M 5 138 26 10
7 92 74 83 1 0 18 0.25 0.0 0 5.1 31 340 M M 6 13 45 350
8 93 76 85 3 0 20 0.00 0.0 0 6.1 20 200 M M 3 3 27 220
9 91 75 83 1 0 18 0.78 0.0 0 4.7 21 200 M M 6 138 29 220
10 91 74 83 1 0 18 0.13 0.0 0 6.7 21 190 M M 5 138 26 200
11 91 74 83 1 0 18 0.12 0.0 0 2.9 15 120 M M 7 13 21 350
12 92 73 83 1 0 18 0.56 0.0 0 3.5 15 200 M M 6 138 23 220
13 86 77 82 0 0 17 0.77 0.0 0 4.4 15 270 M M 6 138 26 270
14 94 79 87 5 0 22 0.00 0.0 0 5.8 15 10 M M 5 3 19 290
15 96 80 88 6 0 23 0.00 0.0 0 5.8 13 260 M M 4 18 300
16 96 73 85 3 0 20 0.66 0.0 0 6.1 16 220 M M 4 13 41 220
17 94 74 84 2 0 19 0.00 0.0 0 2.4 9 360 M M 5 1 12 320
18 97 74 86 4 0 21 0.00 0.0 0 3.2 13 130 M M 2 1 16 140
19 96 78 87 5 0 22 0.00 0.0 0 5.1 12 180 M M 3 18 15 180
20 97 76 87 5 0 22 0.00 0.0 0 4.6 13 190 M M 3 16 180
21 97 78 88 6 0 23 0.00 0.0 0 5.0 12 210 M M 3 1 15 200
22 97 74 86 4 0 21 1.42 0.0 0 4.6 23 40 M M 4 13 33 20
23 89 74 82 0 0 17 0.06 0.0 0 4.6 10 210 M M 6 138 13 210
24 93 70 82 0 0 17 0.00 0.0 0 3.9 14 190 M M 2 19 190
25 95 71 83 1 0 18 0.00 0.0 0 2.9 8 220 M M 2 12 320
26 96 73 85 3 0 20 0.00 0.0 0 2.9 10 190 M M 2 14 180
27 96 73 85 3 0 20 1.30 0.0 0 4.0 18 80 M M 4 138 33 350
28 96 76 86 4 0 21 0.00 0.0 0 2.1 21 330 M M 4 13 33 340
29 96 77 87 5 0 22 0.46 0.0 0 2.4 33 20 M M 4 13 48 30
30 97 75 86 4 0 21 0.37 0.0 0 2.5 17 100 M M 4 13 24 110
31 96 73 85 3 0 20 0.00 0.0 0 3.1 10 10 M M 5 16 310
================================================================================
SM 2922 2325 0 617 7.28 0.0 132.2 M 134
================================================================================
AV 94.3 75.0 4.3 FASTST M M 4 MAX(MPH)
MISC ----> 33 20 48 30
================================================================================
NOTES:
# LAST OF SEVERAL OCCURRENCES
COLUMN 17 PEAK WIND IN M.P.H.
PRELIMINARY LOCAL CLIMATOLOGICAL DATA (WS FORM: F-6) , PAGE 2
STATION: MOBILE
MONTH: JULY
YEAR: 2023
LATITUDE: 30 40 N
LONGITUDE: 88 15 W
[TEMPERATURE DATA] [PRECIPITATION DATA] SYMBOLS USED IN COLUMN 16
AVERAGE MONTHLY: 84.6 TOTAL FOR MONTH: 7.28 1 = FOG OR MIST
DPTR FM NORMAL: 2.6 DPTR FM NORMAL: -0.41 2 = FOG REDUCING VISIBILITY
HIGHEST: 97 ON 30,22 GRTST 24HR 1.47 ON 22-23 TO 1/4 MILE OR LESS
LOWEST: 70 ON 24 3 = THUNDER
SNOW, ICE PELLETS, HAIL 4 = ICE PELLETS
TOTAL MONTH: 0.0 INCH 5 = HAIL
GRTST 24HR 0.0 6 = FREEZING RAIN OR DRIZZLE
GRTST DEPTH: 0 7 = DUSTSTORM OR SANDSTORM:
VSBY 1/2 MILE OR LESS
8 = SMOKE OR HAZE
[NO. OF DAYS WITH] [WEATHER - DAYS WITH] 9 = BLOWING SNOW
X = TORNADO
MAX 32 OR BELOW: 0 0.01 INCH OR MORE: 14
MAX 90 OR ABOVE: 29 0.10 INCH OR MORE: 13
MIN 32 OR BELOW: 0 0.50 INCH OR MORE: 6
MIN 0 OR BELOW: 0 1.00 INCH OR MORE: 2
[HDD (BASE 65) ]
TOTAL THIS MO. 0 CLEAR (SCALE 0-3) 8
DPTR FM NORMAL 0 PTCLDY (SCALE 4-7) 23
TOTAL FM JUL 1 0 CLOUDY (SCALE 8-10) 0
DPTR FM NORMAL 0
[CDD (BASE 65) ]
TOTAL THIS MO. 617
DPTR FM NORMAL 90 [PRESSURE DATA]
TOTAL FM JAN 1 1881 HIGHEST SLP 30.18 ON 25
DPTR FM NORMAL 424 LOWEST SLP 29.86 ON 22
[REMARKS]
#FINAL-07-23#