992
CXUS53 KBIS 010930
CF6MOT
PRELIMINARY LOCAL CLIMATOLOGICAL DATA (WS FORM: F-6)
STATION: MINOT ND
MONTH: DECEMBER
YEAR: 2020
LATITUDE: 48 15 N
LONGITUDE: 101 16 W
TEMPERATURE IN F: :PCPN: SNOW: WIND :SUNSHINE: SKY :PK WND
================================================================================
1 2 3 4 5 6A 6B 7 8 9 10 11 12 13 14 15 16 17 18
12Z AVG MX 2MIN
DY MAX MIN AVG DEP HDD CDD WTR SNW DPTH SPD SPD DIR MIN PSBL S-S WX SPD DR
================================================================================
1 42 28 35 15 30 0 0.00 M M 14.6 25 300 M M 3 33 300
2 41 28 35 15 30 0 0.00 M M 12.9 21 250 M M 3 27 260
3 53 28 41 22 24 0 0.00 M M 12.8 20 270 M M 0 28 260
4 45 32 39 20 26 0 0.00 M M 13.2 23 290 M M 0 32 290
5 50 29 40 21 25 0 0.00 M M 11.9 25 280 M M 0 33 280
6 53 27 40 22 25 0 0.00 M M 8.2 18 230 M M 0 24 240
7 50 27 39 21 26 0 0.00 M M 12.2 22 260 M M 0 29 260
8 55 36 46 29 19 0 0.00 M M 13.0 21 230 M M 0 29 230
9 46 27 37 20 28 0 0.01 M M 8.0 21 340 M M 3 29 340
10 39 17 28 11 37 0 0.00 M M 12.5 21 290 M M 1 28 290
11 24 12 18 2 47 0 T M M 3.3 9 310 M M 8 128 12 310
12 24 21 23 7 42 0 T M M 6.4 10 200 M M 10 1 14 60
13 25 -3 11 -5 54 0 T M M 17.7 29 280 M M 4 1 38 300
14 15 -12 2 -14 63 0 0.00 M M 6.4 16 170 M M 5 23 170
15 28 15 22 7 43 0 T M M 9.2 17 170 M M 8 8 23 170
16 39 16 28 13 37 0 T M M 9.9 20 280 M M 5 25 270
17 41 14 28 13 37 0 0.00 M M 8.4 20 170 M M 2 30 180
18 37 3 20 6 45 0 T M M 13.9 31 300 M M 2 42 300
19 48 4 26 12 39 0 0.00 M M 17.0 30 260 M M 0 41 260
20 43 24 34 20 31 0 0.02 M M 15.0 32 270 M M 3 18 44 270
21 40 29 35 21 30 0 0.00 M M 16.0 32 280 M M 3 46 280
22 44 13 29 15 36 0 M M M 10.5 32 360 M M 5 1 46 360
23 13 -3 5 -8 60 0 M M M 14.5 32 320 M M 8 18 45 330
24 24 3 14 1 51 0 T M M 7.9 18 210 M M 7 18 23 200
25 38 17 28 15 37 0 0.00 M M 9.7 18 270 M M 0 24 280
26 27 9 18 5 47 0 T M M 8.6 18 70 M M 4 1 26 70
27 25 11 18 5 47 0 T M M 9.8 16 260 M M 10 1 22 260
28 22 7 15 2 50 0 T M M 8.0 24 190 M M 4 1 34 190
29 30 19 25 13 40 0 M M M 16.3 28 290 M M 5 38 300
30 24 16 20 8 45 0 T M M 10.4 22 310 M M 6 31 310
31 36 10 23 11 42 0 0.01 M M 6.7 15 290 M M 6 18 19 290
================================================================================
SM 1121 504 1193 0 0.04 M 344.9 M 115
================================================================================
AV 36.2 16.3 11.1 FASTST M M 4 MAX(MPH)
MISC ----> # 32 270 # 46 280
================================================================================
NOTES:
# LAST OF SEVERAL OCCURRENCES
COLUMN 17 PEAK WIND IN M.P.H.
PRELIMINARY LOCAL CLIMATOLOGICAL DATA (WS FORM: F-6) , PAGE 2
STATION: MINOT ND
MONTH: DECEMBER
YEAR: 2020
LATITUDE: 48 15 N
LONGITUDE: 101 16 W
[TEMPERATURE DATA] [PRECIPITATION DATA] SYMBOLS USED IN COLUMN 16
AVERAGE MONTHLY: 26.2 TOTAL FOR MONTH: 0.04 1 = FOG OR MIST
DPTR FM NORMAL: 10.8 DPTR FM NORMAL: -0.34 2 = FOG REDUCING VISIBILITY
HIGHEST: 55 ON 8 GRTST 24HR 0.02 ON 20-20 TO 1/4 MILE OR LESS
LOWEST: -12 ON 14 3 = THUNDER
SNOW, ICE PELLETS, HAIL 4 = ICE PELLETS
TOTAL MONTH: M 5 = HAIL
GRTST 24HR M ON M 6 = FREEZING RAIN OR DRIZZLE
GRTST DEPTH: M ON M 7 = DUSTSTORM OR SANDSTORM:
VSBY 1/2 MILE OR LESS
8 = SMOKE OR HAZE
[NO. OF DAYS WITH] [WEATHER - DAYS WITH] 9 = BLOWING SNOW
X = TORNADO
MAX 32 OR BELOW: 12 0.01 INCH OR MORE: 3
MAX 90 OR ABOVE: 0 0.10 INCH OR MORE: 0
MIN 32 OR BELOW: 30 0.50 INCH OR MORE: 0
MIN 0 OR BELOW: 3 1.00 INCH OR MORE: 0
[HDD (BASE 65) ]
TOTAL THIS MO. 1193 CLEAR (SCALE 0-3) 15
DPTR FM NORMAL -344 PTCLDY (SCALE 4-7) 14
TOTAL FM JUL 1 3129 CLOUDY (SCALE 8-10) 2
DPTR FM NORMAL -468
[CDD (BASE 65) ]
TOTAL THIS MO. 0
DPTR FM NORMAL 0 [PRESSURE DATA]
TOTAL FM JAN 1 518 HIGHEST SLP 30.51 ON 2
DPTR FM NORMAL 73 LOWEST SLP 29.32 ON 22
[REMARKS]
#FINAL-12-20#