000
CXUS51 KBTV 010700
CF6MPV
PRELIMINARY LOCAL CLIMATOLOGICAL DATA (WS FORM: F-6)
STATION: MONTPELIER VT
MONTH: AUGUST
YEAR: 2022
LATITUDE: 44 12 N
LONGITUDE: 72 34 W
TEMPERATURE IN F: :PCPN: SNOW: WIND :SUNSHINE: SKY :PK WND
================================================================================
1 2 3 4 5 6A 6B 7 8 9 10 11 12 13 14 15 16 17 18
12Z AVG MX 2MIN
DY MAX MIN AVG DEP HDD CDD WTR SNW DPTH SPD SPD DIR MIN PSBL S-S WX SPD DR
================================================================================
1 85 59 72 6 0 7 0.00 M M 3.7 13 210 M M 2 128 18 200
2 83 61 72 6 0 7 T M M 6.9 20 320 M M 7 25 340
3 84 53 69 3 0 4 0.00 M M 3.2 12 300 M M 1 12 15 290
4 84 60 72 6 0 7 0.01 M M 2.0 10 170 M M 1 13 170
5 86 69 78 12 0 13 0.01 M M 3.2 13 340 M M 3 13 16 290
6 91 65 78 12 0 13 0.03 M M 4.6 14 180 M M 4 12 18 180
7 89 72 81 15 0 16 T M M 4.6 12 250 M M 5 16 310
8 92 72 82 16 0 17 0.49 M M 5.6 17 260 M M 3 13 26 270
9 80 60 70 4 0 5 0.02 M M 7.2 18 310 M M 8 24 310
10 73 59 66 0 0 1 0.00 M M 2.0 9 310 M M 9 12 320
11 81 59 70 4 0 5 T M M 3.0 21 320 M M 7 12 29 310
12 71 52 62 -4 3 0 0.00 M M 5.0 15 320 M M 6 23 340
13 72 49 61 -4 4 0 0.00 M M 3.4 10 300 M M 6 18 15 310
14 79 49 64 -1 1 0 0.00 M M 1.7 12 300 M M 3 128 14 300
15 82 48 65 0 0 0 0.00 M M 1.1 9 70 M M 3 128 11 180
16 83 52 68 3 0 3 0.19 M M 3.2 14 160 M M 4 13 18 130
17 77 60 69 4 0 4 0.17 M M 3.3 14 30 M M 7 12 22 20
18 71 58 65 0 0 0 0.33 M M 7.6 20 300 M M 10 1 26 310
19 83 60 72 7 0 7 0.00 M M 2.8 14 330 M M 4 18 300
20 88 55 72 7 0 7 0.00 M M 2.1 8 160 M M 2 128 14 210
21 88 63 76 12 0 11 0.00 M M 6.5 23 170 M M 4 31 170
22 81 66 74 10 0 9 T M M 5.0 14 160 M M 6 20 160
23 76 64 70 6 0 5 0.03 M M 3.2 15 170 M M 8 12 20 170
24 81 62 72 8 0 7 0.06 M M 3.7 14 300 M M 7 128 18 340
25 79 58 69 5 0 4 0.00 M M 3.1 13 300 M M 4 128 17 290
26 74 58 66 2 0 1 0.38 M M 3.0 20 310 M M 6 123 25 310
27 75 54 65 1 0 0 0.00 M M 4.3 12 10 M M 5 128 15 340
28 82 53 68 5 0 3 0.00 M M 2.9 13 150 M M 5 12 16 180
29 86 62 74 11 0 9 0.00 M M 4.7 14 190 M M 2 18 19 180
30 88 66 77 14 0 12 0.40 M M 7.9 16 180 M M 3 13 23 210
31 74 57 66 3 0 1 0.12 M M 5.0 18 290 M M 6 12 26 300
================================================================================
SM 2518 1835 8 178 2.24 M 125.5 M 151
================================================================================
AV 81.2 59.2 4.0 FASTST M M 5 MAX(MPH)
MISC ----> 23 170 31 170
================================================================================
NOTES:
# LAST OF SEVERAL OCCURRENCES
COLUMN 17 PEAK WIND IN M.P.H.
PRELIMINARY LOCAL CLIMATOLOGICAL DATA (WS FORM: F-6) , PAGE 2
STATION: MONTPELIER VT
MONTH: AUGUST
YEAR: 2022
LATITUDE: 44 12 N
LONGITUDE: 72 34 W
[TEMPERATURE DATA] [PRECIPITATION DATA] SYMBOLS USED IN COLUMN 16
AVERAGE MONTHLY: 70.2 TOTAL FOR MONTH: 2.24 1 = FOG OR MIST
DPTR FM NORMAL: 5.3 DPTR FM NORMAL: -1.57 2 = FOG REDUCING VISIBILITY
HIGHEST: 92 ON 8 GRTST 24HR 0.51 ON 8- 9 TO 1/4 MILE OR LESS
LOWEST: 48 ON 15 3 = THUNDER
SNOW, ICE PELLETS, HAIL 4 = ICE PELLETS
TOTAL MONTH: M 5 = HAIL
GRTST 24HR M ON M 6 = FREEZING RAIN OR DRIZZLE
GRTST DEPTH: M ON M 7 = DUSTSTORM OR SANDSTORM:
VSBY 1/2 MILE OR LESS
8 = SMOKE OR HAZE
[NO. OF DAYS WITH] [WEATHER - DAYS WITH] 9 = BLOWING SNOW
X = TORNADO
MAX 32 OR BELOW: 0 0.01 INCH OR MORE: 13
MAX 90 OR ABOVE: 2 0.10 INCH OR MORE: 7
MIN 32 OR BELOW: 0 0.50 INCH OR MORE: 0
MIN 0 OR BELOW: 0 1.00 INCH OR MORE: 0
[HDD (BASE 65) ]
TOTAL THIS MO. 8 CLEAR (SCALE 0-3) 8
DPTR FM NORMAL -61 PTCLDY (SCALE 4-7) 21
TOTAL FM JUL 1 20 CLOUDY (SCALE 8-10) 2
DPTR FM NORMAL -93
[CDD (BASE 65) ]
TOTAL THIS MO. 178
DPTR FM NORMAL 112 [PRESSURE DATA]
TOTAL FM JAN 1 403 HIGHEST SLP M ON M
DPTR FM NORMAL 196 LOWEST SLP 29.72 ON 31
[REMARKS]
#FINAL-08-22#