000
CXUS53 KMPX 280910
CF6MPX
PRELIMINARY LOCAL CLIMATOLOGICAL DATA (WS FORM: F-6)
STATION: CHANHASSEN MN
MONTH: APRIL
YEAR: 2024
LATITUDE: 44 50 N
LONGITUDE: 93 34 W
TEMPERATURE IN F: :PCPN: SNOW: WIND :SUNSHINE: SKY :PK WND
================================================================================
1 2 3 4 5 6A 6B 7 8 9 10 11 12 13 14 15 16 17 18
12Z AVG MX 2MIN
DY MAX MIN AVG DEP HDD CDD WTR SNW DPTH SPD SPD DIR MIN PSBL S-S WX SPD DR
================================================================================
1 43 30 37 -2 28 0 T 0.0 0 M M M M M M M M
2 41 32 37 -2 28 0 0.06 T 0 M M M M M M M M
3 50 33 42 2 23 0 0.00 0.0 0 M M M M M M M M
4 51 31 41 1 24 0 0.00 0.0 0 M M M M M M M M
5 57 26 42 2 23 0 0.00 0.0 0 M M M M M M M M
6 58 31 45 4 20 0 0.00 0.0 0 M M M M M M M M
7 46 37 42 1 23 0 0.65 0.0 0 M M M M M M M M
8 48 39 44 2 21 0 0.25 0.0 0 M M M M M M M M
9 61 38 50 8 15 0 T 0.0 0 M M M M M M M M
10 69 38 54 11 11 0 T 0.0 0 M M M M M M M M
11 60 42 51 8 14 0 0.03 0.0 0 M M M M M M M M
12 60 39 50 6 15 0 0.00 0.0 0 M M M M M M M M
13 85 34 60 16 5 0 0.00 0.0 0 M M M M M M M M
14 70 47 59 15 6 0 0.00 0.0 0 M M M M M M M M
15 66 47 57 12 8 0 T 0.0 0 M M M M M M M M
16 58 44 51 6 14 0 1.78 0.0 0 M M M M M M 3 M M
17 55 41 48 2 17 0 0.02 0.0 0 M M M M M M M M
18 49 36 43 -3 22 0 0.00 0.0 0 M M M M M M M M
19 36 31 34 -13 31 0 T T 0 M M M M M M M M
20 46 30 38 -9 27 0 T T 0 M M M M M M M M
21 61 34 48 1 17 0 0.00 0.0 0 M M M M M M M M
22 69 37 53 5 12 0 T 0.0 0 M M M M M M M M
23 60 38 49 1 16 0 T 0.0 0 M M M M M M M M
24 59 32 46 -3 19 0 0.00 0.0 0 M M M M M M M M
25 67 43 55 6 10 0 0.00 0.0 0 M M M M M M M M
26 52 43 48 -2 17 0 0.26 0.0 0 M M M M M M M M
27 57 48 53 3 12 0 0.18 0.0 0 M M M M M M M M
================================================================================
SM 1534 1001 478 0 3.23 T M M M
================================================================================
AV 56.8 37.1 M FASTST M M M MAX(MPH)
MISC ----> M M M M
================================================================================
NOTES:
# LAST OF SEVERAL OCCURRENCES
COLUMN 17 PEAK WIND IN M.P.H.
PRELIMINARY LOCAL CLIMATOLOGICAL DATA (WS FORM: F-6) , PAGE 2
STATION: CHANHASSEN MN
MONTH: APRIL
YEAR: 2024
LATITUDE: 44 50 N
LONGITUDE: 93 34 W
[TEMPERATURE DATA] [PRECIPITATION DATA] SYMBOLS USED IN COLUMN 16
AVERAGE MONTHLY: 46.9 TOTAL FOR MONTH: 3.23 1 = FOG OR MIST
DPTR FM NORMAL: 2.5 DPTR FM NORMAL: 0.44 2 = FOG REDUCING VISIBILITY
HIGHEST: 85 ON 13 GRTST 24HR 1.78 ON 16-16 TO 1/4 MILE OR LESS
LOWEST: 26 ON 5 3 = THUNDER
SNOW, ICE PELLETS, HAIL 4 = ICE PELLETS
TOTAL MONTH: T 5 = HAIL
GRTST 24HR T ON 2- 2 6 = FREEZING RAIN OR DRIZZLE
GRTST DEPTH: 0 7 = DUSTSTORM OR SANDSTORM:
VSBY 1/2 MILE OR LESS
8 = SMOKE OR HAZE
[NO. OF DAYS WITH] [WEATHER - DAYS WITH] 9 = BLOWING SNOW
X = TORNADO
MAX 32 OR BELOW: 0 0.01 INCH OR MORE: 8
MAX 90 OR ABOVE: 0 0.10 INCH OR MORE: 5
MIN 32 OR BELOW: 8 0.50 INCH OR MORE: 2
MIN 0 OR BELOW: 0 1.00 INCH OR MORE: 1
[HDD (BASE 65) ]
TOTAL THIS MO. 478 CLEAR (SCALE 0-3) 0
DPTR FM NORMAL -81 PTCLDY (SCALE 4-7) 0
TOTAL FM JUL 1 6269 CLOUDY (SCALE 8-10) 27
DPTR FM NORMAL -1355
[CDD (BASE 65) ]
TOTAL THIS MO. 0
DPTR FM NORMAL 0 [PRESSURE DATA]
TOTAL FM JAN 1 0 HIGHEST SLP M ON M
DPTR FM NORMAL 0 LOWEST SLP M ON M
[REMARKS]